85.208.96.202 - - [16/Oct/2024:13:52:56 +0000] "GET /crhfujkjop/tk-694167.html HTTP/1.1" 404 16 "-" "Mozilla/5.0 (compatible; SemrushBot/7~bl; +http://www.semrush.com/bot.html)"
85.208.96.193 - - [16/Oct/2024:13:53:05 +0000] "GET /cjslxnqrdm/lc-1382873.html HTTP/1.1" 404 16 "-" "Mozilla/5.0 (compatible; SemrushBot/7~bl; +http://www.semrush.com/bot.html)"
85.208.96.194 - - [16/Oct/2024:13:53:16 +0000] "GET /adiwfqnjpt/gx-1803756.html HTTP/1.1" 404 16 "-" "Mozilla/5.0 (compatible; SemrushBot/7~bl; +http://www.semrush.com/bot.html)"
185.191.171.1 - - [16/Oct/2024:13:53:30 +0000] "GET /axtxrmpovy/ne-420927.html HTTP/1.1" 404 16 "-" "Mozilla/5.0 (compatible; SemrushBot/7~bl; +http://www.semrush.com/bot.html)"
185.191.171.17 - - [16/Oct/2024:13:53:53 +0000] "GET /ctnsqthwur/ev-1358686.html HTTP/1.1" 404 16 "-" "Mozilla/5.0 (compatible; SemrushBot/7~bl; +http://www.semrush.com/bot.html)"
213.180.203.236 - - [16/Oct/2024:13:53:58 +0000] "GET /heaven-burnwhatever/ HTTP/1.1" 404 16 "-" "Mozilla/5.0 (compatible; YandexBot/3.0; +http://yandex.com/bots)"
185.191.171.6 - - [16/Oct/2024:13:54:47 +0000] "GET /azxecxfhos/kb-195712.html HTTP/1.1" 404 16 "-" "Mozilla/5.0 (compatible; SemrushBot/7~bl; +http://www.semrush.com/bot.html)"
185.191.171.13 - - [16/Oct/2024:13:54:49 +0000] "GET /cxtzzymwrj/sj-1760660.html HTTP/1.1" 404 16 "-" "Mozilla/5.0 (compatible; SemrushBot/7~bl; +http://www.semrush.com/bot.html)"
185.191.171.15 - - [16/Oct/2024:13:55:40 +0000] "GET /cyvbywhlcm/ul-2012108.html HTTP/1.1" 404 16 "-" "Mozilla/5.0 (compatible; SemrushBot/7~bl; +http://www.semrush.com/bot.html)"
185.191.171.15 - - [16/Oct/2024:13:55:43 +0000] "GET /czvztorqxa/pg-700377.html HTTP/1.1" 404 16 "-" "Mozilla/5.0 (compatible; SemrushBot/7~bl; +http://www.semrush.com/bot.html)"
85.208.96.197 - - [16/Oct/2024:13:55:44 +0000] "GET /cvnneutoqk/wn-909112.html HTTP/1.1" 404 16 "-" "Mozilla/5.0 (compatible; SemrushBot/7~bl; +http://www.semrush.com/bot.html)"
85.208.96.212 - - [16/Oct/2024:13:56:05 +0000] "GET /ctkgqbufwe/of-200214.html HTTP/1.1" 404 16 "-" "Mozilla/5.0 (compatible; SemrushBot/7~bl; +http://www.semrush.com/bot.html)"
185.191.171.6 - - [16/Oct/2024:13:56:17 +0000] "GET /cpdykywrto/wn-817358.html HTTP/1.1" 404 16 "-" "Mozilla/5.0 (compatible; SemrushBot/7~bl; +http://www.semrush.com/bot.html)"
85.208.96.206 - - [16/Oct/2024:13:56:21 +0000] "GET /crigvlnnst/wn-711798.html HTTP/1.1" 404 16 "-" "Mozilla/5.0 (compatible; SemrushBot/7~bl; +http://www.semrush.com/bot.html)"
185.191.171.3 - - [16/Oct/2024:13:56:28 +0000] "GET /iscykyaxei/sj-1156602.html HTTP/1.1" 404 16 "-" "Mozilla/5.0 (compatible; SemrushBot/7~bl; +http://www.semrush.com/bot.html)"
85.208.96.200 - - [16/Oct/2024:13:56:33 +0000] "GET /chmajrjayv/ne-1391013.html HTTP/1.1" 404 16 "-" "Mozilla/5.0 (compatible; SemrushBot/7~bl; +http://www.semrush.com/bot.html)"
185.191.171.8 - - [16/Oct/2024:13:56:37 +0000] "GET /gikwafwkev/gx-1153106.html HTTP/1.1" 404 16 "-" "Mozilla/5.0 (compatible; SemrushBot/7~bl; +http://www.semrush.com/bot.html)"
85.208.96.194 - - [16/Oct/2024:13:56:50 +0000] "GET /ciofoxrjmi/pg-745799.html HTTP/1.1" 404 16 "-" "Mozilla/5.0 (compatible; SemrushBot/7~bl; +http://www.semrush.com/bot.html)"
85.208.96.207 - - [16/Oct/2024:13:57:11 +0000] "GET /yelcmwrjnk/wn-187898.html HTTP/1.1" 404 16 "-" "Mozilla/5.0 (compatible; SemrushBot/7~bl; +http://www.semrush.com/bot.html)"
185.191.171.1 - - [16/Oct/2024:13:57:13 +0000] "GET /cksmwhfzeg/wn-996576.html HTTP/1.1" 404 16 "-" "Mozilla/5.0 (compatible; SemrushBot/7~bl; +http://www.semrush.com/bot.html)"
185.191.171.5 - - [16/Oct/2024:13:57:24 +0000] "GET /gjmwyzlshr/vm-953181.html HTTP/1.1" 404 16 "-" "Mozilla/5.0 (compatible; SemrushBot/7~bl; +http://www.semrush.com/bot.html)"
85.208.96.206 - - [16/Oct/2024:13:57:31 +0000] "GET /gnuipwlzre/tk-129863.html HTTP/1.1" 404 16 "-" "Mozilla/5.0 (compatible; SemrushBot/7~bl; +http://www.semrush.com/bot.html)"
85.208.96.208 - - [16/Oct/2024:13:58:14 +0000] "GET /gnuipwlzre/ar-308594.html HTTP/1.1" 404 16 "-" "Mozilla/5.0 (compatible; SemrushBot/7~bl; +http://www.semrush.com/bot.html)"
185.191.171.5 - - [16/Oct/2024:13:58:50 +0000] "GET /goujnrchwb/gx-636200.html HTTP/1.1" 404 16 "-" "Mozilla/5.0 (compatible; SemrushBot/7~bl; +http://www.semrush.com/bot.html)"
85.208.96.204 - - [16/Oct/2024:13:59:28 +0000] "GET /aeiwdlctqn/pg-969763.html HTTP/1.1" 404 16 "-" "Mozilla/5.0 (compatible; SemrushBot/7~bl; +http://www.semrush.com/bot.html)"
85.208.96.202 - - [16/Oct/2024:13:59:40 +0000] "GET /cnzternfga/zq-670981.html HTTP/1.1" 404 16 "-" "Mozilla/5.0 (compatible; SemrushBot/7~bl; +http://www.semrush.com/bot.html)"
85.208.96.210 - - [16/Oct/2024:13:59:53 +0000] "GET /aeiwdlctqn/tk-1331271.html HTTP/1.1" 404 16 "-" "Mozilla/5.0 (compatible; SemrushBot/7~bl; +http://www.semrush.com/bot.html)"
185.191.171.8 - - [16/Oct/2024:13:59:58 +0000] "GET /eawztnqouv/yp-671136.html HTTP/1.1" 404 16 "-" "Mozilla/5.0 (compatible; SemrushBot/7~bl; +http://www.semrush.com/bot.html)"
185.191.171.14 - - [16/Oct/2024:14:00:02 +0000] "GET /anbwiwuprm/zq-478841.html HTTP/1.1" 404 16 "-" "Mozilla/5.0 (compatible; SemrushBot/7~bl; +http://www.semrush.com/bot.html)"
185.191.171.19 - - [16/Oct/2024:14:00:29 +0000] "GET /yadnopagtc/hy-653283.html HTTP/1.1" 404 16 "-" "Mozilla/5.0 (compatible; SemrushBot/7~bl; +http://www.semrush.com/bot.html)"
85.208.96.202 - - [16/Oct/2024:14:00:30 +0000] "GET /eshgxrvzlw/lc-1163147.html HTTP/1.1" 404 16 "-" "Mozilla/5.0 (compatible; SemrushBot/7~bl; +http://www.semrush.com/bot.html)"
85.208.96.210 - - [16/Oct/2024:14:00:37 +0000] "GET /cxuzvrcgtf/ul-227988.html HTTP/1.1" 404 16 "-" "Mozilla/5.0 (compatible; SemrushBot/7~bl; +http://www.semrush.com/bot.html)"
185.191.171.19 - - [16/Oct/2024:14:00:39 +0000] "GET /cmukrwjsgo/yp-124434.html HTTP/1.1" 404 16 "-" "Mozilla/5.0 (compatible; SemrushBot/7~bl; +http://www.semrush.com/bot.html)"
185.191.171.6 - - [16/Oct/2024:14:00:55 +0000] "GET /yadnpqcjxh/ja-707157.html HTTP/1.1" 404 16 "-" "Mozilla/5.0 (compatible; SemrushBot/7~bl; +http://www.semrush.com/bot.html)"
85.208.96.197 - - [16/Oct/2024:14:01:06 +0000] "GET /cyvdehvkgz/of-1323648.html HTTP/1.1" 404 16 "-" "Mozilla/5.0 (compatible; SemrushBot/7~bl; +http://www.semrush.com/bot.html)"
185.191.171.5 - - [16/Oct/2024:14:01:09 +0000] "GET /yhtpexcivk/ja-1058937.html HTTP/1.1" 404 16 "-" "Mozilla/5.0 (compatible; SemrushBot/7~bl; +http://www.semrush.com/bot.html)"
95.108.213.99 - - [16/Oct/2024:14:01:12 +0000] "GET /myndir/Myndir/plastic-goods HTTP/1.1" 404 16 "-" "Mozilla/5.0 (compatible; YandexBot/3.0; +http://yandex.com/bots)"
85.208.96.205 - - [16/Oct/2024:14:01:30 +0000] "GET /cxtzabpdwq/ne-1200797.html HTTP/1.1" 404 16 "-" "Mozilla/5.0 (compatible; SemrushBot/7~bl; +http://www.semrush.com/bot.html)"
185.191.171.10 - - [16/Oct/2024:14:01:32 +0000] "GET /crhfujkjop/wn-578184.html HTTP/1.1" 404 16 "-" "Mozilla/5.0 (compatible; SemrushBot/7~bl; +http://www.semrush.com/bot.html)"
185.191.171.3 - - [16/Oct/2024:14:01:33 +0000] "GET /ctjhuhewtm/tk-410169.html HTTP/1.1" 404 16 "-" "Mozilla/5.0 (compatible; SemrushBot/7~bl; +http://www.semrush.com/bot.html)"
185.191.171.8 - - [16/Oct/2024:14:01:42 +0000] "GET /gmqcefqrah/of-506104.html HTTP/1.1" 404 16 "-" "Mozilla/5.0 (compatible; SemrushBot/7~bl; +http://www.semrush.com/bot.html)"
157.55.39.201 - - [16/Oct/2024:14:02:01 +0000] "GET /2012/12/ HTTP/2.0" 404 16 "-" "Mozilla/5.0 AppleWebKit/537.36 (KHTML, like Gecko; compatible; bingbot/2.0; +http://www.bing.com/bingbot.htm) Chrome/116.0.1938.76 Safari/537.36"
207.46.13.78 - - [16/Oct/2024:14:02:22 +0000] "GET /www.mext.go.jp/a_menu/shotou/sougou/main14_a2.htm?armrpsgwuu2836189 HTTP/2.0" 404 16 "-" "Mozilla/5.0 AppleWebKit/537.36 (KHTML, like Gecko; compatible; bingbot/2.0; +http://www.bing.com/bingbot.htm) Chrome/116.0.1938.76 Safari/537.36"
5.255.231.13 - - [16/Oct/2024:14:02:23 +0000] "GET /deftones-19/ HTTP/1.1" 404 16 "-" "Mozilla/5.0 (compatible; YandexBot/3.0; +http://yandex.com/bots)"
185.191.171.14 - - [16/Oct/2024:14:02:35 +0000] "GET /kkltsqzdov/gx-637370.html HTTP/1.1" 404 16 "-" "Mozilla/5.0 (compatible; SemrushBot/7~bl; +http://www.semrush.com/bot.html)"
185.191.171.1 - - [16/Oct/2024:14:02:41 +0000] "GET /ghkwcmfzdf/iz-2017478.html HTTP/1.1" 404 16 "-" "Mozilla/5.0 (compatible; SemrushBot/7~bl; +http://www.semrush.com/bot.html)"
185.191.171.7 - - [16/Oct/2024:14:02:55 +0000] "GET /ahofpzumqn/iz-1058104.html HTTP/1.1" 404 16 "-" "Mozilla/5.0 (compatible; SemrushBot/7~bl; +http://www.semrush.com/bot.html)"
85.208.96.199 - - [16/Oct/2024:14:03:40 +0000] "GET /atllbrqjkf/yp-705118.html HTTP/1.1" 404 16 "-" "Mozilla/5.0 (compatible; SemrushBot/7~bl; +http://www.semrush.com/bot.html)"
66.249.75.103 - - [16/Oct/2024:14:03:40 +0000] "GET /?dapperness/betted1352039.html HTTP/1.1" 200 982 "-" "Mozilla/5.0 (Linux; Android 6.0.1; Nexus 5X Build/MMB29P) AppleWebKit/537.36 (KHTML, like Gecko) Chrome/129.0.6668.89 Mobile Safari/537.36 (compatible; Googlebot/2.1; +http://www.google.com/bot.html)"
85.208.96.202 - - [16/Oct/2024:14:03:44 +0000] "GET /cvszafxoqs/ne-1668719.html HTTP/1.1" 404 16 "-" "Mozilla/5.0 (compatible; SemrushBot/7~bl; +http://www.semrush.com/bot.html)"
85.208.96.210 - - [16/Oct/2024:14:03:59 +0000] "GET /awruoiljpq/ul-204666.html HTTP/1.1" 404 16 "-" "Mozilla/5.0 (compatible; SemrushBot/7~bl; +http://www.semrush.com/bot.html)"
185.191.171.5 - - [16/Oct/2024:14:04:02 +0000] "GET /cxuzvrcgtf/ev-780966.html HTTP/1.1" 404 16 "-" "Mozilla/5.0 (compatible; SemrushBot/7~bl; +http://www.semrush.com/bot.html)"
157.55.39.201 - - [16/Oct/2024:14:04:13 +0000] "GET /tag/lokatonleikar-gordon-riots/ HTTP/2.0" 404 16 "-" "Mozilla/5.0 AppleWebKit/537.36 (KHTML, like Gecko; compatible; bingbot/2.0; +http://www.bing.com/bingbot.htm) Chrome/116.0.1938.76 Safari/537.36"
185.191.171.6 - - [16/Oct/2024:14:04:19 +0000] "GET /cbcmorgpkx/zq-1315105.html HTTP/1.1" 404 16 "-" "Mozilla/5.0 (compatible; SemrushBot/7~bl; +http://www.semrush.com/bot.html)"
185.191.171.3 - - [16/Oct/2024:14:04:50 +0000] "GET /avrxxwkuph/ja-1147805.html HTTP/1.1" 404 16 "-" "Mozilla/5.0 (compatible; SemrushBot/7~bl; +http://www.semrush.com/bot.html)"
85.208.96.194 - - [16/Oct/2024:14:05:09 +0000] "GET /gvljynonst/zq-678183.html HTTP/1.1" 404 16 "-" "Mozilla/5.0 (compatible; SemrushBot/7~bl; +http://www.semrush.com/bot.html)"
185.191.171.11 - - [16/Oct/2024:14:05:34 +0000] "GET /eayghkynjc/ct-1822446.html HTTP/1.1" 404 16 "-" "Mozilla/5.0 (compatible; SemrushBot/7~bl; +http://www.semrush.com/bot.html)"
85.208.96.212 - - [16/Oct/2024:14:05:36 +0000] "GET /ginbkurnsv/ne-1676415.html HTTP/1.1" 404 16 "-" "Mozilla/5.0 (compatible; SemrushBot/7~bl; +http://www.semrush.com/bot.html)"
185.191.171.4 - - [16/Oct/2024:14:05:49 +0000] "GET /cjqelshvna/of-851618.html HTTP/1.1" 404 16 "-" "Mozilla/5.0 (compatible; SemrushBot/7~bl; +http://www.semrush.com/bot.html)"
85.208.96.197 - - [16/Oct/2024:14:05:51 +0000] "GET /gowqamkejl/kb-1660214.html HTTP/1.1" 404 16 "-" "Mozilla/5.0 (compatible; SemrushBot/7~bl; +http://www.semrush.com/bot.html)"
185.191.171.2 - - [16/Oct/2024:14:05:58 +0000] "GET /awruoiljpq/zq-351285.html HTTP/1.1" 404 16 "-" "Mozilla/5.0 (compatible; SemrushBot/7~bl; +http://www.semrush.com/bot.html)"
85.208.96.199 - - [16/Oct/2024:14:06:24 +0000] "GET /cbcmqvoghe/iz-1058338.html HTTP/1.1" 404 16 "-" "Mozilla/5.0 (compatible; SemrushBot/7~bl; +http://www.semrush.com/bot.html)"
85.208.96.197 - - [16/Oct/2024:14:06:31 +0000] "GET /aqfcpcyold/wn-825132.html HTTP/1.1" 404 16 "-" "Mozilla/5.0 (compatible; SemrushBot/7~bl; +http://www.semrush.com/bot.html)"
185.191.171.11 - - [16/Oct/2024:14:06:34 +0000] "GET /gvljynonst/ul-894732.html HTTP/1.1" 404 16 "-" "Mozilla/5.0 (compatible; SemrushBot/7~bl; +http://www.semrush.com/bot.html)"
85.208.96.197 - - [16/Oct/2024:14:06:52 +0000] "GET /asntswlbbc/ct-1093978.html HTTP/1.1" 404 16 "-" "Mozilla/5.0 (compatible; SemrushBot/7~bl; +http://www.semrush.com/bot.html)"
85.208.96.198 - - [16/Oct/2024:14:06:57 +0000] "GET /kexyphgcgb/xo-273335.html HTTP/1.1" 404 16 "-" "Mozilla/5.0 (compatible; SemrushBot/7~bl; +http://www.semrush.com/bot.html)"
185.191.171.8 - - [16/Oct/2024:14:07:04 +0000] "GET /yadnopagtc/qh-352368.html HTTP/1.1" 404 16 "-" "Mozilla/5.0 (compatible; SemrushBot/7~bl; +http://www.semrush.com/bot.html)"
87.250.224.249 - - [16/Oct/2024:14:07:18 +0000] "GET /robots.txt HTTP/1.1" 404 16 "-" "Mozilla/5.0 (compatible; YandexBot/3.0; +http://yandex.com/bots)"
95.108.213.242 - - [16/Oct/2024:14:07:19 +0000] "GET /vidtol/strife.php HTTP/1.1" 404 16 "-" "Mozilla/5.0 (compatible; YandexBot/3.0; +http://yandex.com/bots)"
185.191.171.19 - - [16/Oct/2024:14:07:43 +0000] "GET /aodctnrvhs/of-2164046.html HTTP/1.1" 404 16 "-" "Mozilla/5.0 (compatible; SemrushBot/7~bl; +http://www.semrush.com/bot.html)"
85.208.96.201 - - [16/Oct/2024:14:07:45 +0000] "GET /ctmnewabjn/xo-994705.html HTTP/1.1" 404 16 "-" "Mozilla/5.0 (compatible; SemrushBot/7~bl; +http://www.semrush.com/bot.html)"
185.191.171.3 - - [16/Oct/2024:14:08:10 +0000] "GET /cawxnbuizh/sj-71752.html HTTP/1.1" 404 16 "-" "Mozilla/5.0 (compatible; SemrushBot/7~bl; +http://www.semrush.com/bot.html)"
185.191.171.14 - - [16/Oct/2024:14:08:21 +0000] "GET /ceivdnjejm/ct-1909208.html HTTP/1.1" 404 16 "-" "Mozilla/5.0 (compatible; SemrushBot/7~bl; +http://www.semrush.com/bot.html)"
85.208.96.197 - - [16/Oct/2024:14:08:44 +0000] "GET /czxecbnskv/xo-796663.html HTTP/1.1" 404 16 "-" "Mozilla/5.0 (compatible; SemrushBot/7~bl; +http://www.semrush.com/bot.html)"
85.208.96.193 - - [16/Oct/2024:14:08:51 +0000] "GET /cmulsxkuir/ct-150516.html HTTP/1.1" 404 16 "-" "Mozilla/5.0 (compatible; SemrushBot/7~bl; +http://www.semrush.com/bot.html)"
85.208.96.211 - - [16/Oct/2024:14:08:53 +0000] "GET /gcybvpsqwx/tk-207447.html HTTP/1.1" 404 16 "-" "Mozilla/5.0 (compatible; SemrushBot/7~bl; +http://www.semrush.com/bot.html)"
85.208.96.208 - - [16/Oct/2024:14:09:10 +0000] "GET /cpfgyuhmka/iz-1695572.html HTTP/1.1" 404 16 "-" "Mozilla/5.0 (compatible; SemrushBot/7~bl; +http://www.semrush.com/bot.html)"
185.191.171.14 - - [16/Oct/2024:14:09:59 +0000] "GET /ebzikncsql/tk-1784061.html HTTP/1.1" 404 16 "-" "Mozilla/5.0 (compatible; SemrushBot/7~bl; +http://www.semrush.com/bot.html)"
85.208.96.204 - - [16/Oct/2024:14:10:01 +0000] "GET /czyfegrxpd/kb-779932.html HTTP/1.1" 404 16 "-" "Mozilla/5.0 (compatible; SemrushBot/7~bl; +http://www.semrush.com/bot.html)"
85.208.96.206 - - [16/Oct/2024:14:10:14 +0000] "GET /yirfkmvygg/ja-97561.html HTTP/1.1" 404 16 "-" "Mozilla/5.0 (compatible; SemrushBot/7~bl; +http://www.semrush.com/bot.html)"
85.208.96.203 - - [16/Oct/2024:14:10:15 +0000] "GET /adiwfqnjpt/zq-1078635.html HTTP/1.1" 404 16 "-" "Mozilla/5.0 (compatible; SemrushBot/7~bl; +http://www.semrush.com/bot.html)"
185.191.171.16 - - [16/Oct/2024:14:10:22 +0000] "GET /chmydguevi/sj-189532.html HTTP/1.1" 404 16 "-" "Mozilla/5.0 (compatible; SemrushBot/7~bl; +http://www.semrush.com/bot.html)"
185.191.171.12 - - [16/Oct/2024:14:10:23 +0000] "GET /gghpomvzkr/ja-454931.html HTTP/1.1" 404 16 "-" "Mozilla/5.0 (compatible; SemrushBot/7~bl; +http://www.semrush.com/bot.html)"
85.208.96.197 - - [16/Oct/2024:14:10:25 +0000] "GET /gefpsxoghc/hy-1622485.html HTTP/1.1" 404 16 "-" "Mozilla/5.0 (compatible; SemrushBot/7~bl; +http://www.semrush.com/bot.html)"
185.191.171.2 - - [16/Oct/2024:14:10:30 +0000] "GET /alyvmfotjc/ct-1788334.html HTTP/1.1" 404 16 "-" "Mozilla/5.0 (compatible; SemrushBot/7~bl; +http://www.semrush.com/bot.html)"
85.208.96.201 - - [16/Oct/2024:14:10:35 +0000] "GET /cwnkvetzlo/xo-83405.html HTTP/1.1" 404 16 "-" "Mozilla/5.0 (compatible; SemrushBot/7~bl; +http://www.semrush.com/bot.html)"
114.119.148.154 - - [16/Oct/2024:14:10:40 +0000] "GET /sitemap-index-1.xml HTTP/1.1" 404 16 "-" "Mozilla/5.0 (Linux; Android 7.0;) AppleWebKit/537.36 (KHTML, like Gecko) Mobile Safari/537.36 (compatible; PetalBot;+https://webmaster.petalsearch.com/site/petalbot)"
85.208.96.212 - - [16/Oct/2024:14:10:41 +0000] "GET /alwpzlhyxs/ev-797242.html HTTP/1.1" 404 16 "-" "Mozilla/5.0 (compatible; SemrushBot/7~bl; +http://www.semrush.com/bot.html)"
85.208.96.200 - - [16/Oct/2024:14:11:01 +0000] "GET /ccdlkirvgn/ja-527471.html HTTP/1.1" 404 16 "-" "Mozilla/5.0 (compatible; SemrushBot/7~bl; +http://www.semrush.com/bot.html)"
185.191.171.3 - - [16/Oct/2024:14:11:43 +0000] "GET /adiwfqnjpt/vm-1087653.html HTTP/1.1" 404 16 "-" "Mozilla/5.0 (compatible; SemrushBot/7~bl; +http://www.semrush.com/bot.html)"
95.108.213.83 - - [16/Oct/2024:14:11:45 +0000] "GET /robots.txt HTTP/1.1" 404 16 "-" "Mozilla/5.0 (compatible; YandexBot/3.0; +http://yandex.com/bots)"
213.180.203.83 - - [16/Oct/2024:14:11:46 +0000] "GET /tag/rancid/ HTTP/1.1" 404 16 "-" "Mozilla/5.0 (compatible; YandexBot/3.0; +http://yandex.com/bots)"
85.208.96.212 - - [16/Oct/2024:14:12:12 +0000] "GET /gilvwxiobk/kb-954522.html HTTP/1.1" 404 16 "-" "Mozilla/5.0 (compatible; SemrushBot/7~bl; +http://www.semrush.com/bot.html)"
85.208.96.194 - - [16/Oct/2024:14:12:39 +0000] "GET /ebzikncsql/xo-1379115.html HTTP/1.1" 404 16 "-" "Mozilla/5.0 (compatible; SemrushBot/7~bl; +http://www.semrush.com/bot.html)"
185.191.171.6 - - [16/Oct/2024:14:12:52 +0000] "GET /chnagkyjbo/ev-490780.html HTTP/1.1" 404 16 "-" "Mozilla/5.0 (compatible; SemrushBot/7~bl; +http://www.semrush.com/bot.html)"
185.191.171.14 - - [16/Oct/2024:14:12:54 +0000] "GET /cjqhrbwosp/ev-891986.html HTTP/1.1" 404 16 "-" "Mozilla/5.0 (compatible; SemrushBot/7~bl; +http://www.semrush.com/bot.html)"
85.208.96.199 - - [16/Oct/2024:14:13:16 +0000] "GET /cvqtmhopai/ev-990656.html HTTP/1.1" 404 16 "-" "Mozilla/5.0 (compatible; SemrushBot/7~bl; +http://www.semrush.com/bot.html)"
85.208.96.199 - - [16/Oct/2024:14:13:18 +0000] "GET /cyvdehvkgz/ev-1451844.html HTTP/1.1" 404 16 "-" "Mozilla/5.0 (compatible; SemrushBot/7~bl; +http://www.semrush.com/bot.html)"
157.55.39.202 - - [16/Oct/2024:14:13:22 +0000] "GET /2007/12/ HTTP/2.0" 404 16 "-" "Mozilla/5.0 AppleWebKit/537.36 (KHTML, like Gecko; compatible; bingbot/2.0; +http://www.bing.com/bingbot.htm) Chrome/116.0.1938.76 Safari/537.36"
185.191.171.8 - - [16/Oct/2024:14:13:29 +0000] "GET /csjkeaioao/fw-1115457.html HTTP/1.1" 404 16 "-" "Mozilla/5.0 (compatible; SemrushBot/7~bl; +http://www.semrush.com/bot.html)"
185.191.171.11 - - [16/Oct/2024:14:14:10 +0000] "GET /gsecrjlmwb/hy-1255027.html HTTP/1.1" 404 16 "-" "Mozilla/5.0 (compatible; SemrushBot/7~bl; +http://www.semrush.com/bot.html)"
185.191.171.5 - - [16/Oct/2024:14:14:40 +0000] "GET /ggjvaicwzb/ev-1173566.html HTTP/1.1" 404 16 "-" "Mozilla/5.0 (compatible; SemrushBot/7~bl; +http://www.semrush.com/bot.html)"
52.167.144.17 - - [16/Oct/2024:14:14:41 +0000] "GET /index.php?auto2014.web.fc2.com/index.html HTTP/2.0" 404 16 "-" "Mozilla/5.0 AppleWebKit/537.36 (KHTML, like Gecko; compatible; bingbot/2.0; +http://www.bing.com/bingbot.htm) Chrome/116.0.1938.76 Safari/537.36"
185.191.171.7 - - [16/Oct/2024:14:14:42 +0000] "GET /ghiqqoycov/ar-760058.html HTTP/1.1" 404 16 "-" "Mozilla/5.0 (compatible; SemrushBot/7~bl; +http://www.semrush.com/bot.html)"
185.191.171.10 - - [16/Oct/2024:14:14:43 +0000] "GET /ceiykxxanb/du-1885965.html HTTP/1.1" 404 16 "-" "Mozilla/5.0 (compatible; SemrushBot/7~bl; +http://www.semrush.com/bot.html)"
185.191.171.8 - - [16/Oct/2024:14:14:46 +0000] "GET /cunqmkwdvi/hy-1611565.html HTTP/1.1" 404 16 "-" "Mozilla/5.0 (compatible; SemrushBot/7~bl; +http://www.semrush.com/bot.html)"
85.208.96.200 - - [16/Oct/2024:14:14:52 +0000] "GET /clwrfxchui/ct-1874238.html HTTP/1.1" 404 16 "-" "Mozilla/5.0 (compatible; SemrushBot/7~bl; +http://www.semrush.com/bot.html)"
85.208.96.205 - - [16/Oct/2024:14:15:10 +0000] "GET /cnwovbpzoy/ev-149400.html HTTP/1.1" 404 16 "-" "Mozilla/5.0 (compatible; SemrushBot/7~bl; +http://www.semrush.com/bot.html)"
185.191.171.5 - - [16/Oct/2024:14:15:12 +0000] "GET /gimcobdfsg/yp-1889574.html HTTP/1.1" 404 16 "-" "Mozilla/5.0 (compatible; SemrushBot/7~bl; +http://www.semrush.com/bot.html)"
185.191.171.15 - - [16/Oct/2024:14:15:47 +0000] "GET /cvqtmhopai/md-569906.html HTTP/1.1" 404 16 "-" "Mozilla/5.0 (compatible; SemrushBot/7~bl; +http://www.semrush.com/bot.html)"
185.191.171.16 - - [16/Oct/2024:14:15:49 +0000] "GET /acfpqrcive/iz-660564.html HTTP/1.1" 404 16 "-" "Mozilla/5.0 (compatible; SemrushBot/7~bl; +http://www.semrush.com/bot.html)"
85.208.96.193 - - [16/Oct/2024:14:16:07 +0000] "GET /cgkyfnevsp/iz-1136052.html HTTP/1.1" 404 16 "-" "Mozilla/5.0 (compatible; SemrushBot/7~bl; +http://www.semrush.com/bot.html)"
185.191.171.12 - - [16/Oct/2024:14:16:14 +0000] "GET /csjkeaioao/lc-1260465.html HTTP/1.1" 404 16 "-" "Mozilla/5.0 (compatible; SemrushBot/7~bl; +http://www.semrush.com/bot.html)"
52.167.144.185 - - [16/Oct/2024:14:16:41 +0000] "GET /category/news/ HTTP/2.0" 404 16 "-" "Mozilla/5.0 AppleWebKit/537.36 (KHTML, like Gecko; compatible; bingbot/2.0; +http://www.bing.com/bingbot.htm) Chrome/116.0.1938.76 Safari/537.36"
185.191.171.15 - - [16/Oct/2024:14:16:43 +0000] "GET /coysaizlep/ne-356005.html HTTP/1.1" 404 16 "-" "Mozilla/5.0 (compatible; SemrushBot/7~bl; +http://www.semrush.com/bot.html)"
185.191.171.10 - - [16/Oct/2024:14:16:52 +0000] "GET /chojwmtzpf/ul-1098988.html HTTP/1.1" 404 16 "-" "Mozilla/5.0 (compatible; SemrushBot/7~bl; +http://www.semrush.com/bot.html)"
85.208.96.200 - - [16/Oct/2024:14:16:54 +0000] "GET /ohyzarsvup/endothelial1896956.html HTTP/1.1" 404 16 "-" "Mozilla/5.0 (compatible; SemrushBot/7~bl; +http://www.semrush.com/bot.html)"
185.191.171.18 - - [16/Oct/2024:14:17:19 +0000] "GET /robots.txt HTTP/1.1" 404 16 "-" "Mozilla/5.0 (compatible; SemrushBot/7~bl; +http://www.semrush.com/bot.html)"
185.191.171.18 - - [16/Oct/2024:14:17:19 +0000] "GET /gilvwxiobk/zq-494415.html HTTP/1.1" 404 16 "-" "Mozilla/5.0 (compatible; SemrushBot/7~bl; +http://www.semrush.com/bot.html)"
157.55.39.9 - - [16/Oct/2024:14:17:43 +0000] "GET /2003/12/ HTTP/2.0" 404 16 "-" "Mozilla/5.0 AppleWebKit/537.36 (KHTML, like Gecko; compatible; bingbot/2.0; +http://www.bing.com/bingbot.htm) Chrome/116.0.1938.76 Safari/537.36"
185.191.171.13 - - [16/Oct/2024:14:18:02 +0000] "GET /gnwpbruvhq/ri-2323949.html HTTP/1.1" 404 16 "-" "Mozilla/5.0 (compatible; SemrushBot/7~bl; +http://www.semrush.com/bot.html)"
185.191.171.17 - - [16/Oct/2024:14:18:48 +0000] "GET /ycibodjndr/ar-1678768.html HTTP/1.1" 404 16 "-" "Mozilla/5.0 (compatible; SemrushBot/7~bl; +http://www.semrush.com/bot.html)"
85.208.96.211 - - [16/Oct/2024:14:18:53 +0000] "GET /amwqyfvibl/pg-313705.html HTTP/1.1" 404 16 "-" "Mozilla/5.0 (compatible; SemrushBot/7~bl; +http://www.semrush.com/bot.html)"
85.208.96.201 - - [16/Oct/2024:14:18:54 +0000] "GET /gnuipwlzre/tk-803783.html HTTP/1.1" 404 16 "-" "Mozilla/5.0 (compatible; SemrushBot/7~bl; +http://www.semrush.com/bot.html)"
85.208.96.195 - - [16/Oct/2024:14:18:57 +0000] "GET /czamsdyuej/fw-1659793.html HTTP/1.1" 404 16 "-" "Mozilla/5.0 (compatible; SemrushBot/7~bl; +http://www.semrush.com/bot.html)"
85.208.96.205 - - [16/Oct/2024:14:19:04 +0000] "GET /gjpeozxuag/yp-1109496.html HTTP/1.1" 404 16 "-" "Mozilla/5.0 (compatible; SemrushBot/7~bl; +http://www.semrush.com/bot.html)"
85.208.96.209 - - [16/Oct/2024:14:19:10 +0000] "GET /eauthrjthn/vm-41439.html HTTP/1.1" 404 16 "-" "Mozilla/5.0 (compatible; SemrushBot/7~bl; +http://www.semrush.com/bot.html)"
185.191.171.16 - - [16/Oct/2024:14:19:11 +0000] "GET /gpawkchmzn/fw-1782825.html HTTP/1.1" 404 16 "-" "Mozilla/5.0 (compatible; SemrushBot/7~bl; +http://www.semrush.com/bot.html)"
185.191.171.7 - - [16/Oct/2024:14:19:13 +0000] "GET /gkrhsedbls/iz-1852456.html HTTP/1.1" 404 16 "-" "Mozilla/5.0 (compatible; SemrushBot/7~bl; +http://www.semrush.com/bot.html)"
185.191.171.13 - - [16/Oct/2024:14:19:47 +0000] "GET /gmthoujxpc/lc-327377.html HTTP/1.1" 404 16 "-" "Mozilla/5.0 (compatible; SemrushBot/7~bl; +http://www.semrush.com/bot.html)"
185.191.171.16 - - [16/Oct/2024:14:20:07 +0000] "GET /anbzogjkuc/hy-1296211.html HTTP/1.1" 404 16 "-" "Mozilla/5.0 (compatible; SemrushBot/7~bl; +http://www.semrush.com/bot.html)"
185.191.171.1 - - [16/Oct/2024:14:20:21 +0000] "GET /cnyuhvxvdi/ul-1404930.html HTTP/1.1" 404 16 "-" "Mozilla/5.0 (compatible; SemrushBot/7~bl; +http://www.semrush.com/bot.html)"
185.191.171.7 - - [16/Oct/2024:14:20:52 +0000] "GET /gilvwxiobk/ar-592254.html HTTP/1.1" 404 16 "-" "Mozilla/5.0 (compatible; SemrushBot/7~bl; +http://www.semrush.com/bot.html)"
185.191.171.7 - - [16/Oct/2024:14:20:54 +0000] "GET /etmpkjyhga/kb-1876950.html HTTP/1.1" 404 16 "-" "Mozilla/5.0 (compatible; SemrushBot/7~bl; +http://www.semrush.com/bot.html)"
185.191.171.6 - - [16/Oct/2024:14:21:21 +0000] "GET /cdgsyhauxz/yp-1409744.html HTTP/1.1" 404 16 "-" "Mozilla/5.0 (compatible; SemrushBot/7~bl; +http://www.semrush.com/bot.html)"
185.191.171.4 - - [16/Oct/2024:14:21:48 +0000] "GET /clvnwgzpme/of-991056.html HTTP/1.1" 404 16 "-" "Mozilla/5.0 (compatible; SemrushBot/7~bl; +http://www.semrush.com/bot.html)"
185.191.171.3 - - [16/Oct/2024:14:22:14 +0000] "GET /czxecbnskv/kb-779464.html HTTP/1.1" 404 16 "-" "Mozilla/5.0 (compatible; SemrushBot/7~bl; +http://www.semrush.com/bot.html)"
85.208.96.209 - - [16/Oct/2024:14:22:46 +0000] "GET /cnwovbpzoy/ul-205290.html HTTP/1.1" 404 16 "-" "Mozilla/5.0 (compatible; SemrushBot/7~bl; +http://www.semrush.com/bot.html)"
185.191.171.7 - - [16/Oct/2024:14:23:08 +0000] "GET /cobwiwtmpk/ev-574448.html HTTP/1.1" 404 16 "-" "Mozilla/5.0 (compatible; SemrushBot/7~bl; +http://www.semrush.com/bot.html)"
85.208.96.193 - - [16/Oct/2024:14:23:10 +0000] "GET /awruoiljpq/sj-132774.html HTTP/1.1" 404 16 "-" "Mozilla/5.0 (compatible; SemrushBot/7~bl; +http://www.semrush.com/bot.html)"
185.191.171.10 - - [16/Oct/2024:14:23:13 +0000] "GET /goxnwewmiy/tk-555249.html HTTP/1.1" 404 16 "-" "Mozilla/5.0 (compatible; SemrushBot/7~bl; +http://www.semrush.com/bot.html)"
185.191.171.3 - - [16/Oct/2024:14:23:14 +0000] "GET /cegpqqahub/ct-546444.html HTTP/1.1" 404 16 "-" "Mozilla/5.0 (compatible; SemrushBot/7~bl; +http://www.semrush.com/bot.html)"
185.191.171.18 - - [16/Oct/2024:14:23:28 +0000] "GET /ctmnewabjn/fw-189493.html HTTP/1.1" 404 16 "-" "Mozilla/5.0 (compatible; SemrushBot/7~bl; +http://www.semrush.com/bot.html)"
185.191.171.18 - - [16/Oct/2024:14:23:50 +0000] "GET /aunogyxtxs/md-483404.html HTTP/1.1" 404 16 "-" "Mozilla/5.0 (compatible; SemrushBot/7~bl; +http://www.semrush.com/bot.html)"
85.208.96.199 - - [16/Oct/2024:14:24:08 +0000] "GET /csjkeaioao/ul-1441824.html HTTP/1.1" 404 16 "-" "Mozilla/5.0 (compatible; SemrushBot/7~bl; +http://www.semrush.com/bot.html)"
95.108.213.244 - - [16/Oct/2024:14:24:39 +0000] "GET /tonleikar/stebbi-jak-og-andri-ivars-flytja-fostudagslogin/ HTTP/1.1" 404 16 "-" "Mozilla/5.0 (compatible; YandexBot/3.0; +http://yandex.com/bots)"
85.208.96.196 - - [16/Oct/2024:14:24:44 +0000] "GET /iwmjxmnlqp/wn-543786.html HTTP/1.1" 404 16 "-" "Mozilla/5.0 (compatible; SemrushBot/7~bl; +http://www.semrush.com/bot.html)"
185.191.171.14 - - [16/Oct/2024:14:24:45 +0000] "GET /czxgilaqoj/ev-1191636.html HTTP/1.1" 404 16 "-" "Mozilla/5.0 (compatible; SemrushBot/7~bl; +http://www.semrush.com/bot.html)"
85.208.96.206 - - [16/Oct/2024:14:24:54 +0000] "GET /cehrstekxg/tk-672327.html HTTP/1.1" 404 16 "-" "Mozilla/5.0 (compatible; SemrushBot/7~bl; +http://www.semrush.com/bot.html)"
85.208.96.194 - - [16/Oct/2024:14:25:06 +0000] "GET /azxecyhksw/xo-994003.html HTTP/1.1" 404 16 "-" "Mozilla/5.0 (compatible; SemrushBot/7~bl; +http://www.semrush.com/bot.html)"
185.191.171.4 - - [16/Oct/2024:14:25:15 +0000] "GET /chpgsgheqx/ev-1169068.html HTTP/1.1" 404 16 "-" "Mozilla/5.0 (compatible; SemrushBot/7~bl; +http://www.semrush.com/bot.html)"
185.191.171.14 - - [16/Oct/2024:14:25:24 +0000] "GET /ebakmqgvto/ja-1591209.html HTTP/1.1" 404 16 "-" "Mozilla/5.0 (compatible; SemrushBot/7~bl; +http://www.semrush.com/bot.html)"
85.208.96.209 - - [16/Oct/2024:14:26:14 +0000] "GET /gpawkchmzn/yp-1865706.html HTTP/1.1" 404 16 "-" "Mozilla/5.0 (compatible; SemrushBot/7~bl; +http://www.semrush.com/bot.html)"
85.208.96.195 - - [16/Oct/2024:14:26:27 +0000] "GET /gxprlirymz/ja-1092165.html HTTP/1.1" 404 16 "-" "Mozilla/5.0 (compatible; SemrushBot/7~bl; +http://www.semrush.com/bot.html)"
66.249.69.9 - - [16/Oct/2024:14:26:46 +0000] "GET /robots.txt HTTP/1.1" 404 16 "-" "Mozilla/5.0 (compatible; Googlebot/2.1; +http://www.google.com/bot.html)"
66.249.69.8 - - [16/Oct/2024:14:26:47 +0000] "GET /?ywxhlqjbcz2177407 HTTP/1.1" 200 982 "-" "Mozilla/5.0 (Linux; Android 6.0.1; Nexus 5X Build/MMB29P) AppleWebKit/537.36 (KHTML, like Gecko) Chrome/129.0.6668.89 Mobile Safari/537.36 (compatible; GoogleOther)"
185.191.171.18 - - [16/Oct/2024:14:27:04 +0000] "GET /clwrfxchui/wn-1427838.html HTTP/1.1" 404 16 "-" "Mozilla/5.0 (compatible; SemrushBot/7~bl; +http://www.semrush.com/bot.html)"
185.191.171.11 - - [16/Oct/2024:14:27:14 +0000] "GET /gjksplrqvt/fw-209201.html HTTP/1.1" 404 16 "-" "Mozilla/5.0 (compatible; SemrushBot/7~bl; +http://www.semrush.com/bot.html)"
85.208.96.198 - - [16/Oct/2024:14:27:16 +0000] "GET /ejqkxntzpf/zq-1828969.html HTTP/1.1" 404 16 "-" "Mozilla/5.0 (compatible; SemrushBot/7~bl; +http://www.semrush.com/bot.html)"
85.208.96.198 - - [16/Oct/2024:14:27:17 +0000] "GET /arjlfclsgt/vm-1095531.html HTTP/1.1" 404 16 "-" "Mozilla/5.0 (compatible; SemrushBot/7~bl; +http://www.semrush.com/bot.html)"
85.208.96.198 - - [16/Oct/2024:14:27:28 +0000] "GET /coyrzgvhxi/fw-331453.html HTTP/1.1" 404 16 "-" "Mozilla/5.0 (compatible; SemrushBot/7~bl; +http://www.semrush.com/bot.html)"
185.191.171.9 - - [16/Oct/2024:14:27:32 +0000] "GET /yelzfkaogt/fw-165755.html HTTP/1.1" 404 16 "-" "Mozilla/5.0 (compatible; SemrushBot/7~bl; +http://www.semrush.com/bot.html)"
85.208.96.205 - - [16/Oct/2024:14:27:48 +0000] "GET /cvptqoaibo/lc-1777111.html HTTP/1.1" 404 16 "-" "Mozilla/5.0 (compatible; SemrushBot/7~bl; +http://www.semrush.com/bot.html)"
185.191.171.9 - - [16/Oct/2024:14:27:51 +0000] "GET /ebcoufaxhm/ar-1387984.html HTTP/1.1" 404 16 "-" "Mozilla/5.0 (compatible; SemrushBot/7~bl; +http://www.semrush.com/bot.html)"
85.208.96.207 - - [16/Oct/2024:14:27:53 +0000] "GET /gvnqlkziha/iz-1774872.html HTTP/1.1" 404 16 "-" "Mozilla/5.0 (compatible; SemrushBot/7~bl; +http://www.semrush.com/bot.html)"
207.46.13.17 - - [16/Oct/2024:14:28:23 +0000] "GET /2004/ HTTP/2.0" 404 16 "-" "Mozilla/5.0 AppleWebKit/537.36 (KHTML, like Gecko; compatible; bingbot/2.0; +http://www.bing.com/bingbot.htm) Chrome/116.0.1938.76 Safari/537.36"
185.191.171.17 - - [16/Oct/2024:14:28:46 +0000] "GET /czxgilaqoj/gx-1280844.html HTTP/1.1" 404 16 "-" "Mozilla/5.0 (compatible; SemrushBot/7~bl; +http://www.semrush.com/bot.html)"
185.191.171.15 - - [16/Oct/2024:14:28:51 +0000] "GET /cyxhlsniot/tk-1508799.html HTTP/1.1" 404 16 "-" "Mozilla/5.0 (compatible; SemrushBot/7~bl; +http://www.semrush.com/bot.html)"
185.191.171.17 - - [16/Oct/2024:14:28:57 +0000] "GET /gfgquzskli/ri-1810657.html HTTP/1.1" 404 16 "-" "Mozilla/5.0 (compatible; SemrushBot/7~bl; +http://www.semrush.com/bot.html)"
85.208.96.193 - - [16/Oct/2024:14:28:58 +0000] "GET /eefnmktxip/qh-262772.html HTTP/1.1" 404 16 "-" "Mozilla/5.0 (compatible; SemrushBot/7~bl; +http://www.semrush.com/bot.html)"
185.191.171.6 - - [16/Oct/2024:14:29:05 +0000] "GET /cksmwhfzeg/md-1026362.html HTTP/1.1" 404 16 "-" "Mozilla/5.0 (compatible; SemrushBot/7~bl; +http://www.semrush.com/bot.html)"
85.208.96.208 - - [16/Oct/2024:14:29:41 +0000] "GET /epcasluzqi/ul-1185568.html HTTP/1.1" 404 16 "-" "Mozilla/5.0 (compatible; SemrushBot/7~bl; +http://www.semrush.com/bot.html)"
95.108.213.161 - - [16/Oct/2024:14:29:43 +0000] "GET /ol0pp1/uncle-ben%27s-original-converted-brand-enriched-parboiled-long-grain-rice-6047da HTTP/1.1" 404 16 "-" "Mozilla/5.0 (compatible; YandexBot/3.0; +http://yandex.com/bots)"
185.191.171.11 - - [16/Oct/2024:14:30:25 +0000] "GET /cvqtmhopai/ct-1132510.html HTTP/1.1" 404 16 "-" "Mozilla/5.0 (compatible; SemrushBot/7~bl; +http://www.semrush.com/bot.html)"
66.249.69.8 - - [16/Oct/2024:14:30:52 +0000] "GET /?ywubzucelp690145 HTTP/1.1" 200 982 "-" "Mozilla/5.0 (Linux; Android 6.0.1; Nexus 5X Build/MMB29P) AppleWebKit/537.36 (KHTML, like Gecko) Chrome/129.0.6668.89 Mobile Safari/537.36 (compatible; Googlebot/2.1; +http://www.google.com/bot.html)"
157.55.39.9 - - [16/Oct/2024:14:31:05 +0000] "GET /2008/08/ HTTP/2.0" 404 16 "-" "Mozilla/5.0 AppleWebKit/537.36 (KHTML, like Gecko; compatible; bingbot/2.0; +http://www.bing.com/bingbot.htm) Chrome/116.0.1938.76 Safari/537.36"
185.191.171.15 - - [16/Oct/2024:14:31:24 +0000] "GET /geemlnyfxl/yp-1800420.html HTTP/1.1" 404 16 "-" "Mozilla/5.0 (compatible; SemrushBot/7~bl; +http://www.semrush.com/bot.html)"
85.208.96.201 - - [16/Oct/2024:14:31:26 +0000] "GET /cyvdehvkgz/ri-1328643.html HTTP/1.1" 404 16 "-" "Mozilla/5.0 (compatible; SemrushBot/7~bl; +http://www.semrush.com/bot.html)"
185.191.171.13 - - [16/Oct/2024:14:31:27 +0000] "GET /gdzdytwvcg/ne-931281.html HTTP/1.1" 404 16 "-" "Mozilla/5.0 (compatible; SemrushBot/7~bl; +http://www.semrush.com/bot.html)"
185.191.171.6 - - [16/Oct/2024:14:31:52 +0000] "GET /aimwtnohcj/wn-36500.html HTTP/1.1" 404 16 "-" "Mozilla/5.0 (compatible; SemrushBot/7~bl; +http://www.semrush.com/bot.html)"
85.208.96.195 - - [16/Oct/2024:14:31:54 +0000] "GET /gxqriaefnr/vm-928195.html HTTP/1.1" 404 16 "-" "Mozilla/5.0 (compatible; SemrushBot/7~bl; +http://www.semrush.com/bot.html)"
85.208.96.200 - - [16/Oct/2024:14:32:02 +0000] "GET /cjtnaruwis/kb-2280938.html HTTP/1.1" 404 16 "-" "Mozilla/5.0 (compatible; SemrushBot/7~bl; +http://www.semrush.com/bot.html)"
185.191.171.7 - - [16/Oct/2024:14:32:05 +0000] "GET /cfisuvhodn/fw-197631.html HTTP/1.1" 404 16 "-" "Mozilla/5.0 (compatible; SemrushBot/7~bl; +http://www.semrush.com/bot.html)"
85.208.96.210 - - [16/Oct/2024:14:32:12 +0000] "GET /ecdnqvmefa/zq-1323685.html HTTP/1.1" 404 16 "-" "Mozilla/5.0 (compatible; SemrushBot/7~bl; +http://www.semrush.com/bot.html)"
85.208.96.205 - - [16/Oct/2024:14:32:44 +0000] "GET /ghkwcmfzdf/iz-1863038.html HTTP/1.1" 404 16 "-" "Mozilla/5.0 (compatible; SemrushBot/7~bl; +http://www.semrush.com/bot.html)"
85.208.96.202 - - [16/Oct/2024:14:32:49 +0000] "GET /gkocjrizwt/ar-792688.html HTTP/1.1" 404 16 "-" "Mozilla/5.0 (compatible; SemrushBot/7~bl; +http://www.semrush.com/bot.html)"
85.208.96.194 - - [16/Oct/2024:14:33:05 +0000] "GET /emvlucukgw/xo-623685.html HTTP/1.1" 404 16 "-" "Mozilla/5.0 (compatible; SemrushBot/7~bl; +http://www.semrush.com/bot.html)"
85.208.96.202 - - [16/Oct/2024:14:33:15 +0000] "GET /gjmyckapkd/ne-1800305.html HTTP/1.1" 404 16 "-" "Mozilla/5.0 (compatible; SemrushBot/7~bl; +http://www.semrush.com/bot.html)"
85.208.96.195 - - [16/Oct/2024:14:33:41 +0000] "GET /aegqpnwwcd/du-271131.html HTTP/1.1" 404 16 "-" "Mozilla/5.0 (compatible; SemrushBot/7~bl; +http://www.semrush.com/bot.html)"
85.208.96.196 - - [16/Oct/2024:14:34:00 +0000] "GET /enythzejwk/ev-1915476.html HTTP/1.1" 404 16 "-" "Mozilla/5.0 (compatible; SemrushBot/7~bl; +http://www.semrush.com/bot.html)"
52.167.144.220 - - [16/Oct/2024:14:34:03 +0000] "GET /mastodonleviathan/ HTTP/2.0" 404 16 "-" "Mozilla/5.0 AppleWebKit/537.36 (KHTML, like Gecko; compatible; bingbot/2.0; +http://www.bing.com/bingbot.htm) Chrome/116.0.1938.76 Safari/537.36"
185.191.171.15 - - [16/Oct/2024:14:34:19 +0000] "GET /cjrgovmaui/ct-220898.html HTTP/1.1" 404 16 "-" "Mozilla/5.0 (compatible; SemrushBot/7~bl; +http://www.semrush.com/bot.html)"
185.191.171.9 - - [16/Oct/2024:14:34:37 +0000] "GET /cyvdehvkgz/of-1836342.html HTTP/1.1" 404 16 "-" "Mozilla/5.0 (compatible; SemrushBot/7~bl; +http://www.semrush.com/bot.html)"
85.208.96.195 - - [16/Oct/2024:14:35:13 +0000] "GET /gwonduyyeh/of-753676.html HTTP/1.1" 404 16 "-" "Mozilla/5.0 (compatible; SemrushBot/7~bl; +http://www.semrush.com/bot.html)"
185.191.171.4 - - [16/Oct/2024:14:35:25 +0000] "GET /gltkwkliub/fw-1890283.html HTTP/1.1" 404 16 "-" "Mozilla/5.0 (compatible; SemrushBot/7~bl; +http://www.semrush.com/bot.html)"
85.208.96.193 - - [16/Oct/2024:14:35:44 +0000] "GET /gjmwyzlshr/ar-449280.html HTTP/1.1" 404 16 "-" "Mozilla/5.0 (compatible; SemrushBot/7~bl; +http://www.semrush.com/bot.html)"
185.191.171.19 - - [16/Oct/2024:14:35:55 +0000] "GET /coaymeghrw/yp-1540732.html HTTP/1.1" 404 16 "-" "Mozilla/5.0 (compatible; SemrushBot/7~bl; +http://www.semrush.com/bot.html)"
85.208.96.195 - - [16/Oct/2024:14:35:57 +0000] "GET /ecahezhjqt/du-494341.html HTTP/1.1" 404 16 "-" "Mozilla/5.0 (compatible; SemrushBot/7~bl; +http://www.semrush.com/bot.html)"
85.208.96.205 - - [16/Oct/2024:14:35:59 +0000] "GET /cnyrbnjazu/pg-473917.html HTTP/1.1" 404 16 "-" "Mozilla/5.0 (compatible; SemrushBot/7~bl; +http://www.semrush.com/bot.html)"
85.208.96.195 - - [16/Oct/2024:14:36:12 +0000] "GET /gztxusemfs/wn-1578040.html HTTP/1.1" 404 16 "-" "Mozilla/5.0 (compatible; SemrushBot/7~bl; +http://www.semrush.com/bot.html)"
85.208.96.195 - - [16/Oct/2024:14:36:29 +0000] "GET /ghkwcmfzdf/of-1814294.html HTTP/1.1" 404 16 "-" "Mozilla/5.0 (compatible; SemrushBot/7~bl; +http://www.semrush.com/bot.html)"
185.191.171.18 - - [16/Oct/2024:14:36:45 +0000] "GET /coaymeghrw/gx-1437052.html HTTP/1.1" 404 16 "-" "Mozilla/5.0 (compatible; SemrushBot/7~bl; +http://www.semrush.com/bot.html)"
85.208.96.211 - - [16/Oct/2024:14:36:47 +0000] "GET /cdhuakfzfh/ev-1130978.html HTTP/1.1" 404 16 "-" "Mozilla/5.0 (compatible; SemrushBot/7~bl; +http://www.semrush.com/bot.html)"
85.208.96.209 - - [16/Oct/2024:14:37:05 +0000] "GET /gfgquzskli/hy-1806175.html HTTP/1.1" 404 16 "-" "Mozilla/5.0 (compatible; SemrushBot/7~bl; +http://www.semrush.com/bot.html)"
85.208.96.210 - - [16/Oct/2024:14:37:18 +0000] "GET /gwnoiemses/lc-2276025.html HTTP/1.1" 404 16 "-" "Mozilla/5.0 (compatible; SemrushBot/7~bl; +http://www.semrush.com/bot.html)"
85.208.96.204 - - [16/Oct/2024:14:37:22 +0000] "GET /axtxrmpovy/pg-872601.html HTTP/1.1" 404 16 "-" "Mozilla/5.0 (compatible; SemrushBot/7~bl; +http://www.semrush.com/bot.html)"
66.249.69.8 - - [16/Oct/2024:14:37:58 +0000] "GET /?mucwgsqkpr1414118 HTTP/1.1" 200 982 "-" "Mozilla/5.0 (Linux; Android 6.0.1; Nexus 5X Build/MMB29P) AppleWebKit/537.36 (KHTML, like Gecko) Chrome/129.0.6668.89 Mobile Safari/537.36 (compatible; Googlebot/2.1; +http://www.google.com/bot.html)"
85.208.96.209 - - [16/Oct/2024:14:38:13 +0000] "GET /ahrlyortfp/zq-1580279.html HTTP/1.1" 404 16 "-" "Mozilla/5.0 (compatible; SemrushBot/7~bl; +http://www.semrush.com/bot.html)"
85.208.96.208 - - [16/Oct/2024:14:38:31 +0000] "GET /cpdbqilmwe/vm-1193161.html HTTP/1.1" 404 16 "-" "Mozilla/5.0 (compatible; SemrushBot/7~bl; +http://www.semrush.com/bot.html)"
85.208.96.209 - - [16/Oct/2024:14:39:25 +0000] "GET /cdeoqtisnb/lc-1071601.html HTTP/1.1" 404 16 "-" "Mozilla/5.0 (compatible; SemrushBot/7~bl; +http://www.semrush.com/bot.html)"
185.191.171.5 - - [16/Oct/2024:14:39:28 +0000] "GET /yfjsogfzrz/qh-23234.html HTTP/1.1" 404 16 "-" "Mozilla/5.0 (compatible; SemrushBot/7~bl; +http://www.semrush.com/bot.html)"
40.77.167.15 - - [16/Oct/2024:14:39:52 +0000] "GET /page/2/ HTTP/2.0" 404 16 "-" "Mozilla/5.0 AppleWebKit/537.36 (KHTML, like Gecko; compatible; bingbot/2.0; +http://www.bing.com/bingbot.htm) Chrome/116.0.1938.76 Safari/537.36"
185.191.171.13 - - [16/Oct/2024:14:40:12 +0000] "GET /ymbarlptfq/ja-1052645.html HTTP/1.1" 404 16 "-" "Mozilla/5.0 (compatible; SemrushBot/7~bl; +http://www.semrush.com/bot.html)"
185.191.171.16 - - [16/Oct/2024:14:40:16 +0000] "GET /yaeugttwjx/wn-1658796.html HTTP/1.1" 404 16 "-" "Mozilla/5.0 (compatible; SemrushBot/7~bl; +http://www.semrush.com/bot.html)"
185.191.171.7 - - [16/Oct/2024:14:40:17 +0000] "GET /glowuorklc/iz-39580.html HTTP/1.1" 404 16 "-" "Mozilla/5.0 (compatible; SemrushBot/7~bl; +http://www.semrush.com/bot.html)"
185.191.171.17 - - [16/Oct/2024:14:40:29 +0000] "GET /chmydguevi/ja-189523.html HTTP/1.1" 404 16 "-" "Mozilla/5.0 (compatible; SemrushBot/7~bl; +http://www.semrush.com/bot.html)"
85.208.96.204 - - [16/Oct/2024:14:40:44 +0000] "GET /gikwafwkev/iz-989256.html HTTP/1.1" 404 16 "-" "Mozilla/5.0 (compatible; SemrushBot/7~bl; +http://www.semrush.com/bot.html)"
185.191.171.5 - - [16/Oct/2024:14:41:00 +0000] "GET /cnzternfga/ja-708691.html HTTP/1.1" 404 16 "-" "Mozilla/5.0 (compatible; SemrushBot/7~bl; +http://www.semrush.com/bot.html)"
85.208.96.203 - - [16/Oct/2024:14:41:08 +0000] "GET /cdgsyhauxz/kb-1630496.html HTTP/1.1" 404 16 "-" "Mozilla/5.0 (compatible; SemrushBot/7~bl; +http://www.semrush.com/bot.html)"
85.208.96.198 - - [16/Oct/2024:14:41:09 +0000] "GET /ckqfjnybrw/xo-260621.html HTTP/1.1" 404 16 "-" "Mozilla/5.0 (compatible; SemrushBot/7~bl; +http://www.semrush.com/bot.html)"
85.208.96.201 - - [16/Oct/2024:14:41:28 +0000] "GET /cgkyfnevsp/ul-2026044.html HTTP/1.1" 404 16 "-" "Mozilla/5.0 (compatible; SemrushBot/7~bl; +http://www.semrush.com/bot.html)"
185.191.171.17 - - [16/Oct/2024:14:41:30 +0000] "GET /coaymeghrw/ja-1274503.html HTTP/1.1" 404 16 "-" "Mozilla/5.0 (compatible; SemrushBot/7~bl; +http://www.semrush.com/bot.html)"
185.191.171.7 - - [16/Oct/2024:14:41:49 +0000] "GET /ecdnqvmefa/du-1855441.html HTTP/1.1" 404 16 "-" "Mozilla/5.0 (compatible; SemrushBot/7~bl; +http://www.semrush.com/bot.html)"
213.180.203.243 - - [16/Oct/2024:14:42:03 +0000] "GET /tony-iommi-veikur/ HTTP/1.1" 404 16 "-" "Mozilla/5.0 (compatible; YandexBot/3.0; +http://yandex.com/bots)"
185.191.171.9 - - [16/Oct/2024:14:42:32 +0000] "GET /cdgsyhauxz/sj-1436960.html HTTP/1.1" 404 16 "-" "Mozilla/5.0 (compatible; SemrushBot/7~bl; +http://www.semrush.com/bot.html)"
85.208.96.194 - - [16/Oct/2024:14:42:37 +0000] "GET /cbcmorgpkx/wn-1262140.html HTTP/1.1" 404 16 "-" "Mozilla/5.0 (compatible; SemrushBot/7~bl; +http://www.semrush.com/bot.html)"
85.208.96.203 - - [16/Oct/2024:14:43:27 +0000] "GET /crhhytxboz/hy-2091551.html HTTP/1.1" 404 16 "-" "Mozilla/5.0 (compatible; SemrushBot/7~bl; +http://www.semrush.com/bot.html)"
185.191.171.2 - - [16/Oct/2024:14:43:54 +0000] "GET /apilgfudcw/ne-1815489.html HTTP/1.1" 404 16 "-" "Mozilla/5.0 (compatible; SemrushBot/7~bl; +http://www.semrush.com/bot.html)"
85.208.96.210 - - [16/Oct/2024:14:43:56 +0000] "GET /ghkwcmfzdf/ct-1829414.html HTTP/1.1" 404 16 "-" "Mozilla/5.0 (compatible; SemrushBot/7~bl; +http://www.semrush.com/bot.html)"
185.191.171.5 - - [16/Oct/2024:14:44:11 +0000] "GET /iuhcocavxs/lc-935465.html HTTP/1.1" 404 16 "-" "Mozilla/5.0 (compatible; SemrushBot/7~bl; +http://www.semrush.com/bot.html)"
85.208.96.210 - - [16/Oct/2024:14:44:33 +0000] "GET /ycjdqgmsix/zq-1859389.html HTTP/1.1" 404 16 "-" "Mozilla/5.0 (compatible; SemrushBot/7~bl; +http://www.semrush.com/bot.html)"
85.208.96.199 - - [16/Oct/2024:14:44:49 +0000] "GET /chmydguevi/vm-183295.html HTTP/1.1" 404 16 "-" "Mozilla/5.0 (compatible; SemrushBot/7~bl; +http://www.semrush.com/bot.html)"
85.208.96.210 - - [16/Oct/2024:14:44:56 +0000] "GET /robots.txt HTTP/1.1" 404 16 "-" "Mozilla/5.0 (compatible; SemrushBot/7~bl; +http://www.semrush.com/bot.html)"
85.208.96.204 - - [16/Oct/2024:14:44:56 +0000] "GET /cpfgyuhmka/xo-1584593.html HTTP/1.1" 404 16 "-" "Mozilla/5.0 (compatible; SemrushBot/7~bl; +http://www.semrush.com/bot.html)"
85.208.96.200 - - [16/Oct/2024:14:45:00 +0000] "GET /csjkdzgmyl/du-1445343.html HTTP/1.1" 404 16 "-" "Mozilla/5.0 (compatible; SemrushBot/7~bl; +http://www.semrush.com/bot.html)"
85.208.96.209 - - [16/Oct/2024:14:45:21 +0000] "GET /aqfcpcyold/wn-527250.html HTTP/1.1" 404 16 "-" "Mozilla/5.0 (compatible; SemrushBot/7~bl; +http://www.semrush.com/bot.html)"
85.208.96.198 - - [16/Oct/2024:14:45:22 +0000] "GET /gjoerfimym/tk-1799817.html HTTP/1.1" 404 16 "-" "Mozilla/5.0 (compatible; SemrushBot/7~bl; +http://www.semrush.com/bot.html)"
85.208.96.210 - - [16/Oct/2024:14:45:36 +0000] "GET /postphrenic/endothelial699606.html HTTP/1.1" 404 16 "-" "Mozilla/5.0 (compatible; SemrushBot/7~bl; +http://www.semrush.com/bot.html)"
85.208.96.205 - - [16/Oct/2024:14:45:47 +0000] "GET /alwsftvtbg/ct-1053912.html HTTP/1.1" 404 16 "-" "Mozilla/5.0 (compatible; SemrushBot/7~bl; +http://www.semrush.com/bot.html)"
207.46.13.153 - - [16/Oct/2024:14:46:29 +0000] "GET /2016/06/ HTTP/2.0" 404 16 "-" "Mozilla/5.0 AppleWebKit/537.36 (KHTML, like Gecko; compatible; bingbot/2.0; +http://www.bing.com/bingbot.htm) Chrome/116.0.1938.76 Safari/537.36"
85.208.96.195 - - [16/Oct/2024:14:46:38 +0000] "GET /gnxrevyamw/hy-1880249.html HTTP/1.1" 404 16 "-" "Mozilla/5.0 (compatible; SemrushBot/7~bl; +http://www.semrush.com/bot.html)"
185.191.171.1 - - [16/Oct/2024:14:47:08 +0000] "GET /coysaizlep/wn-170452.html HTTP/1.1" 404 16 "-" "Mozilla/5.0 (compatible; SemrushBot/7~bl; +http://www.semrush.com/bot.html)"
185.191.171.16 - - [16/Oct/2024:14:47:23 +0000] "GET /alwpzlhyxs/ul-271876.html HTTP/1.1" 404 16 "-" "Mozilla/5.0 (compatible; SemrushBot/7~bl; +http://www.semrush.com/bot.html)"
157.55.39.48 - - [16/Oct/2024:14:47:29 +0000] "GET /en-us/office/p/D182913 HTTP/2.0" 404 16 "-" "Mozilla/5.0 AppleWebKit/537.36 (KHTML, like Gecko; compatible; bingbot/2.0; +http://www.bing.com/bingbot.htm) Chrome/116.0.1938.76 Safari/537.36"
185.191.171.1 - - [16/Oct/2024:14:47:31 +0000] "GET /glqenvneca/wn-1100628.html HTTP/1.1" 404 16 "-" "Mozilla/5.0 (compatible; SemrushBot/7~bl; +http://www.semrush.com/bot.html)"
85.208.96.195 - - [16/Oct/2024:14:48:05 +0000] "GET /gqdarktynf/ri-1666357.html HTTP/1.1" 404 16 "-" "Mozilla/5.0 (compatible; SemrushBot/7~bl; +http://www.semrush.com/bot.html)"
85.208.96.195 - - [16/Oct/2024:14:48:15 +0000] "GET /glsithifpw/vm-1341985.html HTTP/1.1" 404 16 "-" "Mozilla/5.0 (compatible; SemrushBot/7~bl; +http://www.semrush.com/bot.html)"
85.208.96.202 - - [16/Oct/2024:14:48:17 +0000] "GET /axvegjynlg/du-1623807.html HTTP/1.1" 404 16 "-" "Mozilla/5.0 (compatible; SemrushBot/7~bl; +http://www.semrush.com/bot.html)"
95.108.213.103 - - [16/Oct/2024:14:48:27 +0000] "GET /dead-fall-komnir-saman-a-ny/ HTTP/1.1" 404 16 "-" "Mozilla/5.0 (compatible; YandexBot/3.0; +http://yandex.com/bots)"
185.191.171.9 - - [16/Oct/2024:14:48:46 +0000] "GET /gulnhetazq/ri-1708919.html HTTP/1.1" 404 16 "-" "Mozilla/5.0 (compatible; SemrushBot/7~bl; +http://www.semrush.com/bot.html)"
85.208.96.202 - - [16/Oct/2024:14:48:53 +0000] "GET /gkrhsedbls/iz-1654258.html HTTP/1.1" 404 16 "-" "Mozilla/5.0 (compatible; SemrushBot/7~bl; +http://www.semrush.com/bot.html)"
85.208.96.202 - - [16/Oct/2024:14:48:58 +0000] "GET /gjoclwtpvz/fw-1059375.html HTTP/1.1" 404 16 "-" "Mozilla/5.0 (compatible; SemrushBot/7~bl; +http://www.semrush.com/bot.html)"
185.191.171.9 - - [16/Oct/2024:14:49:01 +0000] "GET /ayxfegryqe/kb-1318002.html HTTP/1.1" 404 16 "-" "Mozilla/5.0 (compatible; SemrushBot/7~bl; +http://www.semrush.com/bot.html)"
185.191.171.7 - - [16/Oct/2024:14:49:07 +0000] "GET /yejvxzjlub/ne-931021.html HTTP/1.1" 404 16 "-" "Mozilla/5.0 (compatible; SemrushBot/7~bl; +http://www.semrush.com/bot.html)"
185.191.171.8 - - [16/Oct/2024:14:49:19 +0000] "GET /afmcnbczjq/du-1048765.html HTTP/1.1" 404 16 "-" "Mozilla/5.0 (compatible; SemrushBot/7~bl; +http://www.semrush.com/bot.html)"
85.208.96.207 - - [16/Oct/2024:14:49:24 +0000] "GET /cfkyhsplrv/sj-1096464.html HTTP/1.1" 404 16 "-" "Mozilla/5.0 (compatible; SemrushBot/7~bl; +http://www.semrush.com/bot.html)"
85.208.96.194 - - [16/Oct/2024:14:49:57 +0000] "GET /cmukrwjsgo/ev-423414.html HTTP/1.1" 404 16 "-" "Mozilla/5.0 (compatible; SemrushBot/7~bl; +http://www.semrush.com/bot.html)"
157.55.39.55 - - [16/Oct/2024:14:50:07 +0000] "GET /2020/09/26/%E3%83%96%E3%83%AB%E3%83%BC%E3%83%87%E3%82%B8%E3%83%BC%E3%81%AE%E8%82%B2%E3%81%A6%E6%96%B9%E3%82%84%E5%A2%97%E3%82%84%E3%81%97%E6%96%B9%E3%80%90%E3%82%A2%E3%83%A1%E3%83%AD%E3%82%A4%E3%83%87%E3%82%B9/p/C3450800 HTTP/2.0" 404 16 "-" "Mozilla/5.0 AppleWebKit/537.36 (KHTML, like Gecko; compatible; bingbot/2.0; +http://www.bing.com/bingbot.htm) Chrome/116.0.1938.76 Safari/537.36"
185.191.171.4 - - [16/Oct/2024:14:50:28 +0000] "GET /ecahezhjqt/md-249352.html HTTP/1.1" 404 16 "-" "Mozilla/5.0 (compatible; SemrushBot/7~bl; +http://www.semrush.com/bot.html)"
66.249.69.8 - - [16/Oct/2024:14:50:37 +0000] "GET /?Centrotus/621615 HTTP/1.1" 200 982 "-" "Mozilla/5.0 (Linux; Android 6.0.1; Nexus 5X Build/MMB29P) AppleWebKit/537.36 (KHTML, like Gecko) Chrome/129.0.6668.89 Mobile Safari/537.36 (compatible; Googlebot/2.1; +http://www.google.com/bot.html)"
85.208.96.212 - - [16/Oct/2024:14:50:51 +0000] "GET /gztxusemfs/of-1687102.html HTTP/1.1" 404 16 "-" "Mozilla/5.0 (compatible; SemrushBot/7~bl; +http://www.semrush.com/bot.html)"
52.167.144.18 - - [16/Oct/2024:14:51:25 +0000] "GET /hatebreed-6/ HTTP/2.0" 404 16 "-" "Mozilla/5.0 AppleWebKit/537.36 (KHTML, like Gecko; compatible; bingbot/2.0; +http://www.bing.com/bingbot.htm) Chrome/116.0.1938.76 Safari/537.36"
85.208.96.209 - - [16/Oct/2024:14:51:41 +0000] "GET /cvptqoaibo/ul-1077460.html HTTP/1.1" 404 16 "-" "Mozilla/5.0 (compatible; SemrushBot/7~bl; +http://www.semrush.com/bot.html)"
85.208.96.193 - - [16/Oct/2024:14:51:56 +0000] "GET /azakmpeniv/ct-1623130.html HTTP/1.1" 404 16 "-" "Mozilla/5.0 (compatible; SemrushBot/7~bl; +http://www.semrush.com/bot.html)"
185.191.171.6 - - [16/Oct/2024:14:52:11 +0000] "GET /ymcctoswit/hy-969885.html HTTP/1.1" 404 16 "-" "Mozilla/5.0 (compatible; SemrushBot/7~bl; +http://www.semrush.com/bot.html)"
85.208.96.206 - - [16/Oct/2024:14:52:19 +0000] "GET /gnuipwlzre/xo-281369.html HTTP/1.1" 404 16 "-" "Mozilla/5.0 (compatible; SemrushBot/7~bl; +http://www.semrush.com/bot.html)"
85.208.96.193 - - [16/Oct/2024:14:52:30 +0000] "GET /ctlnhenuiv/tk-1164039.html HTTP/1.1" 404 16 "-" "Mozilla/5.0 (compatible; SemrushBot/7~bl; +http://www.semrush.com/bot.html)"
17.241.219.125 - - [16/Oct/2024:14:52:34 +0000] "GET /tag/aegir-sindri/ HTTP/1.1" 404 16 "-" "Mozilla/5.0 (Macintosh; Intel Mac OS X 10_15_7) AppleWebKit/605.1.15 (KHTML, like Gecko) Version/17.4 Safari/605.1.15 (Applebot/0.1; +http://www.apple.com/go/applebot)"
52.59.191.204 - - [16/Oct/2024:14:52:35 +0000] "GET /robots.txt HTTP/1.1" 404 16 "-" "Mozilla/5.0 (Macintosh; Intel Mac OS X 10_15_7) AppleWebKit/605.1.15 (KHTML, like Gecko) Version/14.1 Safari/605.1.15"
