%PDF- %PDF-
Mini Shell

Mini Shell

Direktori : /home/dordingu/access-logs/
Upload File :
Create Path :
Current File : /home/dordingu/access-logs/taflan.dordingull.com

95.108.213.144 - - [16/Oct/2024:12:02:47 +0000] "GET /viewtopic.php?t=51380 HTTP/1.1" 500 - "-" "Mozilla/5.0 (compatible; YandexBot/3.0; +http://yandex.com/bots)"
157.55.39.54 - - [16/Oct/2024:12:03:03 +0000] "GET /product/grassbird771023?id=33 HTTP/1.1" 500 - "-" "Mozilla/5.0 AppleWebKit/537.36 (KHTML, like Gecko; compatible; bingbot/2.0; +http://www.bing.com/bingbot.htm) Chrome/116.0.1938.76 Safari/537.36"
157.55.39.54 - - [16/Oct/2024:12:03:03 +0000] "GET /product/defamed1238675?id=521 HTTP/1.1" 500 - "-" "Mozilla/5.0 AppleWebKit/537.36 (KHTML, like Gecko; compatible; bingbot/2.0; +http://www.bing.com/bingbot.htm) Chrome/116.0.1938.76 Safari/537.36"
47.128.97.51 - - [16/Oct/2024:12:03:50 +0000] "GET /viewtopic.php?t=632638 HTTP/1.1" 500 - "-" "Mozilla/5.0 (Linux; Android 5.0) AppleWebKit/537.36 (KHTML, like Gecko) Mobile Safari/537.36 (compatible; Bytespider; spider-feedback@bytedance.com)"
40.77.167.68 - - [16/Oct/2024:12:04:25 +0000] "GET /product/chocho1652016?id=472 HTTP/1.1" 500 - "-" "Mozilla/5.0 AppleWebKit/537.36 (KHTML, like Gecko; compatible; bingbot/2.0; +http://www.bing.com/bingbot.htm) Chrome/116.0.1938.76 Safari/537.36"
157.55.39.54 - - [16/Oct/2024:12:04:43 +0000] "GET /product/choker638255?id=328 HTTP/1.1" 500 - "-" "Mozilla/5.0 AppleWebKit/537.36 (KHTML, like Gecko; compatible; bingbot/2.0; +http://www.bing.com/bingbot.htm) Chrome/116.0.1938.76 Safari/537.36"
40.77.167.68 - - [16/Oct/2024:12:05:25 +0000] "GET /product/exuviability995720?id=619 HTTP/1.1" 500 - "-" "Mozilla/5.0 AppleWebKit/537.36 (KHTML, like Gecko; compatible; bingbot/2.0; +http://www.bing.com/bingbot.htm) Chrome/116.0.1938.76 Safari/537.36"
40.77.167.59 - - [16/Oct/2024:12:05:41 +0000] "GET /product/betrothal1801232?id=837 HTTP/1.1" 500 - "-" "Mozilla/5.0 AppleWebKit/537.36 (KHTML, like Gecko; compatible; bingbot/2.0; +http://www.bing.com/bingbot.htm) Chrome/116.0.1938.76 Safari/537.36"
20.171.206.133 - - [16/Oct/2024:12:05:51 +0000] "GET /viewtopic.php?f=3&t=48864 HTTP/1.1" 500 - "-" "Mozilla/5.0 AppleWebKit/537.36 (KHTML, like Gecko; compatible; GPTBot/1.0; +https://openai.com/gptbot)"
40.77.167.68 - - [16/Oct/2024:12:06:07 +0000] "GET /product/dulosis595681?id=760 HTTP/1.1" 500 - "-" "Mozilla/5.0 AppleWebKit/537.36 (KHTML, like Gecko; compatible; bingbot/2.0; +http://www.bing.com/bingbot.htm) Chrome/116.0.1938.76 Safari/537.36"
40.77.167.59 - - [16/Oct/2024:12:06:21 +0000] "GET /product/migrant94878?id=706 HTTP/1.1" 500 - "-" "Mozilla/5.0 AppleWebKit/537.36 (KHTML, like Gecko; compatible; bingbot/2.0; +http://www.bing.com/bingbot.htm) Chrome/116.0.1938.76 Safari/537.36"
185.25.35.14 - - [16/Oct/2024:12:06:33 +0000] "GET /robots.txt HTTP/1.1" 500 - "-" "magpie-crawler/1.1 (robots-txt-checker; +http://www.brandwatch.net)"
185.25.35.11 - - [16/Oct/2024:12:06:34 +0000] "GET /viewforum.php?f=33 HTTP/1.1" 500 - "-" "magpie-crawler/1.1 (U; Linux amd64; en-GB; +http://www.brandwatch.net)"
5.255.231.92 - - [16/Oct/2024:12:06:44 +0000] "GET /viewtopic.php?f=5&t=762271 HTTP/1.1" 500 - "-" "Mozilla/5.0 (compatible; YandexBot/3.0; +http://yandex.com/bots)"
95.108.213.80 - - [16/Oct/2024:12:06:49 +0000] "GET /q/T1706971 HTTP/1.1" 500 - "-" "Mozilla/5.0 (compatible; YandexBot/3.0; +http://yandex.com/bots)"
20.171.206.127 - - [16/Oct/2024:12:06:51 +0000] "GET /viewtopic.php?f=3&t=48864 HTTP/1.1" 500 - "-" "Mozilla/5.0 AppleWebKit/537.36 (KHTML, like Gecko; compatible; GPTBot/1.0; +https://openai.com/gptbot)"
185.25.35.10 - - [16/Oct/2024:12:06:57 +0000] "GET /robots.txt HTTP/1.1" 500 - "-" "magpie-crawler/1.1 (robots-txt-checker; +http://www.brandwatch.net)"
185.25.35.10 - - [16/Oct/2024:12:06:57 +0000] "GET /viewforum.php?f=31 HTTP/1.1" 500 - "-" "magpie-crawler/1.1 (U; Linux amd64; en-GB; +http://www.brandwatch.net)"
114.119.128.5 - - [16/Oct/2024:12:07:08 +0000] "GET /viewtopic.php?p=1889069 HTTP/1.1" 500 - "-" "Mozilla/5.0 (Linux; Android 7.0;) AppleWebKit/537.36 (KHTML, like Gecko) Mobile Safari/537.36 (compatible; PetalBot;+https://webmaster.petalsearch.com/site/petalbot)"
40.77.167.59 - - [16/Oct/2024:12:07:21 +0000] "GET /product/arachin847792?id=485 HTTP/1.1" 500 - "-" "Mozilla/5.0 AppleWebKit/537.36 (KHTML, like Gecko; compatible; bingbot/2.0; +http://www.bing.com/bingbot.htm) Chrome/116.0.1938.76 Safari/537.36"
185.25.35.12 - - [16/Oct/2024:12:07:31 +0000] "GET /robots.txt HTTP/1.1" 500 - "-" "magpie-crawler/1.1 (robots-txt-checker; +http://www.brandwatch.net)"
185.25.35.15 - - [16/Oct/2024:12:07:32 +0000] "GET /viewforum.php?f=2 HTTP/1.1" 500 - "-" "magpie-crawler/1.1 (U; Linux amd64; en-GB; +http://www.brandwatch.net)"
87.250.224.217 - - [16/Oct/2024:12:07:45 +0000] "GET /viewtopic.php?f=5&t=295540 HTTP/1.1" 500 - "-" "Mozilla/5.0 (compatible; YandexBot/3.0; +http://yandex.com/bots)"
185.25.35.9 - - [16/Oct/2024:12:07:45 +0000] "GET /robots.txt HTTP/1.1" 500 - "-" "magpie-crawler/1.1 (robots-txt-checker; +http://www.brandwatch.net)"
185.25.35.13 - - [16/Oct/2024:12:07:45 +0000] "GET /viewforum.php?f=8 HTTP/1.1" 500 - "-" "magpie-crawler/1.1 (U; Linux amd64; en-GB; +http://www.brandwatch.net)"
114.119.130.18 - - [16/Oct/2024:12:07:52 +0000] "GET /viewtopic.php?p=849550 HTTP/1.1" 500 - "-" "Mozilla/5.0 (Linux; Android 7.0;) AppleWebKit/537.36 (KHTML, like Gecko) Mobile Safari/537.36 (compatible; PetalBot;+https://webmaster.petalsearch.com/site/petalbot)"
40.77.167.68 - - [16/Oct/2024:12:08:07 +0000] "GET /product/parasitical673692?id=90 HTTP/1.1" 500 - "-" "Mozilla/5.0 AppleWebKit/537.36 (KHTML, like Gecko; compatible; bingbot/2.0; +http://www.bing.com/bingbot.htm) Chrome/116.0.1938.76 Safari/537.36"
207.46.13.128 - - [16/Oct/2024:12:08:07 +0000] "GET /product/creaseless480808?id=999 HTTP/1.1" 500 - "-" "Mozilla/5.0 AppleWebKit/537.36 (KHTML, like Gecko; compatible; bingbot/2.0; +http://www.bing.com/bingbot.htm) Chrome/116.0.1938.76 Safari/537.36"
185.25.35.12 - - [16/Oct/2024:12:08:28 +0000] "GET /robots.txt HTTP/1.1" 500 - "-" "magpie-crawler/1.1 (robots-txt-checker; +http://www.brandwatch.net)"
185.25.35.9 - - [16/Oct/2024:12:08:28 +0000] "GET /viewforum.php?f=7 HTTP/1.1" 500 - "-" "magpie-crawler/1.1 (U; Linux amd64; en-GB; +http://www.brandwatch.net)"
185.25.35.14 - - [16/Oct/2024:12:08:40 +0000] "GET /robots.txt HTTP/1.1" 500 - "-" "magpie-crawler/1.1 (robots-txt-checker; +http://www.brandwatch.net)"
185.25.35.13 - - [16/Oct/2024:12:08:41 +0000] "GET /viewforum.php?f=1 HTTP/1.1" 500 - "-" "magpie-crawler/1.1 (U; Linux amd64; en-GB; +http://www.brandwatch.net)"
185.25.35.10 - - [16/Oct/2024:12:08:51 +0000] "GET /robots.txt HTTP/1.1" 500 - "-" "magpie-crawler/1.1 (robots-txt-checker; +http://www.brandwatch.net)"
185.25.35.11 - - [16/Oct/2024:12:08:52 +0000] "GET /?feed=atom HTTP/1.1" 500 - "-" "magpie-crawler/1.1 (U; Linux amd64; en-GB; +http://www.brandwatch.net)"
40.77.167.68 - - [16/Oct/2024:12:09:05 +0000] "GET /product/homoousion1072615?id=386 HTTP/1.1" 500 - "-" "Mozilla/5.0 AppleWebKit/537.36 (KHTML, like Gecko; compatible; bingbot/2.0; +http://www.bing.com/bingbot.htm) Chrome/116.0.1938.76 Safari/537.36"
40.77.167.68 - - [16/Oct/2024:12:09:05 +0000] "GET /product/increately734775?id=321 HTTP/1.1" 500 - "-" "Mozilla/5.0 AppleWebKit/537.36 (KHTML, like Gecko; compatible; bingbot/2.0; +http://www.bing.com/bingbot.htm) Chrome/116.0.1938.76 Safari/537.36"
40.77.167.59 - - [16/Oct/2024:12:09:31 +0000] "GET /product/esterlin1459051?id=483 HTTP/1.1" 500 - "-" "Mozilla/5.0 AppleWebKit/537.36 (KHTML, like Gecko; compatible; bingbot/2.0; +http://www.bing.com/bingbot.htm) Chrome/116.0.1938.76 Safari/537.36"
207.46.13.7 - - [16/Oct/2024:12:10:34 +0000] "GET /product/arivaipa429147?id=823 HTTP/1.1" 500 - "-" "Mozilla/5.0 AppleWebKit/537.36 (KHTML, like Gecko; compatible; bingbot/2.0; +http://www.bing.com/bingbot.htm) Chrome/116.0.1938.76 Safari/537.36"
207.46.13.7 - - [16/Oct/2024:12:10:34 +0000] "GET /product/dialkyl472826?id=185 HTTP/1.1" 500 - "-" "Mozilla/5.0 AppleWebKit/537.36 (KHTML, like Gecko; compatible; bingbot/2.0; +http://www.bing.com/bingbot.htm) Chrome/116.0.1938.76 Safari/537.36"
47.128.32.230 - - [16/Oct/2024:12:10:50 +0000] "GET /viewtopic.php?t=599290 HTTP/1.1" 500 - "-" "Mozilla/5.0 (Linux; Android 5.0) AppleWebKit/537.36 (KHTML, like Gecko) Mobile Safari/537.36 (compatible; Bytespider; spider-feedback@bytedance.com)"
40.77.167.59 - - [16/Oct/2024:12:11:41 +0000] "GET /product/eoan308943?id=435 HTTP/1.1" 500 - "-" "Mozilla/5.0 AppleWebKit/537.36 (KHTML, like Gecko; compatible; bingbot/2.0; +http://www.bing.com/bingbot.htm) Chrome/116.0.1938.76 Safari/537.36"
52.167.144.191 - - [16/Oct/2024:12:12:18 +0000] "GET /sitemap61.xml HTTP/1.1" 500 - "-" "Mozilla/5.0 AppleWebKit/537.36 (KHTML, like Gecko; compatible; bingbot/2.0; +http://www.bing.com/bingbot.htm) Chrome/116.0.1938.76 Safari/537.36"
52.167.144.191 - - [16/Oct/2024:12:12:19 +0000] "GET /product/bacteriostat765281?id=572 HTTP/1.1" 500 - "-" "Mozilla/5.0 AppleWebKit/537.36 (KHTML, like Gecko; compatible; bingbot/2.0; +http://www.bing.com/bingbot.htm) Chrome/116.0.1938.76 Safari/537.36"
207.46.13.7 - - [16/Oct/2024:12:12:35 +0000] "GET /sitemap47.xml HTTP/1.1" 500 - "-" "Mozilla/5.0 AppleWebKit/537.36 (KHTML, like Gecko; compatible; bingbot/2.0; +http://www.bing.com/bingbot.htm) Chrome/116.0.1938.76 Safari/537.36"
207.46.13.128 - - [16/Oct/2024:12:12:45 +0000] "GET /product/araeosystyle1413539?id=978 HTTP/1.1" 500 - "-" "Mozilla/5.0 AppleWebKit/537.36 (KHTML, like Gecko; compatible; bingbot/2.0; +http://www.bing.com/bingbot.htm) Chrome/116.0.1938.76 Safari/537.36"
40.77.167.73 - - [16/Oct/2024:12:13:12 +0000] "GET /sitemap62.xml HTTP/1.1" 500 - "-" "Mozilla/5.0 AppleWebKit/537.36 (KHTML, like Gecko; compatible; bingbot/2.0; +http://www.bing.com/bingbot.htm) Chrome/116.0.1938.76 Safari/537.36"
114.119.151.233 - - [16/Oct/2024:12:13:22 +0000] "GET /viewtopic.php?p=845582 HTTP/1.1" 500 - "-" "Mozilla/5.0 (Linux; Android 7.0;) AppleWebKit/537.36 (KHTML, like Gecko) Mobile Safari/537.36 (compatible; PetalBot;+https://webmaster.petalsearch.com/site/petalbot)"
207.46.13.128 - - [16/Oct/2024:12:14:04 +0000] "GET /product/antiprotease1074947?id=546 HTTP/1.1" 500 - "-" "Mozilla/5.0 AppleWebKit/537.36 (KHTML, like Gecko; compatible; bingbot/2.0; +http://www.bing.com/bingbot.htm) Chrome/116.0.1938.76 Safari/537.36"
207.46.13.128 - - [16/Oct/2024:12:14:05 +0000] "GET /product/counterchanged286762?id=275 HTTP/1.1" 500 - "-" "Mozilla/5.0 AppleWebKit/537.36 (KHTML, like Gecko; compatible; bingbot/2.0; +http://www.bing.com/bingbot.htm) Chrome/116.0.1938.76 Safari/537.36"
207.46.13.128 - - [16/Oct/2024:12:14:05 +0000] "GET /product/limeless270133?id=174 HTTP/1.1" 500 - "-" "Mozilla/5.0 AppleWebKit/537.36 (KHTML, like Gecko; compatible; bingbot/2.0; +http://www.bing.com/bingbot.htm) Chrome/116.0.1938.76 Safari/537.36"
47.128.122.92 - - [16/Oct/2024:12:14:51 +0000] "GET /viewtopic.php?f=5&p=1506086&t=241336 HTTP/1.1" 500 - "-" "Mozilla/5.0 (Linux; Android 5.0) AppleWebKit/537.36 (KHTML, like Gecko) Mobile Safari/537.36 (compatible; Bytespider; spider-feedback@bytedance.com)"
114.119.150.16 - - [16/Oct/2024:12:14:59 +0000] "GET /viewtopic.php?p=985535 HTTP/1.1" 500 - "-" "Mozilla/5.0 (Linux; Android 7.0;) AppleWebKit/537.36 (KHTML, like Gecko) Mobile Safari/537.36 (compatible; PetalBot;+https://webmaster.petalsearch.com/site/petalbot)"
40.77.167.51 - - [16/Oct/2024:12:15:12 +0000] "GET /sitemap.xml.gz HTTP/1.1" 500 - "-" "Mozilla/5.0 AppleWebKit/537.36 (KHTML, like Gecko; compatible; bingbot/2.0; +http://www.bing.com/bingbot.htm) Chrome/116.0.1938.76 Safari/537.36"
87.250.224.32 - - [16/Oct/2024:12:15:12 +0000] "GET /viewtopic.php?t=50624 HTTP/1.1" 500 - "-" "Mozilla/5.0 (compatible; YandexBot/3.0; +http://yandex.com/bots)"
40.77.167.73 - - [16/Oct/2024:12:15:22 +0000] "GET /product/clithe1909316?id=180 HTTP/1.1" 500 - "-" "Mozilla/5.0 AppleWebKit/537.36 (KHTML, like Gecko; compatible; bingbot/2.0; +http://www.bing.com/bingbot.htm) Chrome/116.0.1938.76 Safari/537.36"
207.46.13.128 - - [16/Oct/2024:12:15:25 +0000] "GET /product/detain715342?id=928 HTTP/1.1" 500 - "-" "Mozilla/5.0 AppleWebKit/537.36 (KHTML, like Gecko; compatible; bingbot/2.0; +http://www.bing.com/bingbot.htm) Chrome/116.0.1938.76 Safari/537.36"
52.167.144.191 - - [16/Oct/2024:12:16:10 +0000] "GET /product/prehistorics1440818?id=772 HTTP/1.1" 500 - "-" "Mozilla/5.0 AppleWebKit/537.36 (KHTML, like Gecko; compatible; bingbot/2.0; +http://www.bing.com/bingbot.htm) Chrome/116.0.1938.76 Safari/537.36"
87.250.224.244 - - [16/Oct/2024:12:16:54 +0000] "GET /q/S1707958 HTTP/1.1" 500 - "-" "Mozilla/5.0 (compatible; YandexBot/3.0; +http://yandex.com/bots)"
207.46.13.107 - - [16/Oct/2024:12:17:15 +0000] "GET /product/infitter409641?id=426 HTTP/1.1" 500 - "-" "Mozilla/5.0 AppleWebKit/537.36 (KHTML, like Gecko; compatible; bingbot/2.0; +http://www.bing.com/bingbot.htm) Chrome/116.0.1938.76 Safari/537.36"
207.46.13.107 - - [16/Oct/2024:12:17:25 +0000] "GET /product/intersect315386?id=237 HTTP/1.1" 500 - "-" "Mozilla/5.0 AppleWebKit/537.36 (KHTML, like Gecko; compatible; bingbot/2.0; +http://www.bing.com/bingbot.htm) Chrome/116.0.1938.76 Safari/537.36"
40.77.167.73 - - [16/Oct/2024:12:17:32 +0000] "GET /product/filanders833337?id=377 HTTP/1.1" 500 - "-" "Mozilla/5.0 AppleWebKit/537.36 (KHTML, like Gecko; compatible; bingbot/2.0; +http://www.bing.com/bingbot.htm) Chrome/116.0.1938.76 Safari/537.36"
40.77.167.73 - - [16/Oct/2024:12:17:52 +0000] "GET /product/accessorily122747?id=905 HTTP/1.1" 500 - "-" "Mozilla/5.0 AppleWebKit/537.36 (KHTML, like Gecko; compatible; bingbot/2.0; +http://www.bing.com/bingbot.htm) Chrome/116.0.1938.76 Safari/537.36"
106.15.73.3 - - [16/Oct/2024:12:18:35 +0000] "GET //news/tabid/349/Default.aspx?itemid=969&dispmid=3009 HTTP/1.1" 500 - "-" "Mozilla/5.0 (Windows NT 6.1; Win64; x64) AppleWebKit/537.36 (KHTML, like Gecko) Chrome/105.0.5195.126 Safari/537.36"
40.77.167.73 - - [16/Oct/2024:12:18:36 +0000] "GET /product/annard190087?id=210 HTTP/1.1" 500 - "-" "Mozilla/5.0 AppleWebKit/537.36 (KHTML, like Gecko; compatible; bingbot/2.0; +http://www.bing.com/bingbot.htm) Chrome/116.0.1938.76 Safari/537.36"
216.244.66.242 - - [16/Oct/2024:12:18:49 +0000] "GET /robots.txt HTTP/1.1" 500 - "-" "Mozilla/5.0 (compatible; DotBot/1.2; +https://opensiteexplorer.org/dotbot; help@moz.com)"
47.128.35.70 - - [16/Oct/2024:12:18:51 +0000] "GET /viewtopic.php?f=5&p=1634216&t=241336 HTTP/1.1" 500 - "-" "Mozilla/5.0 (Linux; Android 5.0) AppleWebKit/537.36 (KHTML, like Gecko) Mobile Safari/537.36 (compatible; Bytespider; spider-feedback@bytedance.com)"
114.119.129.113 - - [16/Oct/2024:12:18:53 +0000] "GET /viewtopic.php?p=800579 HTTP/1.1" 500 - "-" "Mozilla/5.0 (Linux; Android 7.0;) AppleWebKit/537.36 (KHTML, like Gecko) Mobile Safari/537.36 (compatible; PetalBot;+https://webmaster.petalsearch.com/site/petalbot)"
87.250.224.21 - - [16/Oct/2024:12:19:25 +0000] "GET /viewtopic.php?f=5&t=354881 HTTP/1.1" 500 - "-" "Mozilla/5.0 (compatible; YandexBot/3.0; +http://yandex.com/bots)"
40.77.167.73 - - [16/Oct/2024:12:19:53 +0000] "GET /product/glyptodont498685?id=382 HTTP/1.1" 500 - "-" "Mozilla/5.0 AppleWebKit/537.36 (KHTML, like Gecko; compatible; bingbot/2.0; +http://www.bing.com/bingbot.htm) Chrome/116.0.1938.76 Safari/537.36"
40.77.167.73 - - [16/Oct/2024:12:19:53 +0000] "GET /product/becross486789?id=707 HTTP/1.1" 500 - "-" "Mozilla/5.0 AppleWebKit/537.36 (KHTML, like Gecko; compatible; bingbot/2.0; +http://www.bing.com/bingbot.htm) Chrome/116.0.1938.76 Safari/537.36"
207.46.13.107 - - [16/Oct/2024:12:20:25 +0000] "GET /product/barytosulphate1694975?id=558 HTTP/1.1" 500 - "-" "Mozilla/5.0 AppleWebKit/537.36 (KHTML, like Gecko; compatible; bingbot/2.0; +http://www.bing.com/bingbot.htm) Chrome/116.0.1938.76 Safari/537.36"
52.167.144.235 - - [16/Oct/2024:12:20:56 +0000] "GET /product/baleen1687694?id=338 HTTP/1.1" 500 - "-" "Mozilla/5.0 AppleWebKit/537.36 (KHTML, like Gecko; compatible; bingbot/2.0; +http://www.bing.com/bingbot.htm) Chrome/116.0.1938.76 Safari/537.36"
40.77.167.73 - - [16/Oct/2024:12:21:04 +0000] "GET /product/begash315824?id=920 HTTP/1.1" 500 - "-" "Mozilla/5.0 AppleWebKit/537.36 (KHTML, like Gecko; compatible; bingbot/2.0; +http://www.bing.com/bingbot.htm) Chrome/116.0.1938.76 Safari/537.36"
207.46.13.107 - - [16/Oct/2024:12:21:45 +0000] "GET /product/ascochyta1500428?id=752 HTTP/1.1" 500 - "-" "Mozilla/5.0 AppleWebKit/537.36 (KHTML, like Gecko; compatible; bingbot/2.0; +http://www.bing.com/bingbot.htm) Chrome/116.0.1938.76 Safari/537.36"
52.167.144.235 - - [16/Oct/2024:12:21:47 +0000] "GET /product/crier960432?id=185 HTTP/1.1" 500 - "-" "Mozilla/5.0 AppleWebKit/537.36 (KHTML, like Gecko; compatible; bingbot/2.0; +http://www.bing.com/bingbot.htm) Chrome/116.0.1938.76 Safari/537.36"
185.25.35.9 - - [16/Oct/2024:12:22:07 +0000] "GET /robots.txt HTTP/1.1" 500 - "-" "magpie-crawler/1.1 (robots-txt-checker; +http://www.brandwatch.net)"
185.25.35.15 - - [16/Oct/2024:12:22:08 +0000] "GET /viewforum.php?f=3 HTTP/1.1" 500 - "-" "magpie-crawler/1.1 (U; Linux amd64; en-GB; +http://www.brandwatch.net)"
40.77.167.73 - - [16/Oct/2024:12:22:13 +0000] "GET /product/algosis656143?id=174 HTTP/1.1" 500 - "-" "Mozilla/5.0 AppleWebKit/537.36 (KHTML, like Gecko; compatible; bingbot/2.0; +http://www.bing.com/bingbot.htm) Chrome/116.0.1938.76 Safari/537.36"
52.167.144.235 - - [16/Oct/2024:12:22:37 +0000] "GET /product/depravity1946601?id=917 HTTP/1.1" 500 - "-" "Mozilla/5.0 AppleWebKit/537.36 (KHTML, like Gecko; compatible; bingbot/2.0; +http://www.bing.com/bingbot.htm) Chrome/116.0.1938.76 Safari/537.36"
185.25.35.9 - - [16/Oct/2024:12:22:47 +0000] "GET /robots.txt HTTP/1.1" 500 - "-" "magpie-crawler/1.1 (robots-txt-checker; +http://www.brandwatch.net)"
185.25.35.14 - - [16/Oct/2024:12:22:47 +0000] "GET /viewforum.php?f=10 HTTP/1.1" 500 - "-" "magpie-crawler/1.1 (U; Linux amd64; en-GB; +http://www.brandwatch.net)"
114.119.149.1 - - [16/Oct/2024:12:22:49 +0000] "GET /viewtopic.php?p=809788 HTTP/1.1" 500 - "-" "Mozilla/5.0 (Linux; Android 7.0;) AppleWebKit/537.36 (KHTML, like Gecko) Mobile Safari/537.36 (compatible; PetalBot;+https://webmaster.petalsearch.com/site/petalbot)"
47.128.43.195 - - [16/Oct/2024:12:22:52 +0000] "GET /viewtopic.php?f=5&p=1566531&t=241336 HTTP/1.1" 500 - "-" "Mozilla/5.0 (Linux; Android 5.0) AppleWebKit/537.36 (KHTML, like Gecko) Mobile Safari/537.36 (compatible; Bytespider; spider-feedback@bytedance.com)"
40.77.167.73 - - [16/Oct/2024:12:22:52 +0000] "GET /product/cynoid149505?id=912 HTTP/1.1" 500 - "-" "Mozilla/5.0 AppleWebKit/537.36 (KHTML, like Gecko; compatible; bingbot/2.0; +http://www.bing.com/bingbot.htm) Chrome/116.0.1938.76 Safari/537.36"
40.77.167.73 - - [16/Oct/2024:12:22:52 +0000] "GET /product/bhara253815?id=840 HTTP/1.1" 500 - "-" "Mozilla/5.0 AppleWebKit/537.36 (KHTML, like Gecko; compatible; bingbot/2.0; +http://www.bing.com/bingbot.htm) Chrome/116.0.1938.76 Safari/537.36"
185.25.35.15 - - [16/Oct/2024:12:23:16 +0000] "GET /robots.txt HTTP/1.1" 500 - "-" "magpie-crawler/1.1 (robots-txt-checker; +http://www.brandwatch.net)"
185.25.35.10 - - [16/Oct/2024:12:23:17 +0000] "GET /viewforum.php?f=5 HTTP/1.1" 500 - "-" "magpie-crawler/1.1 (U; Linux amd64; en-GB; +http://www.brandwatch.net)"
216.244.66.226 - - [16/Oct/2024:12:23:47 +0000] "GET /robots.txt HTTP/1.1" 500 - "-" "Mozilla/5.0 (compatible; DotBot/1.2; +https://opensiteexplorer.org/dotbot; help@moz.com)"
216.244.66.226 - - [16/Oct/2024:12:23:47 +0000] "GET /robots.txt HTTP/1.1" 500 - "-" "Mozilla/5.0 (compatible; DotBot/1.2; +https://opensiteexplorer.org/dotbot; help@moz.com)"
54.154.40.25 - - [16/Oct/2024:12:23:57 +0000] "GET / HTTP/1.1" 500 - "-" "CLARA/1.7 +http://www.clara.is"
54.154.40.25 - - [16/Oct/2024:12:24:01 +0000] "GET / HTTP/1.1" 500 - "-" "CLARA/1.7 +http://www.clara.is"
54.154.40.25 - - [16/Oct/2024:12:24:10 +0000] "GET / HTTP/1.1" 500 - "-" "CLARA/1.7 +http://www.clara.is"
207.46.13.107 - - [16/Oct/2024:12:24:16 +0000] "GET /product/hypostomous51237?id=787 HTTP/1.1" 500 - "-" "Mozilla/5.0 AppleWebKit/537.36 (KHTML, like Gecko; compatible; bingbot/2.0; +http://www.bing.com/bingbot.htm) Chrome/116.0.1938.76 Safari/537.36"
114.119.153.246 - - [16/Oct/2024:12:24:23 +0000] "GET /viewtopic.php?p=1903986 HTTP/1.1" 500 - "http://www.taflan.org/viewtopic.php?f=7&t=645747&sid=66b286237c03faf28ead60f4babf8ff4" "Mozilla/5.0 (Linux; Android 7.0;) AppleWebKit/537.36 (KHTML, like Gecko) Mobile Safari/537.36 (compatible; PetalBot;+https://webmaster.petalsearch.com/site/petalbot)"
54.154.40.25 - - [16/Oct/2024:12:24:26 +0000] "GET / HTTP/1.1" 500 - "-" "CLARA/1.7 +http://www.clara.is"
54.154.40.25 - - [16/Oct/2024:12:24:58 +0000] "GET / HTTP/1.1" 500 - "-" "CLARA/1.7 +http://www.clara.is"
52.167.144.235 - - [16/Oct/2024:12:25:17 +0000] "GET /product/embroaden155406?id=859 HTTP/1.1" 500 - "-" "Mozilla/5.0 AppleWebKit/537.36 (KHTML, like Gecko; compatible; bingbot/2.0; +http://www.bing.com/bingbot.htm) Chrome/116.0.1938.76 Safari/537.36"
5.255.231.40 - - [16/Oct/2024:12:25:21 +0000] "GET /viewtopic.php?p=1042781 HTTP/1.1" 500 - "-" "Mozilla/5.0 (compatible; YandexBot/3.0; +http://yandex.com/bots)"
54.154.40.25 - - [16/Oct/2024:12:26:03 +0000] "GET / HTTP/1.1" 500 - "-" "CLARA/1.7 +http://www.clara.is"
52.167.144.235 - - [16/Oct/2024:12:26:27 +0000] "GET /product/maximite78005?id=342 HTTP/1.1" 500 - "-" "Mozilla/5.0 AppleWebKit/537.36 (KHTML, like Gecko; compatible; bingbot/2.0; +http://www.bing.com/bingbot.htm) Chrome/116.0.1938.76 Safari/537.36"
52.167.144.235 - - [16/Oct/2024:12:26:57 +0000] "GET /product/depopulation1451152?id=254 HTTP/1.1" 500 - "-" "Mozilla/5.0 AppleWebKit/537.36 (KHTML, like Gecko; compatible; bingbot/2.0; +http://www.bing.com/bingbot.htm) Chrome/116.0.1938.76 Safari/537.36"
52.167.144.174 - - [16/Oct/2024:12:27:24 +0000] "GET /product/bleariness381409?id=313 HTTP/1.1" 500 - "-" "Mozilla/5.0 AppleWebKit/537.36 (KHTML, like Gecko; compatible; bingbot/2.0; +http://www.bing.com/bingbot.htm) Chrome/116.0.1938.76 Safari/537.36"
207.46.13.107 - - [16/Oct/2024:12:27:45 +0000] "GET /product/hermitically790004?id=404 HTTP/1.1" 500 - "-" "Mozilla/5.0 AppleWebKit/537.36 (KHTML, like Gecko; compatible; bingbot/2.0; +http://www.bing.com/bingbot.htm) Chrome/116.0.1938.76 Safari/537.36"
185.25.35.10 - - [16/Oct/2024:12:28:01 +0000] "GET /robots.txt HTTP/1.1" 500 - "-" "magpie-crawler/1.1 (robots-txt-checker; +http://www.brandwatch.net)"
185.25.35.10 - - [16/Oct/2024:12:28:01 +0000] "GET /viewforum.php?f=33 HTTP/1.1" 500 - "-" "magpie-crawler/1.1 (U; Linux amd64; en-GB; +http://www.brandwatch.net)"
52.167.144.174 - - [16/Oct/2024:12:28:23 +0000] "GET /product/azodicarboxylic351226?id=410 HTTP/1.1" 500 - "-" "Mozilla/5.0 AppleWebKit/537.36 (KHTML, like Gecko; compatible; bingbot/2.0; +http://www.bing.com/bingbot.htm) Chrome/116.0.1938.76 Safari/537.36"
185.25.35.8 - - [16/Oct/2024:12:28:25 +0000] "GET /robots.txt HTTP/1.1" 500 - "-" "magpie-crawler/1.1 (robots-txt-checker; +http://www.brandwatch.net)"
185.25.35.8 - - [16/Oct/2024:12:28:25 +0000] "GET /viewforum.php?f=31 HTTP/1.1" 500 - "-" "magpie-crawler/1.1 (U; Linux amd64; en-GB; +http://www.brandwatch.net)"
185.25.35.13 - - [16/Oct/2024:12:28:51 +0000] "GET /robots.txt HTTP/1.1" 500 - "-" "magpie-crawler/1.1 (robots-txt-checker; +http://www.brandwatch.net)"
185.25.35.11 - - [16/Oct/2024:12:28:52 +0000] "GET /viewforum.php?f=2 HTTP/1.1" 500 - "-" "magpie-crawler/1.1 (U; Linux amd64; en-GB; +http://www.brandwatch.net)"
213.180.203.182 - - [16/Oct/2024:12:28:56 +0000] "GET /viewtopic.php?t=53673 HTTP/1.1" 500 - "-" "Mozilla/5.0 (compatible; YandexBot/3.0; +http://yandex.com/bots)"
185.25.35.15 - - [16/Oct/2024:12:29:04 +0000] "GET /robots.txt HTTP/1.1" 500 - "-" "magpie-crawler/1.1 (robots-txt-checker; +http://www.brandwatch.net)"
185.25.35.15 - - [16/Oct/2024:12:29:05 +0000] "GET /viewforum.php?f=8 HTTP/1.1" 500 - "-" "magpie-crawler/1.1 (U; Linux amd64; en-GB; +http://www.brandwatch.net)"
52.167.144.235 - - [16/Oct/2024:12:29:18 +0000] "GET /product/excursory1150148?id=846 HTTP/1.1" 500 - "-" "Mozilla/5.0 AppleWebKit/537.36 (KHTML, like Gecko; compatible; bingbot/2.0; +http://www.bing.com/bingbot.htm) Chrome/116.0.1938.76 Safari/537.36"
207.46.13.7 - - [16/Oct/2024:12:29:46 +0000] "GET /product/cevennian903445?id=541 HTTP/1.1" 500 - "-" "Mozilla/5.0 AppleWebKit/537.36 (KHTML, like Gecko; compatible; bingbot/2.0; +http://www.bing.com/bingbot.htm) Chrome/116.0.1938.76 Safari/537.36"
185.25.35.13 - - [16/Oct/2024:12:29:48 +0000] "GET /robots.txt HTTP/1.1" 500 - "-" "magpie-crawler/1.1 (robots-txt-checker; +http://www.brandwatch.net)"
185.25.35.11 - - [16/Oct/2024:12:29:49 +0000] "GET /viewforum.php?f=7 HTTP/1.1" 500 - "-" "magpie-crawler/1.1 (U; Linux amd64; en-GB; +http://www.brandwatch.net)"
114.119.130.18 - - [16/Oct/2024:12:29:55 +0000] "GET /viewtopic.php?p=1903012 HTTP/1.1" 500 - "-" "Mozilla/5.0 (Linux; Android 7.0;) AppleWebKit/537.36 (KHTML, like Gecko) Mobile Safari/537.36 (compatible; PetalBot;+https://webmaster.petalsearch.com/site/petalbot)"
207.46.13.7 - - [16/Oct/2024:12:29:56 +0000] "GET /product/lackaday839819?id=486 HTTP/1.1" 500 - "-" "Mozilla/5.0 AppleWebKit/537.36 (KHTML, like Gecko; compatible; bingbot/2.0; +http://www.bing.com/bingbot.htm) Chrome/116.0.1938.76 Safari/537.36"
185.25.35.13 - - [16/Oct/2024:12:30:01 +0000] "GET /robots.txt HTTP/1.1" 500 - "-" "magpie-crawler/1.1 (robots-txt-checker; +http://www.brandwatch.net)"
185.25.35.8 - - [16/Oct/2024:12:30:03 +0000] "GET /viewforum.php?f=1 HTTP/1.1" 500 - "-" "magpie-crawler/1.1 (U; Linux amd64; en-GB; +http://www.brandwatch.net)"
213.180.203.147 - - [16/Oct/2024:12:30:05 +0000] "GET /robots.txt HTTP/1.1" 500 - "-" "Mozilla/5.0 (compatible; YandexBot/3.0; +http://yandex.com/bots)"
185.25.35.12 - - [16/Oct/2024:12:30:13 +0000] "GET /robots.txt HTTP/1.1" 500 - "-" "magpie-crawler/1.1 (robots-txt-checker; +http://www.brandwatch.net)"
52.167.144.174 - - [16/Oct/2024:12:30:14 +0000] "GET /product/jadedness505913?id=211 HTTP/1.1" 500 - "-" "Mozilla/5.0 AppleWebKit/537.36 (KHTML, like Gecko; compatible; bingbot/2.0; +http://www.bing.com/bingbot.htm) Chrome/116.0.1938.76 Safari/537.36"
185.25.35.11 - - [16/Oct/2024:12:30:14 +0000] "GET /?feed=atom HTTP/1.1" 500 - "-" "magpie-crawler/1.1 (U; Linux amd64; en-GB; +http://www.brandwatch.net)"
114.119.132.61 - - [16/Oct/2024:12:30:39 +0000] "GET /viewtopic.php?p=678150 HTTP/1.1" 500 - "-" "Mozilla/5.0 (Linux; Android 7.0;) AppleWebKit/537.36 (KHTML, like Gecko) Mobile Safari/537.36 (compatible; PetalBot;+https://webmaster.petalsearch.com/site/petalbot)"
87.250.224.29 - - [16/Oct/2024:12:30:52 +0000] "GET /viewtopic.php?f=1&t=45827 HTTP/1.1" 500 - "-" "Mozilla/5.0 (compatible; YandexBot/3.0; +http://yandex.com/bots)"
52.167.144.235 - - [16/Oct/2024:12:30:57 +0000] "GET /product/microdontism1528744?id=158 HTTP/1.1" 500 - "-" "Mozilla/5.0 AppleWebKit/537.36 (KHTML, like Gecko; compatible; bingbot/2.0; +http://www.bing.com/bingbot.htm) Chrome/116.0.1938.76 Safari/537.36"
52.167.144.235 - - [16/Oct/2024:12:30:57 +0000] "GET /product/graveship99670?id=355 HTTP/1.1" 500 - "-" "Mozilla/5.0 AppleWebKit/537.36 (KHTML, like Gecko; compatible; bingbot/2.0; +http://www.bing.com/bingbot.htm) Chrome/116.0.1938.76 Safari/537.36"
47.128.42.182 - - [16/Oct/2024:12:31:09 +0000] "GET /viewtopic.php?f=5&t=551513 HTTP/1.1" 500 - "-" "Mozilla/5.0 (Linux; Android 5.0) AppleWebKit/537.36 (KHTML, like Gecko) Mobile Safari/537.36 (compatible; Bytespider; spider-feedback@bytedance.com)"
20.171.206.247 - - [16/Oct/2024:12:31:58 +0000] "GET /viewtopic.php?f=7&t=49961 HTTP/1.1" 500 - "-" "Mozilla/5.0 AppleWebKit/537.36 (KHTML, like Gecko; compatible; GPTBot/1.0; +https://openai.com/gptbot)"
52.167.144.174 - - [16/Oct/2024:12:32:24 +0000] "GET /product/aptly1823719?id=255 HTTP/1.1" 500 - "-" "Mozilla/5.0 AppleWebKit/537.36 (KHTML, like Gecko; compatible; bingbot/2.0; +http://www.bing.com/bingbot.htm) Chrome/116.0.1938.76 Safari/537.36"
20.171.206.100 - - [16/Oct/2024:12:32:58 +0000] "GET /viewtopic.php?f=7&t=49961 HTTP/1.1" 500 - "-" "Mozilla/5.0 AppleWebKit/537.36 (KHTML, like Gecko; compatible; GPTBot/1.0; +https://openai.com/gptbot)"
207.46.13.7 - - [16/Oct/2024:12:33:17 +0000] "GET /product/decussate1260018?id=915 HTTP/1.1" 500 - "-" "Mozilla/5.0 AppleWebKit/537.36 (KHTML, like Gecko; compatible; bingbot/2.0; +http://www.bing.com/bingbot.htm) Chrome/116.0.1938.76 Safari/537.36"
207.46.13.7 - - [16/Oct/2024:12:33:56 +0000] "GET /product/cuisine692591?id=88 HTTP/1.1" 500 - "-" "Mozilla/5.0 AppleWebKit/537.36 (KHTML, like Gecko; compatible; bingbot/2.0; +http://www.bing.com/bingbot.htm) Chrome/116.0.1938.76 Safari/537.36"
207.46.13.7 - - [16/Oct/2024:12:34:36 +0000] "GET /product/headboard401969?id=496 HTTP/1.1" 500 - "-" "Mozilla/5.0 AppleWebKit/537.36 (KHTML, like Gecko; compatible; bingbot/2.0; +http://www.bing.com/bingbot.htm) Chrome/116.0.1938.76 Safari/537.36"
114.119.130.18 - - [16/Oct/2024:12:35:25 +0000] "GET /viewtopic.php?p=1902756 HTTP/1.1" 500 - "-" "Mozilla/5.0 (Linux; Android 7.0;) AppleWebKit/537.36 (KHTML, like Gecko) Mobile Safari/537.36 (compatible; PetalBot;+https://webmaster.petalsearch.com/site/petalbot)"
95.108.213.231 - - [16/Oct/2024:12:36:05 +0000] "GET /viewtopic.php?f=5&t=761579 HTTP/1.1" 500 - "-" "Mozilla/5.0 (compatible; YandexBot/3.0; +http://yandex.com/bots)"
40.77.167.7 - - [16/Oct/2024:12:36:17 +0000] "GET /product/representationism1885067?id=241 HTTP/1.1" 500 - "-" "Mozilla/5.0 AppleWebKit/537.36 (KHTML, like Gecko; compatible; bingbot/2.0; +http://www.bing.com/bingbot.htm) Chrome/116.0.1938.76 Safari/537.36"
95.108.213.140 - - [16/Oct/2024:12:36:33 +0000] "GET /robots.txt HTTP/1.1" 500 - "-" "Mozilla/5.0 (compatible; YandexBot/3.0; +http://yandex.com/bots)"
40.77.167.7 - - [16/Oct/2024:12:36:48 +0000] "GET /product/eutomous891507?id=943 HTTP/1.1" 500 - "-" "Mozilla/5.0 AppleWebKit/537.36 (KHTML, like Gecko; compatible; bingbot/2.0; +http://www.bing.com/bingbot.htm) Chrome/116.0.1938.76 Safari/537.36"
40.77.167.28 - - [16/Oct/2024:12:36:53 +0000] "GET /product/antiquity1192975?id=78 HTTP/1.1" 500 - "-" "Mozilla/5.0 AppleWebKit/537.36 (KHTML, like Gecko; compatible; bingbot/2.0; +http://www.bing.com/bingbot.htm) Chrome/116.0.1938.76 Safari/537.36"
40.77.167.7 - - [16/Oct/2024:12:37:08 +0000] "GET /product/ascript55830?id=315 HTTP/1.1" 500 - "-" "Mozilla/5.0 AppleWebKit/537.36 (KHTML, like Gecko; compatible; bingbot/2.0; +http://www.bing.com/bingbot.htm) Chrome/116.0.1938.76 Safari/537.36"
40.77.167.7 - - [16/Oct/2024:12:37:08 +0000] "GET /product/lengthiness1213589?id=393 HTTP/1.1" 500 - "-" "Mozilla/5.0 AppleWebKit/537.36 (KHTML, like Gecko; compatible; bingbot/2.0; +http://www.bing.com/bingbot.htm) Chrome/116.0.1938.76 Safari/537.36"
40.77.167.28 - - [16/Oct/2024:12:37:14 +0000] "GET /product/brainwork176848?id=143 HTTP/1.1" 500 - "-" "Mozilla/5.0 AppleWebKit/537.36 (KHTML, like Gecko; compatible; bingbot/2.0; +http://www.bing.com/bingbot.htm) Chrome/116.0.1938.76 Safari/537.36"
40.77.167.28 - - [16/Oct/2024:12:37:34 +0000] "GET /product/pseudoglanders132468?id=809 HTTP/1.1" 500 - "-" "Mozilla/5.0 AppleWebKit/537.36 (KHTML, like Gecko; compatible; bingbot/2.0; +http://www.bing.com/bingbot.htm) Chrome/116.0.1938.76 Safari/537.36"
207.46.13.7 - - [16/Oct/2024:12:38:17 +0000] "GET /product/antityphoid598341?id=50 HTTP/1.1" 500 - "-" "Mozilla/5.0 AppleWebKit/537.36 (KHTML, like Gecko; compatible; bingbot/2.0; +http://www.bing.com/bingbot.htm) Chrome/116.0.1938.76 Safari/537.36"
207.46.13.7 - - [16/Oct/2024:12:38:17 +0000] "GET /product/disimprove690028?id=447 HTTP/1.1" 500 - "-" "Mozilla/5.0 AppleWebKit/537.36 (KHTML, like Gecko; compatible; bingbot/2.0; +http://www.bing.com/bingbot.htm) Chrome/116.0.1938.76 Safari/537.36"
114.119.128.5 - - [16/Oct/2024:12:38:30 +0000] "GET /viewtopic.php?p=2071540 HTTP/1.1" 500 - "http://forum.fragoria.com/showthread.php?s=052d6e2adf98128f4c75e1d881e0fcb0&t=46373&page=35" "Mozilla/5.0 (Linux; Android 7.0;) AppleWebKit/537.36 (KHTML, like Gecko) Mobile Safari/537.36 (compatible; PetalBot;+https://webmaster.petalsearch.com/site/petalbot)"
95.108.213.190 - - [16/Oct/2024:12:38:38 +0000] "GET /viewtopic.php?f=5&t=297544 HTTP/1.1" 500 - "-" "Mozilla/5.0 (compatible; YandexBot/3.0; +http://yandex.com/bots)"
95.175.73.146 - - [16/Oct/2024:12:38:43 +0000] "GET /robots.txt HTTP/1.1" 500 - "-" "Mozilla/5.0 (X11; Linux x86_64) AppleWebKit/537.36 (KHTML, like Gecko) Chrome/129.0.0.0 Safari/537.36"
207.46.13.153 - - [16/Oct/2024:12:39:27 +0000] "GET /product/hingeless1788316?id=824 HTTP/1.1" 500 - "-" "Mozilla/5.0 AppleWebKit/537.36 (KHTML, like Gecko; compatible; bingbot/2.0; +http://www.bing.com/bingbot.htm) Chrome/116.0.1938.76 Safari/537.36"
207.46.13.153 - - [16/Oct/2024:12:40:37 +0000] "GET /product/caramelen1699309?id=755 HTTP/1.1" 500 - "-" "Mozilla/5.0 AppleWebKit/537.36 (KHTML, like Gecko; compatible; bingbot/2.0; +http://www.bing.com/bingbot.htm) Chrome/116.0.1938.76 Safari/537.36"
114.119.153.246 - - [16/Oct/2024:12:40:56 +0000] "GET /viewtopic.php?p=1900225 HTTP/1.1" 500 - "-" "Mozilla/5.0 (Linux; Android 7.0;) AppleWebKit/537.36 (KHTML, like Gecko) Mobile Safari/537.36 (compatible; PetalBot;+https://webmaster.petalsearch.com/site/petalbot)"
185.25.35.9 - - [16/Oct/2024:12:41:07 +0000] "GET /robots.txt HTTP/1.1" 500 - "-" "magpie-crawler/1.1 (robots-txt-checker; +http://www.brandwatch.net)"
185.25.35.10 - - [16/Oct/2024:12:41:09 +0000] "GET /viewforum.php?f=2 HTTP/1.1" 500 - "-" "magpie-crawler/1.1 (U; Linux amd64; en-GB; +http://www.brandwatch.net)"
207.46.13.153 - - [16/Oct/2024:12:41:57 +0000] "GET /product/agraffee52276?id=961 HTTP/1.1" 500 - "-" "Mozilla/5.0 AppleWebKit/537.36 (KHTML, like Gecko; compatible; bingbot/2.0; +http://www.bing.com/bingbot.htm) Chrome/116.0.1938.76 Safari/537.36"
40.77.167.7 - - [16/Oct/2024:12:41:58 +0000] "GET /product/covillea797640?id=546 HTTP/1.1" 500 - "-" "Mozilla/5.0 AppleWebKit/537.36 (KHTML, like Gecko; compatible; bingbot/2.0; +http://www.bing.com/bingbot.htm) Chrome/116.0.1938.76 Safari/537.36"
40.77.167.7 - - [16/Oct/2024:12:41:58 +0000] "GET /product/dentifrice564361?id=721 HTTP/1.1" 500 - "-" "Mozilla/5.0 AppleWebKit/537.36 (KHTML, like Gecko; compatible; bingbot/2.0; +http://www.bing.com/bingbot.htm) Chrome/116.0.1938.76 Safari/537.36"
185.25.35.11 - - [16/Oct/2024:12:42:07 +0000] "GET /robots.txt HTTP/1.1" 500 - "-" "magpie-crawler/1.1 (robots-txt-checker; +http://www.brandwatch.net)"
185.25.35.8 - - [16/Oct/2024:12:42:07 +0000] "GET /viewforum.php?f=3 HTTP/1.1" 500 - "-" "magpie-crawler/1.1 (U; Linux amd64; en-GB; +http://www.brandwatch.net)"
185.25.35.13 - - [16/Oct/2024:12:42:35 +0000] "GET /robots.txt HTTP/1.1" 500 - "-" "magpie-crawler/1.1 (robots-txt-checker; +http://www.brandwatch.net)"
185.25.35.11 - - [16/Oct/2024:12:42:36 +0000] "GET /viewforum.php?f=10 HTTP/1.1" 500 - "-" "magpie-crawler/1.1 (U; Linux amd64; en-GB; +http://www.brandwatch.net)"
207.46.13.153 - - [16/Oct/2024:12:42:47 +0000] "GET /product/eremacausis1065403?id=518 HTTP/1.1" 500 - "-" "Mozilla/5.0 AppleWebKit/537.36 (KHTML, like Gecko; compatible; bingbot/2.0; +http://www.bing.com/bingbot.htm) Chrome/116.0.1938.76 Safari/537.36"
185.25.35.13 - - [16/Oct/2024:12:42:56 +0000] "GET /robots.txt HTTP/1.1" 500 - "-" "magpie-crawler/1.1 (robots-txt-checker; +http://www.brandwatch.net)"
185.25.35.12 - - [16/Oct/2024:12:42:56 +0000] "GET /viewforum.php?f=5 HTTP/1.1" 500 - "-" "magpie-crawler/1.1 (U; Linux amd64; en-GB; +http://www.brandwatch.net)"
207.46.13.153 - - [16/Oct/2024:12:43:27 +0000] "GET /product/hypoantimonate901499?id=449 HTTP/1.1" 500 - "-" "Mozilla/5.0 AppleWebKit/537.36 (KHTML, like Gecko; compatible; bingbot/2.0; +http://www.bing.com/bingbot.htm) Chrome/116.0.1938.76 Safari/537.36"
52.167.144.235 - - [16/Oct/2024:12:43:30 +0000] "GET /product/fantastical629179?id=649 HTTP/1.1" 500 - "-" "Mozilla/5.0 AppleWebKit/537.36 (KHTML, like Gecko; compatible; bingbot/2.0; +http://www.bing.com/bingbot.htm) Chrome/116.0.1938.76 Safari/537.36"
40.77.167.28 - - [16/Oct/2024:12:43:56 +0000] "GET /product/frockless1180909?id=247 HTTP/1.1" 500 - "-" "Mozilla/5.0 AppleWebKit/537.36 (KHTML, like Gecko; compatible; bingbot/2.0; +http://www.bing.com/bingbot.htm) Chrome/116.0.1938.76 Safari/537.36"
40.77.167.28 - - [16/Oct/2024:12:43:56 +0000] "GET /product/seconder1009388?id=989 HTTP/1.1" 500 - "-" "Mozilla/5.0 AppleWebKit/537.36 (KHTML, like Gecko; compatible; bingbot/2.0; +http://www.bing.com/bingbot.htm) Chrome/116.0.1938.76 Safari/537.36"
52.167.144.235 - - [16/Oct/2024:12:44:02 +0000] "GET /product/ferreous417531?id=55 HTTP/1.1" 500 - "-" "Mozilla/5.0 AppleWebKit/537.36 (KHTML, like Gecko; compatible; bingbot/2.0; +http://www.bing.com/bingbot.htm) Chrome/116.0.1938.76 Safari/537.36"
207.46.13.153 - - [16/Oct/2024:12:44:17 +0000] "GET /product/renishly75042?id=470 HTTP/1.1" 500 - "-" "Mozilla/5.0 AppleWebKit/537.36 (KHTML, like Gecko; compatible; bingbot/2.0; +http://www.bing.com/bingbot.htm) Chrome/116.0.1938.76 Safari/537.36"
207.46.13.153 - - [16/Oct/2024:12:44:17 +0000] "GET /product/anathematical18794?id=871 HTTP/1.1" 500 - "-" "Mozilla/5.0 AppleWebKit/537.36 (KHTML, like Gecko; compatible; bingbot/2.0; +http://www.bing.com/bingbot.htm) Chrome/116.0.1938.76 Safari/537.36"
52.167.144.235 - - [16/Oct/2024:12:44:22 +0000] "GET /product/falcation169300?id=143 HTTP/1.1" 500 - "-" "Mozilla/5.0 AppleWebKit/537.36 (KHTML, like Gecko; compatible; bingbot/2.0; +http://www.bing.com/bingbot.htm) Chrome/116.0.1938.76 Safari/537.36"
52.167.144.235 - - [16/Oct/2024:12:44:22 +0000] "GET /product/buss122498?id=294 HTTP/1.1" 500 - "-" "Mozilla/5.0 AppleWebKit/537.36 (KHTML, like Gecko; compatible; bingbot/2.0; +http://www.bing.com/bingbot.htm) Chrome/116.0.1938.76 Safari/537.36"
66.249.77.198 - - [16/Oct/2024:12:44:47 +0000] "GET /robots.txt HTTP/1.1" 500 - "-" "Mozilla/5.0 (compatible; Googlebot/2.1; +http://www.google.com/bot.html)"
207.46.13.153 - - [16/Oct/2024:12:44:49 +0000] "GET /product/conidioid1147078?id=979 HTTP/1.1" 500 - "-" "Mozilla/5.0 AppleWebKit/537.36 (KHTML, like Gecko; compatible; bingbot/2.0; +http://www.bing.com/bingbot.htm) Chrome/116.0.1938.76 Safari/537.36"
5.255.231.53 - - [16/Oct/2024:12:44:52 +0000] "GET /viewtopic.php?t=51692 HTTP/1.1" 500 - "-" "Mozilla/5.0 (compatible; YandexBot/3.0; +http://yandex.com/bots)"
40.77.167.28 - - [16/Oct/2024:12:45:25 +0000] "GET /product/electrotelethermometer1510728?id=718 HTTP/1.1" 500 - "-" "Mozilla/5.0 AppleWebKit/537.36 (KHTML, like Gecko; compatible; bingbot/2.0; +http://www.bing.com/bingbot.htm) Chrome/116.0.1938.76 Safari/537.36"
66.249.77.199 - - [16/Oct/2024:12:45:34 +0000] "GET /0032024117987907.html HTTP/1.1" 500 - "-" "Mozilla/5.0 (Linux; Android 6.0.1; Nexus 5X Build/MMB29P) AppleWebKit/537.36 (KHTML, like Gecko) Chrome/129.0.6668.89 Mobile Safari/537.36 (compatible; Googlebot/2.1; +http://www.google.com/bot.html)"
95.108.213.209 - - [16/Oct/2024:12:45:38 +0000] "GET /robots.txt HTTP/1.1" 500 - "-" "Mozilla/5.0 (compatible; YandexBot/3.0; +http://yandex.com/bots)"
185.25.35.11 - - [16/Oct/2024:12:46:09 +0000] "GET /robots.txt HTTP/1.1" 500 - "-" "magpie-crawler/1.1 (robots-txt-checker; +http://www.brandwatch.net)"
185.25.35.13 - - [16/Oct/2024:12:46:09 +0000] "GET /viewforum.php?f=33 HTTP/1.1" 500 - "-" "magpie-crawler/1.1 (U; Linux amd64; en-GB; +http://www.brandwatch.net)"
114.119.150.16 - - [16/Oct/2024:12:46:21 +0000] "GET /viewtopic.php?p=2065893 HTTP/1.1" 500 - "http://forum.fragoria.com/showthread.php?p=184789" "Mozilla/5.0 (Linux; Android 7.0;) AppleWebKit/537.36 (KHTML, like Gecko) Mobile Safari/537.36 (compatible; PetalBot;+https://webmaster.petalsearch.com/site/petalbot)"
185.25.35.15 - - [16/Oct/2024:12:46:26 +0000] "GET /robots.txt HTTP/1.1" 500 - "-" "magpie-crawler/1.1 (robots-txt-checker; +http://www.brandwatch.net)"
114.119.157.158 - - [16/Oct/2024:12:46:27 +0000] "GET /viewtopic.php?p=1900038 HTTP/1.1" 500 - "-" "Mozilla/5.0 (Linux; Android 7.0;) AppleWebKit/537.36 (KHTML, like Gecko) Mobile Safari/537.36 (compatible; PetalBot;+https://webmaster.petalsearch.com/site/petalbot)"
185.25.35.14 - - [16/Oct/2024:12:46:27 +0000] "GET /viewforum.php?f=31 HTTP/1.1" 500 - "-" "magpie-crawler/1.1 (U; Linux amd64; en-GB; +http://www.brandwatch.net)"
40.77.167.22 - - [16/Oct/2024:12:46:36 +0000] "GET /product/mandil295574?id=802 HTTP/1.1" 500 - "-" "Mozilla/5.0 AppleWebKit/537.36 (KHTML, like Gecko; compatible; bingbot/2.0; +http://www.bing.com/bingbot.htm) Chrome/116.0.1938.76 Safari/537.36"
95.108.213.248 - - [16/Oct/2024:12:46:37 +0000] "GET /viewtopic.php?f=5&t=708423 HTTP/1.1" 500 - "-" "Mozilla/5.0 (compatible; YandexBot/3.0; +http://yandex.com/bots)"
52.167.144.235 - - [16/Oct/2024:12:46:39 +0000] "GET /product/biologic1948996?id=613 HTTP/1.1" 500 - "-" "Mozilla/5.0 AppleWebKit/537.36 (KHTML, like Gecko; compatible; bingbot/2.0; +http://www.bing.com/bingbot.htm) Chrome/116.0.1938.76 Safari/537.36"
185.25.35.13 - - [16/Oct/2024:12:46:54 +0000] "GET /robots.txt HTTP/1.1" 500 - "-" "magpie-crawler/1.1 (robots-txt-checker; +http://www.brandwatch.net)"
185.25.35.12 - - [16/Oct/2024:12:46:54 +0000] "GET /viewforum.php?f=2 HTTP/1.1" 500 - "-" "magpie-crawler/1.1 (U; Linux amd64; en-GB; +http://www.brandwatch.net)"
185.25.35.13 - - [16/Oct/2024:12:47:05 +0000] "GET /robots.txt HTTP/1.1" 500 - "-" "magpie-crawler/1.1 (robots-txt-checker; +http://www.brandwatch.net)"
185.25.35.15 - - [16/Oct/2024:12:47:05 +0000] "GET /viewforum.php?f=8 HTTP/1.1" 500 - "-" "magpie-crawler/1.1 (U; Linux amd64; en-GB; +http://www.brandwatch.net)"
136.243.220.214 - - [16/Oct/2024:12:47:06 +0000] "GET /robots.txt HTTP/1.1" 500 - "-" "Mozilla/5.0 (compatible; DataForSeoBot/1.0; +https://dataforseo.com/dataforseo-bot)"
136.243.220.214 - - [16/Oct/2024:12:47:07 +0000] "GET /viewtopic.php?f=3&t=48864 HTTP/1.1" 500 - "-" "Mozilla/5.0 (compatible; DataForSeoBot/1.0; +https://dataforseo.com/dataforseo-bot)"
40.77.167.22 - - [16/Oct/2024:12:47:25 +0000] "GET /product/antiendotoxin1309146?id=163 HTTP/1.1" 500 - "-" "Mozilla/5.0 AppleWebKit/537.36 (KHTML, like Gecko; compatible; bingbot/2.0; +http://www.bing.com/bingbot.htm) Chrome/116.0.1938.76 Safari/537.36"
185.25.35.14 - - [16/Oct/2024:12:47:31 +0000] "GET /robots.txt HTTP/1.1" 500 - "-" "magpie-crawler/1.1 (robots-txt-checker; +http://www.brandwatch.net)"
185.25.35.14 - - [16/Oct/2024:12:47:31 +0000] "GET /viewforum.php?f=7 HTTP/1.1" 500 - "-" "magpie-crawler/1.1 (U; Linux amd64; en-GB; +http://www.brandwatch.net)"
185.25.35.15 - - [16/Oct/2024:12:47:43 +0000] "GET /robots.txt HTTP/1.1" 500 - "-" "magpie-crawler/1.1 (robots-txt-checker; +http://www.brandwatch.net)"
185.25.35.12 - - [16/Oct/2024:12:47:43 +0000] "GET /viewforum.php?f=1 HTTP/1.1" 500 - "-" "magpie-crawler/1.1 (U; Linux amd64; en-GB; +http://www.brandwatch.net)"
185.25.35.11 - - [16/Oct/2024:12:47:43 +0000] "GET /?feed=atom HTTP/1.1" 500 - "-" "magpie-crawler/1.1 (U; Linux amd64; en-GB; +http://www.brandwatch.net)"
207.46.13.153 - - [16/Oct/2024:12:47:58 +0000] "GET /product/licareol1909726?id=328 HTTP/1.1" 500 - "-" "Mozilla/5.0 AppleWebKit/537.36 (KHTML, like Gecko; compatible; bingbot/2.0; +http://www.bing.com/bingbot.htm) Chrome/116.0.1938.76 Safari/537.36"
52.167.144.235 - - [16/Oct/2024:12:48:09 +0000] "GET /product/abyssopelagic1605042?id=693 HTTP/1.1" 500 - "-" "Mozilla/5.0 AppleWebKit/537.36 (KHTML, like Gecko; compatible; bingbot/2.0; +http://www.bing.com/bingbot.htm) Chrome/116.0.1938.76 Safari/537.36"
40.77.167.22 - - [16/Oct/2024:12:48:55 +0000] "GET /product/bibbler1193966?id=67 HTTP/1.1" 500 - "-" "Mozilla/5.0 AppleWebKit/537.36 (KHTML, like Gecko; compatible; bingbot/2.0; +http://www.bing.com/bingbot.htm) Chrome/116.0.1938.76 Safari/537.36"
40.77.167.22 - - [16/Oct/2024:12:48:55 +0000] "GET /product/hideous1921971?id=496 HTTP/1.1" 500 - "-" "Mozilla/5.0 AppleWebKit/537.36 (KHTML, like Gecko; compatible; bingbot/2.0; +http://www.bing.com/bingbot.htm) Chrome/116.0.1938.76 Safari/537.36"
5.255.231.63 - - [16/Oct/2024:12:49:19 +0000] "GET /viewtopic.php?f=5&t=681840 HTTP/1.1" 500 - "-" "Mozilla/5.0 (compatible; YandexBot/3.0; +http://yandex.com/bots)"
52.167.144.235 - - [16/Oct/2024:12:50:09 +0000] "GET /product/barless169051?id=915 HTTP/1.1" 500 - "-" "Mozilla/5.0 AppleWebKit/537.36 (KHTML, like Gecko; compatible; bingbot/2.0; +http://www.bing.com/bingbot.htm) Chrome/116.0.1938.76 Safari/537.36"
40.77.167.22 - - [16/Oct/2024:12:50:35 +0000] "GET /product/heteropetalous1186448?id=575 HTTP/1.1" 500 - "-" "Mozilla/5.0 AppleWebKit/537.36 (KHTML, like Gecko; compatible; bingbot/2.0; +http://www.bing.com/bingbot.htm) Chrome/116.0.1938.76 Safari/537.36"
207.46.13.141 - - [16/Oct/2024:12:51:18 +0000] "GET /product/coherence541559?id=416 HTTP/1.1" 500 - "-" "Mozilla/5.0 AppleWebKit/537.36 (KHTML, like Gecko; compatible; bingbot/2.0; +http://www.bing.com/bingbot.htm) Chrome/116.0.1938.76 Safari/537.36"
185.25.35.15 - - [16/Oct/2024:12:51:32 +0000] "GET /robots.txt HTTP/1.1" 500 - "-" "magpie-crawler/1.1 (robots-txt-checker; +http://www.brandwatch.net)"
185.25.35.14 - - [16/Oct/2024:12:51:34 +0000] "GET /viewforum.php?f=31 HTTP/1.1" 500 - "-" "magpie-crawler/1.1 (U; Linux amd64; en-GB; +http://www.brandwatch.net)"
52.167.144.235 - - [16/Oct/2024:12:51:39 +0000] "GET /product/bathylite237979?id=169 HTTP/1.1" 500 - "-" "Mozilla/5.0 AppleWebKit/537.36 (KHTML, like Gecko; compatible; bingbot/2.0; +http://www.bing.com/bingbot.htm) Chrome/116.0.1938.76 Safari/537.36"
5.255.231.54 - - [16/Oct/2024:12:51:47 +0000] "GET /q/I1707610 HTTP/1.1" 500 - "-" "Mozilla/5.0 (compatible; YandexBot/3.0; +http://yandex.com/bots)"
114.119.130.251 - - [16/Oct/2024:12:51:57 +0000] "GET /viewtopic.php?p=1899786 HTTP/1.1" 500 - "-" "Mozilla/5.0 (Linux; Android 7.0;) AppleWebKit/537.36 (KHTML, like Gecko) Mobile Safari/537.36 (compatible; PetalBot;+https://webmaster.petalsearch.com/site/petalbot)"
95.108.213.217 - - [16/Oct/2024:12:53:52 +0000] "GET /viewtopic.php?f=5&t=648835 HTTP/1.1" 500 - "-" "Mozilla/5.0 (compatible; YandexBot/3.0; +http://yandex.com/bots)"
40.77.167.22 - - [16/Oct/2024:12:53:55 +0000] "GET /product/decator91753?id=502 HTTP/1.1" 500 - "-" "Mozilla/5.0 AppleWebKit/537.36 (KHTML, like Gecko; compatible; bingbot/2.0; +http://www.bing.com/bingbot.htm) Chrome/116.0.1938.76 Safari/537.36"
40.77.167.22 - - [16/Oct/2024:12:53:59 +0000] "GET /product/moration1756661?id=674 HTTP/1.1" 500 - "-" "Mozilla/5.0 AppleWebKit/537.36 (KHTML, like Gecko; compatible; bingbot/2.0; +http://www.bing.com/bingbot.htm) Chrome/116.0.1938.76 Safari/537.36"
114.119.128.5 - - [16/Oct/2024:12:54:11 +0000] "GET /viewtopic.php?p=1994223 HTTP/1.1" 500 - "-" "Mozilla/5.0 (Linux; Android 7.0;) AppleWebKit/537.36 (KHTML, like Gecko) Mobile Safari/537.36 (compatible; PetalBot;+https://webmaster.petalsearch.com/site/petalbot)"
213.180.203.62 - - [16/Oct/2024:12:54:16 +0000] "GET /viewtopic.php?t=51087 HTTP/1.1" 500 - "-" "Mozilla/5.0 (compatible; YandexBot/3.0; +http://yandex.com/bots)"
40.77.167.22 - - [16/Oct/2024:12:55:07 +0000] "GET /product/deceivability1824058?id=301 HTTP/1.1" 500 - "-" "Mozilla/5.0 AppleWebKit/537.36 (KHTML, like Gecko; compatible; bingbot/2.0; +http://www.bing.com/bingbot.htm) Chrome/116.0.1938.76 Safari/537.36"
54.154.40.25 - - [16/Oct/2024:12:55:09 +0000] "GET / HTTP/1.1" 500 - "-" "CLARA/1.7 +http://www.clara.is"
54.154.40.25 - - [16/Oct/2024:12:55:13 +0000] "GET / HTTP/1.1" 500 - "-" "CLARA/1.7 +http://www.clara.is"
54.154.40.25 - - [16/Oct/2024:12:55:21 +0000] "GET / HTTP/1.1" 500 - "-" "CLARA/1.7 +http://www.clara.is"
213.180.203.118 - - [16/Oct/2024:12:55:37 +0000] "GET /viewtopic.php?f=1&t=767769 HTTP/1.1" 500 - "-" "Mozilla/5.0 (compatible; YandexBot/3.0; +http://yandex.com/bots)"
54.154.40.25 - - [16/Oct/2024:12:55:38 +0000] "GET / HTTP/1.1" 500 - "-" "CLARA/1.7 +http://www.clara.is"
54.154.40.25 - - [16/Oct/2024:12:56:10 +0000] "GET / HTTP/1.1" 500 - "-" "CLARA/1.7 +http://www.clara.is"
40.77.167.22 - - [16/Oct/2024:12:56:49 +0000] "GET /product/lootable1062257?id=388 HTTP/1.1" 500 - "-" "Mozilla/5.0 AppleWebKit/537.36 (KHTML, like Gecko; compatible; bingbot/2.0; +http://www.bing.com/bingbot.htm) Chrome/116.0.1938.76 Safari/537.36"
95.108.213.175 - - [16/Oct/2024:12:56:55 +0000] "GET /viewtopic.php?f=5&t=651614 HTTP/1.1" 500 - "-" "Mozilla/5.0 (compatible; YandexBot/3.0; +http://yandex.com/bots)"
40.77.167.22 - - [16/Oct/2024:12:56:56 +0000] "GET /product/jinglingly278595?id=336 HTTP/1.1" 500 - "-" "Mozilla/5.0 AppleWebKit/537.36 (KHTML, like Gecko; compatible; bingbot/2.0; +http://www.bing.com/bingbot.htm) Chrome/116.0.1938.76 Safari/537.36"
207.46.13.141 - - [16/Oct/2024:12:56:58 +0000] "GET /product/fractile1596041?id=599 HTTP/1.1" 500 - "-" "Mozilla/5.0 AppleWebKit/537.36 (KHTML, like Gecko; compatible; bingbot/2.0; +http://www.bing.com/bingbot.htm) Chrome/116.0.1938.76 Safari/537.36"
54.154.40.25 - - [16/Oct/2024:12:57:15 +0000] "GET / HTTP/1.1" 500 - "-" "CLARA/1.7 +http://www.clara.is"
40.77.167.22 - - [16/Oct/2024:12:57:19 +0000] "GET /product/requisite1740102?id=593 HTTP/1.1" 500 - "-" "Mozilla/5.0 AppleWebKit/537.36 (KHTML, like Gecko; compatible; bingbot/2.0; +http://www.bing.com/bingbot.htm) Chrome/116.0.1938.76 Safari/537.36"
114.119.153.246 - - [16/Oct/2024:12:57:29 +0000] "GET /viewtopic.php?p=1899108 HTTP/1.1" 500 - "http://www.taflan.org/viewtopic.php?f=5&t=151777&sid=b38c7a6419311669ec74f3ab2f08dedd&start=11000" "Mozilla/5.0 (Linux; Android 7.0;) AppleWebKit/537.36 (KHTML, like Gecko) Mobile Safari/537.36 (compatible; PetalBot;+https://webmaster.petalsearch.com/site/petalbot)"
52.167.144.181 - - [16/Oct/2024:12:58:16 +0000] "GET /product/mediate123593?id=625 HTTP/1.1" 500 - "-" "Mozilla/5.0 AppleWebKit/537.36 (KHTML, like Gecko; compatible; bingbot/2.0; +http://www.bing.com/bingbot.htm) Chrome/116.0.1938.76 Safari/537.36"
