52.167.144.181 - - [16/Oct/2024:12:58:26 +0000] "GET /product/absurdly1224375?id=649 HTTP/1.1" 500 - "-" "Mozilla/5.0 AppleWebKit/537.36 (KHTML, like Gecko; compatible; bingbot/2.0; +http://www.bing.com/bingbot.htm) Chrome/116.0.1938.76 Safari/537.36"
40.77.167.22 - - [16/Oct/2024:12:58:40 +0000] "GET /product/factionary1354177?id=729 HTTP/1.1" 500 - "-" "Mozilla/5.0 AppleWebKit/537.36 (KHTML, like Gecko; compatible; bingbot/2.0; +http://www.bing.com/bingbot.htm) Chrome/116.0.1938.76 Safari/537.36"
207.46.13.141 - - [16/Oct/2024:12:59:39 +0000] "GET /product/minionly233363?id=609 HTTP/1.1" 500 - "-" "Mozilla/5.0 AppleWebKit/537.36 (KHTML, like Gecko; compatible; bingbot/2.0; +http://www.bing.com/bingbot.htm) Chrome/116.0.1938.76 Safari/537.36"
52.167.144.181 - - [16/Oct/2024:13:00:36 +0000] "GET /product/antiatonement694581?id=644 HTTP/1.1" 500 - "-" "Mozilla/5.0 AppleWebKit/537.36 (KHTML, like Gecko; compatible; bingbot/2.0; +http://www.bing.com/bingbot.htm) Chrome/116.0.1938.76 Safari/537.36"
40.77.167.22 - - [16/Oct/2024:13:01:20 +0000] "GET /product/bructeri1656463?id=481 HTTP/1.1" 500 - "-" "Mozilla/5.0 AppleWebKit/537.36 (KHTML, like Gecko; compatible; bingbot/2.0; +http://www.bing.com/bingbot.htm) Chrome/116.0.1938.76 Safari/537.36"
52.167.144.181 - - [16/Oct/2024:13:01:36 +0000] "GET /l/M567020 HTTP/1.1" 500 - "-" "Mozilla/5.0 AppleWebKit/537.36 (KHTML, like Gecko; compatible; bingbot/2.0; +http://www.bing.com/bingbot.htm) Chrome/116.0.1938.76 Safari/537.36"
114.119.139.183 - - [16/Oct/2024:13:02:02 +0000] "GET /viewtopic.php?p=1924056 HTTP/1.1" 500 - "-" "Mozilla/5.0 (Linux; Android 7.0;) AppleWebKit/537.36 (KHTML, like Gecko) Mobile Safari/537.36 (compatible; PetalBot;+https://webmaster.petalsearch.com/site/petalbot)"
185.25.35.13 - - [16/Oct/2024:13:02:18 +0000] "GET /robots.txt HTTP/1.1" 500 - "-" "magpie-crawler/1.1 (robots-txt-checker; +http://www.brandwatch.net)"
185.25.35.10 - - [16/Oct/2024:13:02:19 +0000] "GET /viewforum.php?f=3 HTTP/1.1" 500 - "-" "magpie-crawler/1.1 (U; Linux amd64; en-GB; +http://www.brandwatch.net)"
207.46.13.6 - - [16/Oct/2024:13:02:19 +0000] "GET /product/guruship1275852?id=507 HTTP/1.1" 500 - "-" "Mozilla/5.0 AppleWebKit/537.36 (KHTML, like Gecko; compatible; bingbot/2.0; +http://www.bing.com/bingbot.htm) Chrome/116.0.1938.76 Safari/537.36"
52.167.144.181 - - [16/Oct/2024:13:02:26 +0000] "GET /product/hypothenar26040?id=945 HTTP/1.1" 500 - "-" "Mozilla/5.0 AppleWebKit/537.36 (KHTML, like Gecko; compatible; bingbot/2.0; +http://www.bing.com/bingbot.htm) Chrome/116.0.1938.76 Safari/537.36"
114.119.130.251 - - [16/Oct/2024:13:03:00 +0000] "GET /viewtopic.php?p=1898504 HTTP/1.1" 500 - "-" "Mozilla/5.0 (Linux; Android 7.0;) AppleWebKit/537.36 (KHTML, like Gecko) Mobile Safari/537.36 (compatible; PetalBot;+https://webmaster.petalsearch.com/site/petalbot)"
185.25.35.11 - - [16/Oct/2024:13:03:16 +0000] "GET /robots.txt HTTP/1.1" 500 - "-" "magpie-crawler/1.1 (robots-txt-checker; +http://www.brandwatch.net)"
185.25.35.9 - - [16/Oct/2024:13:03:16 +0000] "GET /viewforum.php?f=10 HTTP/1.1" 500 - "-" "magpie-crawler/1.1 (U; Linux amd64; en-GB; +http://www.brandwatch.net)"
185.25.35.9 - - [16/Oct/2024:13:03:29 +0000] "GET /robots.txt HTTP/1.1" 500 - "-" "magpie-crawler/1.1 (robots-txt-checker; +http://www.brandwatch.net)"
185.25.35.14 - - [16/Oct/2024:13:03:29 +0000] "GET /viewforum.php?f=5 HTTP/1.1" 500 - "-" "magpie-crawler/1.1 (U; Linux amd64; en-GB; +http://www.brandwatch.net)"
207.46.13.6 - - [16/Oct/2024:13:03:39 +0000] "GET /product/anhydrization10366?id=438 HTTP/1.1" 500 - "-" "Mozilla/5.0 AppleWebKit/537.36 (KHTML, like Gecko; compatible; bingbot/2.0; +http://www.bing.com/bingbot.htm) Chrome/116.0.1938.76 Safari/537.36"
40.77.167.22 - - [16/Oct/2024:13:03:50 +0000] "GET /product/bigmouthed1139826?id=102 HTTP/1.1" 500 - "-" "Mozilla/5.0 AppleWebKit/537.36 (KHTML, like Gecko; compatible; bingbot/2.0; +http://www.bing.com/bingbot.htm) Chrome/116.0.1938.76 Safari/537.36"
66.249.77.192 - - [16/Oct/2024:13:04:06 +0000] "GET /robots.txt HTTP/1.1" 500 - "-" "Mozilla/5.0 (compatible; Googlebot/2.1; +http://www.google.com/bot.html)"
66.249.77.200 - - [16/Oct/2024:13:04:13 +0000] "GET /00417412041205121.html HTTP/1.1" 500 - "-" "Mozilla/5.0 (Linux; Android 6.0.1; Nexus 5X Build/MMB29P) AppleWebKit/537.36 (KHTML, like Gecko) Chrome/129.0.6668.89 Mobile Safari/537.36 (compatible; Googlebot/2.1; +http://www.google.com/bot.html)"
207.46.13.6 - - [16/Oct/2024:13:05:09 +0000] "GET /product/acidulous1546371?id=427 HTTP/1.1" 500 - "-" "Mozilla/5.0 AppleWebKit/537.36 (KHTML, like Gecko; compatible; bingbot/2.0; +http://www.bing.com/bingbot.htm) Chrome/116.0.1938.76 Safari/537.36"
40.77.167.3 - - [16/Oct/2024:13:05:54 +0000] "GET /product/dobby1180451?id=435 HTTP/1.1" 500 - "-" "Mozilla/5.0 AppleWebKit/537.36 (KHTML, like Gecko; compatible; bingbot/2.0; +http://www.bing.com/bingbot.htm) Chrome/116.0.1938.76 Safari/537.36"
40.77.167.3 - - [16/Oct/2024:13:05:54 +0000] "GET /product/microcyte1661237?id=143 HTTP/1.1" 500 - "-" "Mozilla/5.0 AppleWebKit/537.36 (KHTML, like Gecko; compatible; bingbot/2.0; +http://www.bing.com/bingbot.htm) Chrome/116.0.1938.76 Safari/537.36"
52.167.144.181 - - [16/Oct/2024:13:05:57 +0000] "GET /product/hierogrammatic1621901?id=494 HTTP/1.1" 500 - "-" "Mozilla/5.0 AppleWebKit/537.36 (KHTML, like Gecko; compatible; bingbot/2.0; +http://www.bing.com/bingbot.htm) Chrome/116.0.1938.76 Safari/537.36"
40.77.167.3 - - [16/Oct/2024:13:06:40 +0000] "GET /product/filigerous1243968?id=362 HTTP/1.1" 500 - "-" "Mozilla/5.0 AppleWebKit/537.36 (KHTML, like Gecko; compatible; bingbot/2.0; +http://www.bing.com/bingbot.htm) Chrome/116.0.1938.76 Safari/537.36"
40.77.167.3 - - [16/Oct/2024:13:06:40 +0000] "GET /product/allemontite586941?id=478 HTTP/1.1" 500 - "-" "Mozilla/5.0 AppleWebKit/537.36 (KHTML, like Gecko; compatible; bingbot/2.0; +http://www.bing.com/bingbot.htm) Chrome/116.0.1938.76 Safari/537.36"
207.46.13.6 - - [16/Oct/2024:13:06:49 +0000] "GET /product/ferk893027?id=115 HTTP/1.1" 500 - "-" "Mozilla/5.0 AppleWebKit/537.36 (KHTML, like Gecko; compatible; bingbot/2.0; +http://www.bing.com/bingbot.htm) Chrome/116.0.1938.76 Safari/537.36"
207.46.13.6 - - [16/Oct/2024:13:07:19 +0000] "GET /product/hardwood1280795?id=718 HTTP/1.1" 500 - "-" "Mozilla/5.0 AppleWebKit/537.36 (KHTML, like Gecko; compatible; bingbot/2.0; +http://www.bing.com/bingbot.htm) Chrome/116.0.1938.76 Safari/537.36"
40.77.167.3 - - [16/Oct/2024:13:07:21 +0000] "GET /product/astrapophobia174431?id=944 HTTP/1.1" 500 - "-" "Mozilla/5.0 AppleWebKit/537.36 (KHTML, like Gecko; compatible; bingbot/2.0; +http://www.bing.com/bingbot.htm) Chrome/116.0.1938.76 Safari/537.36"
40.77.167.3 - - [16/Oct/2024:13:07:32 +0000] "GET /product/introtraction1153633?id=308 HTTP/1.1" 500 - "-" "Mozilla/5.0 AppleWebKit/537.36 (KHTML, like Gecko; compatible; bingbot/2.0; +http://www.bing.com/bingbot.htm) Chrome/116.0.1938.76 Safari/537.36"
40.77.167.3 - - [16/Oct/2024:13:07:32 +0000] "GET /product/kamassi1072537?id=192 HTTP/1.1" 500 - "-" "Mozilla/5.0 AppleWebKit/537.36 (KHTML, like Gecko; compatible; bingbot/2.0; +http://www.bing.com/bingbot.htm) Chrome/116.0.1938.76 Safari/537.36"
185.25.35.8 - - [16/Oct/2024:13:07:52 +0000] "GET /robots.txt HTTP/1.1" 500 - "-" "magpie-crawler/1.1 (robots-txt-checker; +http://www.brandwatch.net)"
185.25.35.13 - - [16/Oct/2024:13:07:53 +0000] "GET /viewforum.php?f=33 HTTP/1.1" 500 - "-" "magpie-crawler/1.1 (U; Linux amd64; en-GB; +http://www.brandwatch.net)"
207.46.13.6 - - [16/Oct/2024:13:07:59 +0000] "GET /product/adiaphonon1520409?id=882 HTTP/1.1" 500 - "-" "Mozilla/5.0 AppleWebKit/537.36 (KHTML, like Gecko; compatible; bingbot/2.0; +http://www.bing.com/bingbot.htm) Chrome/116.0.1938.76 Safari/537.36"
185.25.35.12 - - [16/Oct/2024:13:08:15 +0000] "GET /robots.txt HTTP/1.1" 500 - "-" "magpie-crawler/1.1 (robots-txt-checker; +http://www.brandwatch.net)"
185.25.35.12 - - [16/Oct/2024:13:08:15 +0000] "GET /viewforum.php?f=31 HTTP/1.1" 500 - "-" "magpie-crawler/1.1 (U; Linux amd64; en-GB; +http://www.brandwatch.net)"
114.119.130.251 - - [16/Oct/2024:13:08:30 +0000] "GET /viewtopic.php?p=1896935 HTTP/1.1" 500 - "-" "Mozilla/5.0 (Linux; Android 7.0;) AppleWebKit/537.36 (KHTML, like Gecko) Mobile Safari/537.36 (compatible; PetalBot;+https://webmaster.petalsearch.com/site/petalbot)"
40.77.167.152 - - [16/Oct/2024:13:08:37 +0000] "GET /product/disciplinarianism603660?id=706 HTTP/1.1" 500 - "-" "Mozilla/5.0 AppleWebKit/537.36 (KHTML, like Gecko; compatible; bingbot/2.0; +http://www.bing.com/bingbot.htm) Chrome/116.0.1938.76 Safari/537.36"
185.25.35.15 - - [16/Oct/2024:13:08:40 +0000] "GET /robots.txt HTTP/1.1" 500 - "-" "magpie-crawler/1.1 (robots-txt-checker; +http://www.brandwatch.net)"
185.25.35.13 - - [16/Oct/2024:13:08:41 +0000] "GET /viewforum.php?f=2 HTTP/1.1" 500 - "-" "magpie-crawler/1.1 (U; Linux amd64; en-GB; +http://www.brandwatch.net)"
40.77.167.152 - - [16/Oct/2024:13:08:47 +0000] "GET /product/mercilessness5356?id=644 HTTP/1.1" 500 - "-" "Mozilla/5.0 AppleWebKit/537.36 (KHTML, like Gecko; compatible; bingbot/2.0; +http://www.bing.com/bingbot.htm) Chrome/116.0.1938.76 Safari/537.36"
185.25.35.12 - - [16/Oct/2024:13:08:51 +0000] "GET /robots.txt HTTP/1.1" 500 - "-" "magpie-crawler/1.1 (robots-txt-checker; +http://www.brandwatch.net)"
185.25.35.11 - - [16/Oct/2024:13:08:51 +0000] "GET /viewforum.php?f=8 HTTP/1.1" 500 - "-" "magpie-crawler/1.1 (U; Linux amd64; en-GB; +http://www.brandwatch.net)"
95.108.213.206 - - [16/Oct/2024:13:08:56 +0000] "GET /viewtopic.php?t=51195 HTTP/1.1" 500 - "-" "Mozilla/5.0 (compatible; YandexBot/3.0; +http://yandex.com/bots)"
185.25.35.12 - - [16/Oct/2024:13:09:41 +0000] "GET /robots.txt HTTP/1.1" 500 - "-" "magpie-crawler/1.1 (robots-txt-checker; +http://www.brandwatch.net)"
185.25.35.14 - - [16/Oct/2024:13:09:42 +0000] "GET /viewforum.php?f=7 HTTP/1.1" 500 - "-" "magpie-crawler/1.1 (U; Linux amd64; en-GB; +http://www.brandwatch.net)"
114.119.150.16 - - [16/Oct/2024:13:09:52 +0000] "GET /viewtopic.php?p=1922074 HTTP/1.1" 500 - "-" "Mozilla/5.0 (Linux; Android 7.0;) AppleWebKit/537.36 (KHTML, like Gecko) Mobile Safari/537.36 (compatible; PetalBot;+https://webmaster.petalsearch.com/site/petalbot)"
185.25.35.11 - - [16/Oct/2024:13:09:55 +0000] "GET /robots.txt HTTP/1.1" 500 - "-" "magpie-crawler/1.1 (robots-txt-checker; +http://www.brandwatch.net)"
185.25.35.11 - - [16/Oct/2024:13:09:55 +0000] "GET /viewforum.php?f=1 HTTP/1.1" 500 - "-" "magpie-crawler/1.1 (U; Linux amd64; en-GB; +http://www.brandwatch.net)"
185.25.35.12 - - [16/Oct/2024:13:10:05 +0000] "GET /robots.txt HTTP/1.1" 500 - "-" "magpie-crawler/1.1 (robots-txt-checker; +http://www.brandwatch.net)"
185.25.35.8 - - [16/Oct/2024:13:10:06 +0000] "GET /?feed=atom HTTP/1.1" 500 - "-" "magpie-crawler/1.1 (U; Linux amd64; en-GB; +http://www.brandwatch.net)"
207.46.13.6 - - [16/Oct/2024:13:11:00 +0000] "GET /pickup/I1442956 HTTP/1.1" 500 - "-" "Mozilla/5.0 AppleWebKit/537.36 (KHTML, like Gecko; compatible; bingbot/2.0; +http://www.bing.com/bingbot.htm) Chrome/116.0.1938.76 Safari/537.36"
40.77.167.152 - - [16/Oct/2024:13:11:07 +0000] "GET /l/K567642 HTTP/1.1" 500 - "-" "Mozilla/5.0 AppleWebKit/537.36 (KHTML, like Gecko; compatible; bingbot/2.0; +http://www.bing.com/bingbot.htm) Chrome/116.0.1938.76 Safari/537.36"
216.244.66.242 - - [16/Oct/2024:13:11:54 +0000] "GET /robots.txt HTTP/1.1" 500 - "-" "Mozilla/5.0 (compatible; DotBot/1.2; +https://opensiteexplorer.org/dotbot; help@moz.com)"
40.77.167.3 - - [16/Oct/2024:13:12:41 +0000] "GET /product/flinder1700602?id=178 HTTP/1.1" 500 - "-" "Mozilla/5.0 AppleWebKit/537.36 (KHTML, like Gecko; compatible; bingbot/2.0; +http://www.bing.com/bingbot.htm) Chrome/116.0.1938.76 Safari/537.36"
157.55.39.201 - - [16/Oct/2024:13:13:30 +0000] "GET /product/blenny1453567?id=993 HTTP/1.1" 500 - "-" "Mozilla/5.0 AppleWebKit/537.36 (KHTML, like Gecko; compatible; bingbot/2.0; +http://www.bing.com/bingbot.htm) Chrome/116.0.1938.76 Safari/537.36"
114.119.130.18 - - [16/Oct/2024:13:14:01 +0000] "GET /viewtopic.php?p=1892336 HTTP/1.1" 500 - "-" "Mozilla/5.0 (Linux; Android 7.0;) AppleWebKit/537.36 (KHTML, like Gecko) Mobile Safari/537.36 (compatible; PetalBot;+https://webmaster.petalsearch.com/site/petalbot)"
40.77.167.3 - - [16/Oct/2024:13:14:32 +0000] "GET /product/antiethnic1337823?id=442 HTTP/1.1" 500 - "-" "Mozilla/5.0 AppleWebKit/537.36 (KHTML, like Gecko; compatible; bingbot/2.0; +http://www.bing.com/bingbot.htm) Chrome/116.0.1938.76 Safari/537.36"
40.77.167.3 - - [16/Oct/2024:13:14:42 +0000] "GET /product/menotyphlic327510?id=787 HTTP/1.1" 500 - "-" "Mozilla/5.0 AppleWebKit/537.36 (KHTML, like Gecko; compatible; bingbot/2.0; +http://www.bing.com/bingbot.htm) Chrome/116.0.1938.76 Safari/537.36"
185.122.141.179 - - [16/Oct/2024:13:15:18 +0000] "GET /viewtopic.php?t=19809 HTTP/1.1" 500 - "-" "Mozilla/5.0 (Macintosh; Intel Mac OS X 10_15_7) AppleWebKit/537.36 (KHTML, like Gecko) Chrome/104.0.0.0 Safari/537.36"
213.159.10.222 - - [16/Oct/2024:13:15:19 +0000] "GET /viewtopic.php?t=19809 HTTP/1.1" 500 - "-" "Mozilla/5.0 (Macintosh; Intel Mac OS X 10_15_7) AppleWebKit/537.36 (KHTML, like Gecko) Chrome/104.0.0.0 Safari/537.36"
40.77.167.152 - - [16/Oct/2024:13:15:19 +0000] "GET /product/kermanji1368477?id=564 HTTP/1.1" 500 - "-" "Mozilla/5.0 AppleWebKit/537.36 (KHTML, like Gecko; compatible; bingbot/2.0; +http://www.bing.com/bingbot.htm) Chrome/116.0.1938.76 Safari/537.36"
47.128.21.155 - - [16/Oct/2024:13:15:20 +0000] "GET /viewtopic.php?f=5&t=547566 HTTP/1.1" 500 - "-" "Mozilla/5.0 (Linux; Android 5.0) AppleWebKit/537.36 (KHTML, like Gecko) Mobile Safari/537.36 (compatible; Bytespider; spider-feedback@bytedance.com)"
185.210.207.224 - - [16/Oct/2024:13:15:20 +0000] "GET /viewtopic.php?t=39050 HTTP/1.1" 500 - "-" "Mozilla/5.0 (Macintosh; Intel Mac OS X 10_15_7) AppleWebKit/537.36 (KHTML, like Gecko) Chrome/104.0.0.0 Safari/537.36"
212.80.222.48 - - [16/Oct/2024:13:15:22 +0000] "GET /viewtopic.php?t=39050 HTTP/1.1" 500 - "-" "Mozilla/5.0 (Macintosh; Intel Mac OS X 10_15_7) AppleWebKit/537.36 (KHTML, like Gecko) Chrome/104.0.0.0 Safari/537.36"
185.210.207.243 - - [16/Oct/2024:13:15:22 +0000] "GET /viewtopic.php?t=39253 HTTP/1.1" 500 - "-" "Mozilla/5.0 (Macintosh; Intel Mac OS X 10_15_7) AppleWebKit/537.36 (KHTML, like Gecko) Chrome/104.0.0.0 Safari/537.36"
134.199.81.243 - - [16/Oct/2024:13:15:23 +0000] "GET /viewtopic.php?t=39253 HTTP/1.1" 500 - "-" "Mozilla/5.0 (Macintosh; Intel Mac OS X 10_15_7) AppleWebKit/537.36 (KHTML, like Gecko) Chrome/104.0.0.0 Safari/537.36"
157.55.39.201 - - [16/Oct/2024:13:17:13 +0000] "GET /product/boro1790270?id=927 HTTP/1.1" 500 - "-" "Mozilla/5.0 AppleWebKit/537.36 (KHTML, like Gecko; compatible; bingbot/2.0; +http://www.bing.com/bingbot.htm) Chrome/116.0.1938.76 Safari/537.36"
40.77.167.152 - - [16/Oct/2024:13:17:37 +0000] "GET /product/hastler893919?id=440 HTTP/1.1" 500 - "-" "Mozilla/5.0 AppleWebKit/537.36 (KHTML, like Gecko; compatible; bingbot/2.0; +http://www.bing.com/bingbot.htm) Chrome/116.0.1938.76 Safari/537.36"
216.244.66.226 - - [16/Oct/2024:13:17:38 +0000] "GET /robots.txt HTTP/1.1" 500 - "-" "Mozilla/5.0 (compatible; DotBot/1.2; +https://opensiteexplorer.org/dotbot; help@moz.com)"
216.244.66.226 - - [16/Oct/2024:13:17:38 +0000] "GET /robots.txt HTTP/1.1" 500 - "-" "Mozilla/5.0 (compatible; DotBot/1.2; +https://opensiteexplorer.org/dotbot; help@moz.com)"
114.119.147.205 - - [16/Oct/2024:13:17:43 +0000] "GET /viewtopic.php?p=1911220 HTTP/1.1" 500 - "-" "Mozilla/5.0 (Linux; Android 7.0;) AppleWebKit/537.36 (KHTML, like Gecko) Mobile Safari/537.36 (compatible; PetalBot;+https://webmaster.petalsearch.com/site/petalbot)"
40.77.167.152 - - [16/Oct/2024:13:17:47 +0000] "GET /product/lombrosian218689?id=364 HTTP/1.1" 500 - "-" "Mozilla/5.0 AppleWebKit/537.36 (KHTML, like Gecko; compatible; bingbot/2.0; +http://www.bing.com/bingbot.htm) Chrome/116.0.1938.76 Safari/537.36"
157.55.39.201 - - [16/Oct/2024:13:17:51 +0000] "GET /product/engagedly451627?id=257 HTTP/1.1" 500 - "-" "Mozilla/5.0 AppleWebKit/537.36 (KHTML, like Gecko; compatible; bingbot/2.0; +http://www.bing.com/bingbot.htm) Chrome/116.0.1938.76 Safari/537.36"
114.119.153.246 - - [16/Oct/2024:13:19:32 +0000] "GET /viewtopic.php?p=1876524 HTTP/1.1" 500 - "-" "Mozilla/5.0 (Linux; Android 7.0;) AppleWebKit/537.36 (KHTML, like Gecko) Mobile Safari/537.36 (compatible; PetalBot;+https://webmaster.petalsearch.com/site/petalbot)"
52.167.144.226 - - [16/Oct/2024:13:19:32 +0000] "GET /product/melanocyte917844?id=806 HTTP/1.1" 500 - "-" "Mozilla/5.0 AppleWebKit/537.36 (KHTML, like Gecko; compatible; bingbot/2.0; +http://www.bing.com/bingbot.htm) Chrome/116.0.1938.76 Safari/537.36"
157.55.39.201 - - [16/Oct/2024:13:19:41 +0000] "GET /product/cystis924766?id=467 HTTP/1.1" 500 - "-" "Mozilla/5.0 AppleWebKit/537.36 (KHTML, like Gecko; compatible; bingbot/2.0; +http://www.bing.com/bingbot.htm) Chrome/116.0.1938.76 Safari/537.36"
47.128.19.219 - - [16/Oct/2024:13:19:43 +0000] "GET /viewtopic.php?f=2&t=580014&p=1774875 HTTP/1.1" 500 - "-" "Mozilla/5.0 (Linux; Android 5.0) AppleWebKit/537.36 (KHTML, like Gecko) Mobile Safari/537.36 (compatible; Bytespider; spider-feedback@bytedance.com)"
52.167.144.226 - - [16/Oct/2024:13:20:43 +0000] "GET /product/kohen528906?id=959 HTTP/1.1" 500 - "-" "Mozilla/5.0 AppleWebKit/537.36 (KHTML, like Gecko; compatible; bingbot/2.0; +http://www.bing.com/bingbot.htm) Chrome/116.0.1938.76 Safari/537.36"
52.167.144.220 - - [16/Oct/2024:13:21:38 +0000] "GET /product/intercentrum460409?id=572 HTTP/1.1" 500 - "-" "Mozilla/5.0 AppleWebKit/537.36 (KHTML, like Gecko; compatible; bingbot/2.0; +http://www.bing.com/bingbot.htm) Chrome/116.0.1938.76 Safari/537.36"
157.55.39.201 - - [16/Oct/2024:13:21:40 +0000] "GET /product/anaclinal1825846?id=798 HTTP/1.1" 500 - "-" "Mozilla/5.0 AppleWebKit/537.36 (KHTML, like Gecko; compatible; bingbot/2.0; +http://www.bing.com/bingbot.htm) Chrome/116.0.1938.76 Safari/537.36"
52.167.144.220 - - [16/Oct/2024:13:21:50 +0000] "GET /product/casanovanic1554480?id=945 HTTP/1.1" 500 - "-" "Mozilla/5.0 AppleWebKit/537.36 (KHTML, like Gecko; compatible; bingbot/2.0; +http://www.bing.com/bingbot.htm) Chrome/116.0.1938.76 Safari/537.36"
157.55.39.201 - - [16/Oct/2024:13:21:51 +0000] "GET /product/arneb1446980?id=749 HTTP/1.1" 500 - "-" "Mozilla/5.0 AppleWebKit/537.36 (KHTML, like Gecko; compatible; bingbot/2.0; +http://www.bing.com/bingbot.htm) Chrome/116.0.1938.76 Safari/537.36"
157.55.39.201 - - [16/Oct/2024:13:21:51 +0000] "GET /product/jansenistic1787761?id=386 HTTP/1.1" 500 - "-" "Mozilla/5.0 AppleWebKit/537.36 (KHTML, like Gecko; compatible; bingbot/2.0; +http://www.bing.com/bingbot.htm) Chrome/116.0.1938.76 Safari/537.36"
52.167.144.220 - - [16/Oct/2024:13:22:19 +0000] "GET /product/cristivomer372247?id=951 HTTP/1.1" 500 - "-" "Mozilla/5.0 AppleWebKit/537.36 (KHTML, like Gecko; compatible; bingbot/2.0; +http://www.bing.com/bingbot.htm) Chrome/116.0.1938.76 Safari/537.36"
185.25.35.15 - - [16/Oct/2024:13:22:27 +0000] "GET /robots.txt HTTP/1.1" 500 - "-" "magpie-crawler/1.1 (robots-txt-checker; +http://www.brandwatch.net)"
185.25.35.15 - - [16/Oct/2024:13:22:27 +0000] "GET /viewforum.php?f=3 HTTP/1.1" 500 - "-" "magpie-crawler/1.1 (U; Linux amd64; en-GB; +http://www.brandwatch.net)"
52.167.144.220 - - [16/Oct/2024:13:22:58 +0000] "GET /product/impenitibleness1703422?id=820 HTTP/1.1" 500 - "-" "Mozilla/5.0 AppleWebKit/537.36 (KHTML, like Gecko; compatible; bingbot/2.0; +http://www.bing.com/bingbot.htm) Chrome/116.0.1938.76 Safari/537.36"
185.25.35.9 - - [16/Oct/2024:13:22:59 +0000] "GET /robots.txt HTTP/1.1" 500 - "-" "magpie-crawler/1.1 (robots-txt-checker; +http://www.brandwatch.net)"
185.25.35.15 - - [16/Oct/2024:13:23:00 +0000] "GET /viewforum.php?f=10 HTTP/1.1" 500 - "-" "magpie-crawler/1.1 (U; Linux amd64; en-GB; +http://www.brandwatch.net)"
157.55.39.7 - - [16/Oct/2024:13:23:21 +0000] "GET /product/espousement806893?id=318 HTTP/1.1" 500 - "-" "Mozilla/5.0 AppleWebKit/537.36 (KHTML, like Gecko; compatible; bingbot/2.0; +http://www.bing.com/bingbot.htm) Chrome/116.0.1938.76 Safari/537.36"
185.25.35.10 - - [16/Oct/2024:13:23:23 +0000] "GET /robots.txt HTTP/1.1" 500 - "-" "magpie-crawler/1.1 (robots-txt-checker; +http://www.brandwatch.net)"
185.25.35.13 - - [16/Oct/2024:13:23:23 +0000] "GET /viewforum.php?f=5 HTTP/1.1" 500 - "-" "magpie-crawler/1.1 (U; Linux amd64; en-GB; +http://www.brandwatch.net)"
157.55.39.7 - - [16/Oct/2024:13:23:41 +0000] "GET /product/magnetotelegraph1609320?id=966 HTTP/1.1" 500 - "-" "Mozilla/5.0 AppleWebKit/537.36 (KHTML, like Gecko; compatible; bingbot/2.0; +http://www.bing.com/bingbot.htm) Chrome/116.0.1938.76 Safari/537.36"
47.128.63.16 - - [16/Oct/2024:13:23:43 +0000] "GET /viewtopic.php?f=5&p=1730093&t=241336 HTTP/1.1" 500 - "-" "Mozilla/5.0 (Linux; Android 5.0) AppleWebKit/537.36 (KHTML, like Gecko) Mobile Safari/537.36 (compatible; Bytespider; spider-feedback@bytedance.com)"
52.167.144.226 - - [16/Oct/2024:13:24:35 +0000] "GET /product/pellagra979693?id=497 HTTP/1.1" 500 - "-" "Mozilla/5.0 AppleWebKit/537.36 (KHTML, like Gecko; compatible; bingbot/2.0; +http://www.bing.com/bingbot.htm) Chrome/116.0.1938.76 Safari/537.36"
114.119.153.246 - - [16/Oct/2024:13:25:02 +0000] "GET /viewtopic.php?p=1872371 HTTP/1.1" 500 - "-" "Mozilla/5.0 (Linux; Android 7.0;) AppleWebKit/537.36 (KHTML, like Gecko) Mobile Safari/537.36 (compatible; PetalBot;+https://webmaster.petalsearch.com/site/petalbot)"
114.119.128.5 - - [16/Oct/2024:13:25:33 +0000] "GET /viewtopic.php?p=1905074 HTTP/1.1" 500 - "-" "Mozilla/5.0 (Linux; Android 7.0;) AppleWebKit/537.36 (KHTML, like Gecko) Mobile Safari/537.36 (compatible; PetalBot;+https://webmaster.petalsearch.com/site/petalbot)"
5.255.231.244 - - [16/Oct/2024:13:25:54 +0000] "GET /viewtopic.php?f=5&t=656912 HTTP/1.1" 500 - "-" "Mozilla/5.0 (compatible; YandexBot/3.0; +http://yandex.com/bots)"
52.167.144.220 - - [16/Oct/2024:13:26:08 +0000] "GET /sitemap64.xml HTTP/1.1" 500 - "-" "Mozilla/5.0 AppleWebKit/537.36 (KHTML, like Gecko; compatible; bingbot/2.0; +http://www.bing.com/bingbot.htm) Chrome/116.0.1938.76 Safari/537.36"
52.167.144.220 - - [16/Oct/2024:13:26:09 +0000] "GET /product/anthrohopobiological950807?id=443 HTTP/1.1" 500 - "-" "Mozilla/5.0 AppleWebKit/537.36 (KHTML, like Gecko; compatible; bingbot/2.0; +http://www.bing.com/bingbot.htm) Chrome/116.0.1938.76 Safari/537.36"
52.167.144.220 - - [16/Oct/2024:13:26:09 +0000] "GET /product/hooknose90322?id=191 HTTP/1.1" 500 - "-" "Mozilla/5.0 AppleWebKit/537.36 (KHTML, like Gecko; compatible; bingbot/2.0; +http://www.bing.com/bingbot.htm) Chrome/116.0.1938.76 Safari/537.36"
157.55.39.7 - - [16/Oct/2024:13:26:42 +0000] "GET /product/bonneter1526985?id=539 HTTP/1.1" 500 - "-" "Mozilla/5.0 AppleWebKit/537.36 (KHTML, like Gecko; compatible; bingbot/2.0; +http://www.bing.com/bingbot.htm) Chrome/116.0.1938.76 Safari/537.36"
185.25.35.14 - - [16/Oct/2024:13:27:05 +0000] "GET /robots.txt HTTP/1.1" 500 - "-" "magpie-crawler/1.1 (robots-txt-checker; +http://www.brandwatch.net)"
185.25.35.10 - - [16/Oct/2024:13:27:06 +0000] "GET /viewforum.php?f=33 HTTP/1.1" 500 - "-" "magpie-crawler/1.1 (U; Linux amd64; en-GB; +http://www.brandwatch.net)"
95.108.213.202 - - [16/Oct/2024:13:27:12 +0000] "GET /q/L1707197 HTTP/1.1" 500 - "-" "Mozilla/5.0 (compatible; YandexBot/3.0; +http://yandex.com/bots)"
52.167.144.191 - - [16/Oct/2024:13:27:22 +0000] "GET /product/crowfooted133455?id=501 HTTP/1.1" 500 - "-" "Mozilla/5.0 AppleWebKit/537.36 (KHTML, like Gecko; compatible; bingbot/2.0; +http://www.bing.com/bingbot.htm) Chrome/116.0.1938.76 Safari/537.36"
185.25.35.10 - - [16/Oct/2024:13:27:27 +0000] "GET /robots.txt HTTP/1.1" 500 - "-" "magpie-crawler/1.1 (robots-txt-checker; +http://www.brandwatch.net)"
185.25.35.14 - - [16/Oct/2024:13:27:28 +0000] "GET /viewforum.php?f=31 HTTP/1.1" 500 - "-" "magpie-crawler/1.1 (U; Linux amd64; en-GB; +http://www.brandwatch.net)"
47.128.98.28 - - [16/Oct/2024:13:27:43 +0000] "GET /viewtopic.php?t=450396 HTTP/1.1" 500 - "-" "Mozilla/5.0 (Linux; Android 5.0) AppleWebKit/537.36 (KHTML, like Gecko) Mobile Safari/537.36 (compatible; Bytespider; spider-feedback@bytedance.com)"
185.25.35.12 - - [16/Oct/2024:13:27:53 +0000] "GET /robots.txt HTTP/1.1" 500 - "-" "magpie-crawler/1.1 (robots-txt-checker; +http://www.brandwatch.net)"
185.25.35.15 - - [16/Oct/2024:13:27:54 +0000] "GET /viewforum.php?f=2 HTTP/1.1" 500 - "-" "magpie-crawler/1.1 (U; Linux amd64; en-GB; +http://www.brandwatch.net)"
185.25.35.8 - - [16/Oct/2024:13:28:04 +0000] "GET /robots.txt HTTP/1.1" 500 - "-" "magpie-crawler/1.1 (robots-txt-checker; +http://www.brandwatch.net)"
185.25.35.10 - - [16/Oct/2024:13:28:05 +0000] "GET /viewforum.php?f=8 HTTP/1.1" 500 - "-" "magpie-crawler/1.1 (U; Linux amd64; en-GB; +http://www.brandwatch.net)"
52.167.144.220 - - [16/Oct/2024:13:28:14 +0000] "GET /product/cognomen683007?id=393 HTTP/1.1" 500 - "-" "Mozilla/5.0 AppleWebKit/537.36 (KHTML, like Gecko; compatible; bingbot/2.0; +http://www.bing.com/bingbot.htm) Chrome/116.0.1938.76 Safari/537.36"
52.167.144.220 - - [16/Oct/2024:13:28:15 +0000] "GET /product/polyhydric402860?id=40 HTTP/1.1" 500 - "-" "Mozilla/5.0 AppleWebKit/537.36 (KHTML, like Gecko; compatible; bingbot/2.0; +http://www.bing.com/bingbot.htm) Chrome/116.0.1938.76 Safari/537.36"
52.167.144.220 - - [16/Oct/2024:13:28:15 +0000] "GET /product/doorwise109136?id=61 HTTP/1.1" 500 - "-" "Mozilla/5.0 AppleWebKit/537.36 (KHTML, like Gecko; compatible; bingbot/2.0; +http://www.bing.com/bingbot.htm) Chrome/116.0.1938.76 Safari/537.36"
54.154.40.25 - - [16/Oct/2024:13:28:24 +0000] "GET / HTTP/1.1" 500 - "-" "CLARA/1.7 +http://www.clara.is"
20.171.206.141 - - [16/Oct/2024:13:28:27 +0000] "GET /viewtopic.php?t=20343 HTTP/1.1" 500 - "-" "Mozilla/5.0 AppleWebKit/537.36 (KHTML, like Gecko; compatible; GPTBot/1.0; +https://openai.com/gptbot)"
54.154.40.25 - - [16/Oct/2024:13:28:28 +0000] "GET / HTTP/1.1" 500 - "-" "CLARA/1.7 +http://www.clara.is"
54.154.40.25 - - [16/Oct/2024:13:28:37 +0000] "GET / HTTP/1.1" 500 - "-" "CLARA/1.7 +http://www.clara.is"
185.25.35.9 - - [16/Oct/2024:13:28:45 +0000] "GET /robots.txt HTTP/1.1" 500 - "-" "magpie-crawler/1.1 (robots-txt-checker; +http://www.brandwatch.net)"
185.25.35.14 - - [16/Oct/2024:13:28:46 +0000] "GET /viewforum.php?f=7 HTTP/1.1" 500 - "-" "magpie-crawler/1.1 (U; Linux amd64; en-GB; +http://www.brandwatch.net)"
54.154.40.25 - - [16/Oct/2024:13:28:53 +0000] "GET / HTTP/1.1" 500 - "-" "CLARA/1.7 +http://www.clara.is"
52.167.144.220 - - [16/Oct/2024:13:28:58 +0000] "GET /product/altisonant1606627?id=744 HTTP/1.1" 500 - "-" "Mozilla/5.0 AppleWebKit/537.36 (KHTML, like Gecko; compatible; bingbot/2.0; +http://www.bing.com/bingbot.htm) Chrome/116.0.1938.76 Safari/537.36"
185.25.35.15 - - [16/Oct/2024:13:29:02 +0000] "GET /robots.txt HTTP/1.1" 500 - "-" "magpie-crawler/1.1 (robots-txt-checker; +http://www.brandwatch.net)"
185.25.35.13 - - [16/Oct/2024:13:29:03 +0000] "GET /viewforum.php?f=1 HTTP/1.1" 500 - "-" "magpie-crawler/1.1 (U; Linux amd64; en-GB; +http://www.brandwatch.net)"
185.25.35.11 - - [16/Oct/2024:13:29:13 +0000] "GET /robots.txt HTTP/1.1" 500 - "-" "magpie-crawler/1.1 (robots-txt-checker; +http://www.brandwatch.net)"
185.25.35.8 - - [16/Oct/2024:13:29:14 +0000] "GET /?feed=atom HTTP/1.1" 500 - "-" "magpie-crawler/1.1 (U; Linux amd64; en-GB; +http://www.brandwatch.net)"
54.154.40.25 - - [16/Oct/2024:13:29:25 +0000] "GET / HTTP/1.1" 500 - "-" "CLARA/1.7 +http://www.clara.is"
157.55.39.7 - - [16/Oct/2024:13:29:32 +0000] "GET /sitemap46.xml HTTP/1.1" 500 - "-" "Mozilla/5.0 AppleWebKit/537.36 (KHTML, like Gecko; compatible; bingbot/2.0; +http://www.bing.com/bingbot.htm) Chrome/116.0.1938.76 Safari/537.36"
157.55.39.7 - - [16/Oct/2024:13:29:32 +0000] "GET /sitemap46.xml HTTP/1.1" 500 - "-" "Mozilla/5.0 AppleWebKit/537.36 (KHTML, like Gecko; compatible; bingbot/2.0; +http://www.bing.com/bingbot.htm) Chrome/116.0.1938.76 Safari/537.36"
52.167.144.191 - - [16/Oct/2024:13:29:52 +0000] "GET /product/gyne1523855?id=765 HTTP/1.1" 500 - "-" "Mozilla/5.0 AppleWebKit/537.36 (KHTML, like Gecko; compatible; bingbot/2.0; +http://www.bing.com/bingbot.htm) Chrome/116.0.1938.76 Safari/537.36"
213.180.203.138 - - [16/Oct/2024:13:30:05 +0000] "GET /robots.txt HTTP/1.1" 500 - "-" "Mozilla/5.0 (compatible; YandexBot/3.0; +http://yandex.com/bots)"
52.167.144.192 - - [16/Oct/2024:13:30:09 +0000] "GET /product/mollycoddler146671?id=28 HTTP/1.1" 500 - "-" "Mozilla/5.0 AppleWebKit/537.36 (KHTML, like Gecko; compatible; bingbot/2.0; +http://www.bing.com/bingbot.htm) Chrome/116.0.1938.76 Safari/537.36"
52.167.144.191 - - [16/Oct/2024:13:30:13 +0000] "GET /product/brachiocrural1626017?id=435 HTTP/1.1" 500 - "-" "Mozilla/5.0 AppleWebKit/537.36 (KHTML, like Gecko; compatible; bingbot/2.0; +http://www.bing.com/bingbot.htm) Chrome/116.0.1938.76 Safari/537.36"
5.255.231.78 - - [16/Oct/2024:13:30:19 +0000] "GET /viewtopic.php?t=50200 HTTP/1.1" 500 - "-" "Mozilla/5.0 (compatible; YandexBot/3.0; +http://yandex.com/bots)"
54.154.40.25 - - [16/Oct/2024:13:30:30 +0000] "GET / HTTP/1.1" 500 - "-" "CLARA/1.7 +http://www.clara.is"
114.119.153.246 - - [16/Oct/2024:13:30:33 +0000] "GET /viewtopic.php?p=1868338 HTTP/1.1" 500 - "-" "Mozilla/5.0 (Linux; Android 7.0;) AppleWebKit/537.36 (KHTML, like Gecko) Mobile Safari/537.36 (compatible; PetalBot;+https://webmaster.petalsearch.com/site/petalbot)"
52.167.144.192 - - [16/Oct/2024:13:30:39 +0000] "GET /product/hemoleucocytic1108099?id=933 HTTP/1.1" 500 - "-" "Mozilla/5.0 AppleWebKit/537.36 (KHTML, like Gecko; compatible; bingbot/2.0; +http://www.bing.com/bingbot.htm) Chrome/116.0.1938.76 Safari/537.36"
52.167.144.192 - - [16/Oct/2024:13:30:39 +0000] "GET /product/exocoelom403329?id=594 HTTP/1.1" 500 - "-" "Mozilla/5.0 AppleWebKit/537.36 (KHTML, like Gecko; compatible; bingbot/2.0; +http://www.bing.com/bingbot.htm) Chrome/116.0.1938.76 Safari/537.36"
47.128.120.149 - - [16/Oct/2024:13:31:44 +0000] "GET /viewtopic.php?f=5&t=335642 HTTP/1.1" 500 - "-" "Mozilla/5.0 (Linux; Android 5.0) AppleWebKit/537.36 (KHTML, like Gecko) Mobile Safari/537.36 (compatible; Bytespider; spider-feedback@bytedance.com)"
213.180.203.117 - - [16/Oct/2024:13:32:35 +0000] "GET /arithmetical550859.html HTTP/1.1" 500 - "-" "Mozilla/5.0 (compatible; YandexBot/3.0; +http://yandex.com/bots)"
157.55.39.7 - - [16/Oct/2024:13:33:05 +0000] "GET /product/bedstaff312939?id=460 HTTP/1.1" 500 - "-" "Mozilla/5.0 AppleWebKit/537.36 (KHTML, like Gecko; compatible; bingbot/2.0; +http://www.bing.com/bingbot.htm) Chrome/116.0.1938.76 Safari/537.36"
114.119.132.61 - - [16/Oct/2024:13:33:23 +0000] "GET /viewtopic.php?p=1895064 HTTP/1.1" 500 - "http://94.130.109.221/index.php?topic=3301.30" "Mozilla/5.0 (Linux; Android 7.0;) AppleWebKit/537.36 (KHTML, like Gecko) Mobile Safari/537.36 (compatible; PetalBot;+https://webmaster.petalsearch.com/site/petalbot)"
157.55.39.7 - - [16/Oct/2024:13:34:02 +0000] "GET /product/catamited957631?id=446 HTTP/1.1" 500 - "-" "Mozilla/5.0 AppleWebKit/537.36 (KHTML, like Gecko; compatible; bingbot/2.0; +http://www.bing.com/bingbot.htm) Chrome/116.0.1938.76 Safari/537.36"
157.55.39.11 - - [16/Oct/2024:13:34:32 +0000] "GET /pickup/C603566 HTTP/1.1" 500 - "-" "Mozilla/5.0 AppleWebKit/537.36 (KHTML, like Gecko; compatible; bingbot/2.0; +http://www.bing.com/bingbot.htm) Chrome/116.0.1938.76 Safari/537.36"
52.167.144.192 - - [16/Oct/2024:13:34:40 +0000] "GET /product/endungeon1810487?id=198 HTTP/1.1" 500 - "-" "Mozilla/5.0 AppleWebKit/537.36 (KHTML, like Gecko; compatible; bingbot/2.0; +http://www.bing.com/bingbot.htm) Chrome/116.0.1938.76 Safari/537.36"
168.151.53.206 - - [16/Oct/2024:13:34:49 +0000] "GET /robots.txt HTTP/1.1" 500 - "-" "Mozilla/5.0 (X11; Linux x86_64) AppleWebKit/537.36 (KHTML, like Gecko) Chrome/129.0.0.0 Safari/537.36"
157.55.39.11 - - [16/Oct/2024:13:35:12 +0000] "GET /product/bracteole630193?id=588 HTTP/1.1" 500 - "-" "Mozilla/5.0 AppleWebKit/537.36 (KHTML, like Gecko; compatible; bingbot/2.0; +http://www.bing.com/bingbot.htm) Chrome/116.0.1938.76 Safari/537.36"
157.55.39.11 - - [16/Oct/2024:13:35:12 +0000] "GET /product/hewel1560387?id=67 HTTP/1.1" 500 - "-" "Mozilla/5.0 AppleWebKit/537.36 (KHTML, like Gecko; compatible; bingbot/2.0; +http://www.bing.com/bingbot.htm) Chrome/116.0.1938.76 Safari/537.36"
20.171.206.143 - - [16/Oct/2024:13:35:14 +0000] "GET /robots.txt HTTP/1.1" 500 - "-" "Mozilla/5.0 AppleWebKit/537.36 (KHTML, like Gecko; compatible; GPTBot/1.0; +https://openai.com/gptbot)"
52.167.144.191 - - [16/Oct/2024:13:35:23 +0000] "GET /product/benefaction67344?id=428 HTTP/1.1" 500 - "-" "Mozilla/5.0 AppleWebKit/537.36 (KHTML, like Gecko; compatible; bingbot/2.0; +http://www.bing.com/bingbot.htm) Chrome/116.0.1938.76 Safari/537.36"
157.55.39.11 - - [16/Oct/2024:13:35:42 +0000] "GET /product/serioridiculous176765?id=514 HTTP/1.1" 500 - "-" "Mozilla/5.0 AppleWebKit/537.36 (KHTML, like Gecko; compatible; bingbot/2.0; +http://www.bing.com/bingbot.htm) Chrome/116.0.1938.76 Safari/537.36"
47.128.40.253 - - [16/Oct/2024:13:35:44 +0000] "GET /viewtopic.php?f=5&t=324722 HTTP/1.1" 500 - "-" "Mozilla/5.0 (Linux; Android 5.0) AppleWebKit/537.36 (KHTML, like Gecko) Mobile Safari/537.36 (compatible; Bytespider; spider-feedback@bytedance.com)"
52.167.144.192 - - [16/Oct/2024:13:35:50 +0000] "GET /product/cardiasthenia951147?id=704 HTTP/1.1" 500 - "-" "Mozilla/5.0 AppleWebKit/537.36 (KHTML, like Gecko; compatible; bingbot/2.0; +http://www.bing.com/bingbot.htm) Chrome/116.0.1938.76 Safari/537.36"
114.119.129.113 - - [16/Oct/2024:13:36:04 +0000] "GET /viewtopic.php?p=1863051 HTTP/1.1" 500 - "-" "Mozilla/5.0 (Linux; Android 7.0;) AppleWebKit/537.36 (KHTML, like Gecko) Mobile Safari/537.36 (compatible; PetalBot;+https://webmaster.petalsearch.com/site/petalbot)"
87.250.224.34 - - [16/Oct/2024:13:36:33 +0000] "GET /robots.txt HTTP/1.1" 500 - "-" "Mozilla/5.0 (compatible; YandexBot/3.0; +http://yandex.com/bots)"
157.55.39.11 - - [16/Oct/2024:13:37:03 +0000] "GET /product/cruety1946596?id=25 HTTP/1.1" 500 - "-" "Mozilla/5.0 AppleWebKit/537.36 (KHTML, like Gecko; compatible; bingbot/2.0; +http://www.bing.com/bingbot.htm) Chrome/116.0.1938.76 Safari/537.36"
52.167.144.191 - - [16/Oct/2024:13:37:24 +0000] "GET /product/grammatically1558485?id=55 HTTP/1.1" 500 - "-" "Mozilla/5.0 AppleWebKit/537.36 (KHTML, like Gecko; compatible; bingbot/2.0; +http://www.bing.com/bingbot.htm) Chrome/116.0.1938.76 Safari/537.36"
52.167.144.192 - - [16/Oct/2024:13:38:00 +0000] "GET /pickup/N59345 HTTP/1.1" 500 - "-" "Mozilla/5.0 AppleWebKit/537.36 (KHTML, like Gecko; compatible; bingbot/2.0; +http://www.bing.com/bingbot.htm) Chrome/116.0.1938.76 Safari/537.36"
157.55.39.11 - - [16/Oct/2024:13:38:03 +0000] "GET /product/erigeron574099?id=823 HTTP/1.1" 500 - "-" "Mozilla/5.0 AppleWebKit/537.36 (KHTML, like Gecko; compatible; bingbot/2.0; +http://www.bing.com/bingbot.htm) Chrome/116.0.1938.76 Safari/537.36"
52.167.144.192 - - [16/Oct/2024:13:38:22 +0000] "GET /product/catalyze626283?id=881 HTTP/1.1" 500 - "-" "Mozilla/5.0 AppleWebKit/537.36 (KHTML, like Gecko; compatible; bingbot/2.0; +http://www.bing.com/bingbot.htm) Chrome/116.0.1938.76 Safari/537.36"
52.167.144.167 - - [16/Oct/2024:13:38:23 +0000] "GET /product/helvellales1124221?id=446 HTTP/1.1" 500 - "-" "Mozilla/5.0 AppleWebKit/537.36 (KHTML, like Gecko; compatible; bingbot/2.0; +http://www.bing.com/bingbot.htm) Chrome/116.0.1938.76 Safari/537.36"
52.167.144.167 - - [16/Oct/2024:13:38:54 +0000] "GET /product/allies893670?id=813 HTTP/1.1" 500 - "-" "Mozilla/5.0 AppleWebKit/537.36 (KHTML, like Gecko; compatible; bingbot/2.0; +http://www.bing.com/bingbot.htm) Chrome/116.0.1938.76 Safari/537.36"
157.55.39.11 - - [16/Oct/2024:13:39:03 +0000] "GET /product/forgetting1221218?id=288 HTTP/1.1" 500 - "-" "Mozilla/5.0 AppleWebKit/537.36 (KHTML, like Gecko; compatible; bingbot/2.0; +http://www.bing.com/bingbot.htm) Chrome/116.0.1938.76 Safari/537.36"
185.25.35.14 - - [16/Oct/2024:13:39:14 +0000] "GET /robots.txt HTTP/1.1" 500 - "-" "magpie-crawler/1.1 (robots-txt-checker; +http://www.brandwatch.net)"
185.25.35.15 - - [16/Oct/2024:13:39:16 +0000] "GET /viewforum.php?f=2 HTTP/1.1" 500 - "-" "magpie-crawler/1.1 (U; Linux amd64; en-GB; +http://www.brandwatch.net)"
47.128.55.71 - - [16/Oct/2024:13:39:44 +0000] "GET /viewtopic.php?f=5&t=304553 HTTP/1.1" 500 - "-" "Mozilla/5.0 (Linux; Android 5.0) AppleWebKit/537.36 (KHTML, like Gecko) Mobile Safari/537.36 (compatible; Bytespider; spider-feedback@bytedance.com)"
52.167.144.167 - - [16/Oct/2024:13:39:54 +0000] "GET /product/bab601066?id=995 HTTP/1.1" 500 - "-" "Mozilla/5.0 AppleWebKit/537.36 (KHTML, like Gecko; compatible; bingbot/2.0; +http://www.bing.com/bingbot.htm) Chrome/116.0.1938.76 Safari/537.36"
52.167.144.167 - - [16/Oct/2024:13:39:54 +0000] "GET /product/compartmental673443?id=519 HTTP/1.1" 500 - "-" "Mozilla/5.0 AppleWebKit/537.36 (KHTML, like Gecko; compatible; bingbot/2.0; +http://www.bing.com/bingbot.htm) Chrome/116.0.1938.76 Safari/537.36"
157.55.39.11 - - [16/Oct/2024:13:40:15 +0000] "GET /product/indisciplinable381303?id=742 HTTP/1.1" 500 - "-" "Mozilla/5.0 AppleWebKit/537.36 (KHTML, like Gecko; compatible; bingbot/2.0; +http://www.bing.com/bingbot.htm) Chrome/116.0.1938.76 Safari/537.36"
157.55.39.11 - - [16/Oct/2024:13:40:16 +0000] "GET /product/limnophilidae1381595?id=111 HTTP/1.1" 500 - "-" "Mozilla/5.0 AppleWebKit/537.36 (KHTML, like Gecko; compatible; bingbot/2.0; +http://www.bing.com/bingbot.htm) Chrome/116.0.1938.76 Safari/537.36"
52.167.144.192 - - [16/Oct/2024:13:40:20 +0000] "GET /product/antiethnic1381873?id=757 HTTP/1.1" 500 - "-" "Mozilla/5.0 AppleWebKit/537.36 (KHTML, like Gecko; compatible; bingbot/2.0; +http://www.bing.com/bingbot.htm) Chrome/116.0.1938.76 Safari/537.36"
114.119.139.183 - - [16/Oct/2024:13:41:14 +0000] "GET /viewtopic.php?p=1874693 HTTP/1.1" 500 - "-" "Mozilla/5.0 (Linux; Android 7.0;) AppleWebKit/537.36 (KHTML, like Gecko) Mobile Safari/537.36 (compatible; PetalBot;+https://webmaster.petalsearch.com/site/petalbot)"
114.119.130.18 - - [16/Oct/2024:13:41:34 +0000] "GET /viewtopic.php?p=1859542 HTTP/1.1" 500 - "http://www.onfeetnation.com/profiles/blogs/88vah6p3uapgvwnr" "Mozilla/5.0 (Linux; Android 7.0;) AppleWebKit/537.36 (KHTML, like Gecko) Mobile Safari/537.36 (compatible; PetalBot;+https://webmaster.petalsearch.com/site/petalbot)"
157.55.39.11 - - [16/Oct/2024:13:42:23 +0000] "GET /product/crematory1589338?id=63 HTTP/1.1" 500 - "-" "Mozilla/5.0 AppleWebKit/537.36 (KHTML, like Gecko; compatible; bingbot/2.0; +http://www.bing.com/bingbot.htm) Chrome/116.0.1938.76 Safari/537.36"
40.77.167.65 - - [16/Oct/2024:13:42:40 +0000] "GET /product/metaphysis1687639?id=280 HTTP/1.1" 500 - "-" "Mozilla/5.0 AppleWebKit/537.36 (KHTML, like Gecko; compatible; bingbot/2.0; +http://www.bing.com/bingbot.htm) Chrome/116.0.1938.76 Safari/537.36"
40.77.167.65 - - [16/Oct/2024:13:42:50 +0000] "GET /product/adrip815656?id=941 HTTP/1.1" 500 - "-" "Mozilla/5.0 AppleWebKit/537.36 (KHTML, like Gecko; compatible; bingbot/2.0; +http://www.bing.com/bingbot.htm) Chrome/116.0.1938.76 Safari/537.36"
40.77.167.65 - - [16/Oct/2024:13:42:50 +0000] "GET /product/hydrometeor1738699?id=820 HTTP/1.1" 500 - "-" "Mozilla/5.0 AppleWebKit/537.36 (KHTML, like Gecko; compatible; bingbot/2.0; +http://www.bing.com/bingbot.htm) Chrome/116.0.1938.76 Safari/537.36"
40.77.167.65 - - [16/Oct/2024:13:42:50 +0000] "GET /product/attacker793558?id=788 HTTP/1.1" 500 - "-" "Mozilla/5.0 AppleWebKit/537.36 (KHTML, like Gecko; compatible; bingbot/2.0; +http://www.bing.com/bingbot.htm) Chrome/116.0.1938.76 Safari/537.36"
185.25.35.9 - - [16/Oct/2024:13:43:00 +0000] "GET /robots.txt HTTP/1.1" 500 - "-" "magpie-crawler/1.1 (robots-txt-checker; +http://www.brandwatch.net)"
185.25.35.13 - - [16/Oct/2024:13:43:01 +0000] "GET /viewforum.php?f=3 HTTP/1.1" 500 - "-" "magpie-crawler/1.1 (U; Linux amd64; en-GB; +http://www.brandwatch.net)"
157.55.39.11 - - [16/Oct/2024:13:43:13 +0000] "GET /product/galeated349018?id=459 HTTP/1.1" 500 - "-" "Mozilla/5.0 AppleWebKit/537.36 (KHTML, like Gecko; compatible; bingbot/2.0; +http://www.bing.com/bingbot.htm) Chrome/116.0.1938.76 Safari/537.36"
157.55.39.11 - - [16/Oct/2024:13:43:14 +0000] "GET /product/climber1939001?id=507 HTTP/1.1" 500 - "-" "Mozilla/5.0 AppleWebKit/537.36 (KHTML, like Gecko; compatible; bingbot/2.0; +http://www.bing.com/bingbot.htm) Chrome/116.0.1938.76 Safari/537.36"
185.25.35.13 - - [16/Oct/2024:13:43:34 +0000] "GET /robots.txt HTTP/1.1" 500 - "-" "magpie-crawler/1.1 (robots-txt-checker; +http://www.brandwatch.net)"
185.25.35.8 - - [16/Oct/2024:13:43:35 +0000] "GET /viewforum.php?f=10 HTTP/1.1" 500 - "-" "magpie-crawler/1.1 (U; Linux amd64; en-GB; +http://www.brandwatch.net)"
157.55.39.11 - - [16/Oct/2024:13:43:43 +0000] "GET /product/guarani179262?id=598 HTTP/1.1" 500 - "-" "Mozilla/5.0 AppleWebKit/537.36 (KHTML, like Gecko; compatible; bingbot/2.0; +http://www.bing.com/bingbot.htm) Chrome/116.0.1938.76 Safari/537.36"
185.25.35.10 - - [16/Oct/2024:13:43:53 +0000] "GET /robots.txt HTTP/1.1" 500 - "-" "magpie-crawler/1.1 (robots-txt-checker; +http://www.brandwatch.net)"
185.25.35.8 - - [16/Oct/2024:13:43:53 +0000] "GET /viewforum.php?f=5 HTTP/1.1" 500 - "-" "magpie-crawler/1.1 (U; Linux amd64; en-GB; +http://www.brandwatch.net)"
52.167.144.167 - - [16/Oct/2024:13:44:04 +0000] "GET /product/homonymic1557042?id=16 HTTP/1.1" 500 - "-" "Mozilla/5.0 AppleWebKit/537.36 (KHTML, like Gecko; compatible; bingbot/2.0; +http://www.bing.com/bingbot.htm) Chrome/116.0.1938.76 Safari/537.36"
40.77.167.65 - - [16/Oct/2024:13:44:12 +0000] "GET /product/heterologic270673?id=392 HTTP/1.1" 500 - "-" "Mozilla/5.0 AppleWebKit/537.36 (KHTML, like Gecko; compatible; bingbot/2.0; +http://www.bing.com/bingbot.htm) Chrome/116.0.1938.76 Safari/537.36"
40.77.167.65 - - [16/Oct/2024:13:44:13 +0000] "GET /product/battlesome142079?id=956 HTTP/1.1" 500 - "-" "Mozilla/5.0 AppleWebKit/537.36 (KHTML, like Gecko; compatible; bingbot/2.0; +http://www.bing.com/bingbot.htm) Chrome/116.0.1938.76 Safari/537.36"
157.55.39.11 - - [16/Oct/2024:13:44:13 +0000] "GET /product/hammersmith636879?id=483 HTTP/1.1" 500 - "-" "Mozilla/5.0 AppleWebKit/537.36 (KHTML, like Gecko; compatible; bingbot/2.0; +http://www.bing.com/bingbot.htm) Chrome/116.0.1938.76 Safari/537.36"
47.128.53.140 - - [16/Oct/2024:13:44:13 +0000] "GET /viewtopic.php?f=5&p=1635046&t=241336 HTTP/1.1" 500 - "-" "Mozilla/5.0 (Linux; Android 5.0) AppleWebKit/537.36 (KHTML, like Gecko) Mobile Safari/537.36 (compatible; Bytespider; spider-feedback@bytedance.com)"
40.77.167.65 - - [16/Oct/2024:13:44:32 +0000] "GET /product/dittay1041172?id=808 HTTP/1.1" 500 - "-" "Mozilla/5.0 AppleWebKit/537.36 (KHTML, like Gecko; compatible; bingbot/2.0; +http://www.bing.com/bingbot.htm) Chrome/116.0.1938.76 Safari/537.36"
52.167.144.167 - - [16/Oct/2024:13:44:34 +0000] "GET /product/ewery1892554?id=268 HTTP/1.1" 500 - "-" "Mozilla/5.0 AppleWebKit/537.36 (KHTML, like Gecko; compatible; bingbot/2.0; +http://www.bing.com/bingbot.htm) Chrome/116.0.1938.76 Safari/537.36"
157.55.39.11 - - [16/Oct/2024:13:44:53 +0000] "GET /product/humeroulnar1332773?id=109 HTTP/1.1" 500 - "-" "Mozilla/5.0 AppleWebKit/537.36 (KHTML, like Gecko; compatible; bingbot/2.0; +http://www.bing.com/bingbot.htm) Chrome/116.0.1938.76 Safari/537.36"
40.77.167.65 - - [16/Oct/2024:13:45:21 +0000] "GET /product/autoboating57164?id=907 HTTP/1.1" 500 - "-" "Mozilla/5.0 AppleWebKit/537.36 (KHTML, like Gecko; compatible; bingbot/2.0; +http://www.bing.com/bingbot.htm) Chrome/116.0.1938.76 Safari/537.36"
52.167.144.167 - - [16/Oct/2024:13:45:24 +0000] "GET /product/aporosa1301083?id=976 HTTP/1.1" 500 - "-" "Mozilla/5.0 AppleWebKit/537.36 (KHTML, like Gecko; compatible; bingbot/2.0; +http://www.bing.com/bingbot.htm) Chrome/116.0.1938.76 Safari/537.36"
213.180.203.98 - - [16/Oct/2024:13:45:38 +0000] "GET /robots.txt HTTP/1.1" 500 - "-" "Mozilla/5.0 (compatible; YandexBot/3.0; +http://yandex.com/bots)"
52.167.144.167 - - [16/Oct/2024:13:46:06 +0000] "GET /product/aconitia332477?id=18 HTTP/1.1" 500 - "-" "Mozilla/5.0 AppleWebKit/537.36 (KHTML, like Gecko; compatible; bingbot/2.0; +http://www.bing.com/bingbot.htm) Chrome/116.0.1938.76 Safari/537.36"
52.167.144.167 - - [16/Oct/2024:13:46:06 +0000] "GET /product/cabinet680432?id=819 HTTP/1.1" 500 - "-" "Mozilla/5.0 AppleWebKit/537.36 (KHTML, like Gecko; compatible; bingbot/2.0; +http://www.bing.com/bingbot.htm) Chrome/116.0.1938.76 Safari/537.36"
40.77.167.65 - - [16/Oct/2024:13:46:33 +0000] "GET /product/everlastingness106240?id=59 HTTP/1.1" 500 - "-" "Mozilla/5.0 AppleWebKit/537.36 (KHTML, like Gecko; compatible; bingbot/2.0; +http://www.bing.com/bingbot.htm) Chrome/116.0.1938.76 Safari/537.36"
207.46.13.78 - - [16/Oct/2024:13:46:43 +0000] "GET /product/aristotype907296?id=598 HTTP/1.1" 500 - "-" "Mozilla/5.0 AppleWebKit/537.36 (KHTML, like Gecko; compatible; bingbot/2.0; +http://www.bing.com/bingbot.htm) Chrome/116.0.1938.76 Safari/537.36"
52.167.144.167 - - [16/Oct/2024:13:46:54 +0000] "GET /product/rectitis1341598?id=759 HTTP/1.1" 500 - "-" "Mozilla/5.0 AppleWebKit/537.36 (KHTML, like Gecko; compatible; bingbot/2.0; +http://www.bing.com/bingbot.htm) Chrome/116.0.1938.76 Safari/537.36"
52.167.144.167 - - [16/Oct/2024:13:46:54 +0000] "GET /product/crystallizability62732?id=827 HTTP/1.1" 500 - "-" "Mozilla/5.0 AppleWebKit/537.36 (KHTML, like Gecko; compatible; bingbot/2.0; +http://www.bing.com/bingbot.htm) Chrome/116.0.1938.76 Safari/537.36"
114.119.157.158 - - [16/Oct/2024:13:47:05 +0000] "GET /viewtopic.php?p=1858560 HTTP/1.1" 500 - "-" "Mozilla/5.0 (Linux; Android 7.0;) AppleWebKit/537.36 (KHTML, like Gecko) Mobile Safari/537.36 (compatible; PetalBot;+https://webmaster.petalsearch.com/site/petalbot)"
207.46.13.78 - - [16/Oct/2024:13:47:34 +0000] "GET /product/inteind661758?id=612 HTTP/1.1" 500 - "-" "Mozilla/5.0 AppleWebKit/537.36 (KHTML, like Gecko; compatible; bingbot/2.0; +http://www.bing.com/bingbot.htm) Chrome/116.0.1938.76 Safari/537.36"
185.25.35.13 - - [16/Oct/2024:13:48:08 +0000] "GET /robots.txt HTTP/1.1" 500 - "-" "magpie-crawler/1.1 (robots-txt-checker; +http://www.brandwatch.net)"
185.25.35.14 - - [16/Oct/2024:13:48:09 +0000] "GET /viewforum.php?f=33 HTTP/1.1" 500 - "-" "magpie-crawler/1.1 (U; Linux amd64; en-GB; +http://www.brandwatch.net)"
185.25.35.9 - - [16/Oct/2024:13:48:32 +0000] "GET /robots.txt HTTP/1.1" 500 - "-" "magpie-crawler/1.1 (robots-txt-checker; +http://www.brandwatch.net)"
185.25.35.10 - - [16/Oct/2024:13:48:32 +0000] "GET /viewforum.php?f=31 HTTP/1.1" 500 - "-" "magpie-crawler/1.1 (U; Linux amd64; en-GB; +http://www.brandwatch.net)"
185.25.35.8 - - [16/Oct/2024:13:48:44 +0000] "GET /robots.txt HTTP/1.1" 500 - "-" "magpie-crawler/1.1 (robots-txt-checker; +http://www.brandwatch.net)"
185.25.35.12 - - [16/Oct/2024:13:48:44 +0000] "GET /viewforum.php?f=31 HTTP/1.1" 500 - "-" "magpie-crawler/1.1 (U; Linux amd64; en-GB; +http://www.brandwatch.net)"
207.46.13.78 - - [16/Oct/2024:13:49:04 +0000] "GET /product/aminopurine1310796?id=966 HTTP/1.1" 500 - "-" "Mozilla/5.0 AppleWebKit/537.36 (KHTML, like Gecko; compatible; bingbot/2.0; +http://www.bing.com/bingbot.htm) Chrome/116.0.1938.76 Safari/537.36"
114.119.149.1 - - [16/Oct/2024:13:49:04 +0000] "GET /viewtopic.php?p=1841041 HTTP/1.1" 500 - "-" "Mozilla/5.0 (Linux; Android 7.0;) AppleWebKit/537.36 (KHTML, like Gecko) Mobile Safari/537.36 (compatible; PetalBot;+https://webmaster.petalsearch.com/site/petalbot)"
185.25.35.10 - - [16/Oct/2024:13:49:05 +0000] "GET /robots.txt HTTP/1.1" 500 - "-" "magpie-crawler/1.1 (robots-txt-checker; +http://www.brandwatch.net)"
185.25.35.12 - - [16/Oct/2024:13:49:05 +0000] "GET /viewforum.php?f=2 HTTP/1.1" 500 - "-" "magpie-crawler/1.1 (U; Linux amd64; en-GB; +http://www.brandwatch.net)"
185.25.35.15 - - [16/Oct/2024:13:49:15 +0000] "GET /robots.txt HTTP/1.1" 500 - "-" "magpie-crawler/1.1 (robots-txt-checker; +http://www.brandwatch.net)"
185.25.35.10 - - [16/Oct/2024:13:49:16 +0000] "GET /viewforum.php?f=8 HTTP/1.1" 500 - "-" "magpie-crawler/1.1 (U; Linux amd64; en-GB; +http://www.brandwatch.net)"
185.25.35.9 - - [16/Oct/2024:13:49:52 +0000] "GET /robots.txt HTTP/1.1" 500 - "-" "magpie-crawler/1.1 (robots-txt-checker; +http://www.brandwatch.net)"
185.25.35.12 - - [16/Oct/2024:13:49:52 +0000] "GET /viewforum.php?f=7 HTTP/1.1" 500 - "-" "magpie-crawler/1.1 (U; Linux amd64; en-GB; +http://www.brandwatch.net)"
185.25.35.8 - - [16/Oct/2024:13:50:06 +0000] "GET /robots.txt HTTP/1.1" 500 - "-" "magpie-crawler/1.1 (robots-txt-checker; +http://www.brandwatch.net)"
185.25.35.11 - - [16/Oct/2024:13:50:07 +0000] "GET /viewforum.php?f=1 HTTP/1.1" 500 - "-" "magpie-crawler/1.1 (U; Linux amd64; en-GB; +http://www.brandwatch.net)"
185.25.35.15 - - [16/Oct/2024:13:50:17 +0000] "GET /robots.txt HTTP/1.1" 500 - "-" "magpie-crawler/1.1 (robots-txt-checker; +http://www.brandwatch.net)"
185.25.35.14 - - [16/Oct/2024:13:50:17 +0000] "GET /?feed=atom HTTP/1.1" 500 - "-" "magpie-crawler/1.1 (U; Linux amd64; en-GB; +http://www.brandwatch.net)"
207.46.13.78 - - [16/Oct/2024:13:50:44 +0000] "GET /product/hyrax1079682?id=814 HTTP/1.1" 500 - "-" "Mozilla/5.0 AppleWebKit/537.36 (KHTML, like Gecko; compatible; bingbot/2.0; +http://www.bing.com/bingbot.htm) Chrome/116.0.1938.76 Safari/537.36"
213.180.203.119 - - [16/Oct/2024:13:50:51 +0000] "GET /q/T4335 HTTP/1.1" 500 - "-" "Mozilla/5.0 (compatible; YandexBot/3.0; +http://yandex.com/bots)"
52.167.144.191 - - [16/Oct/2024:13:51:18 +0000] "GET /product/marplot961853?id=997 HTTP/1.1" 500 - "-" "Mozilla/5.0 AppleWebKit/537.36 (KHTML, like Gecko; compatible; bingbot/2.0; +http://www.bing.com/bingbot.htm) Chrome/116.0.1938.76 Safari/537.36"
52.167.144.191 - - [16/Oct/2024:13:51:45 +0000] "GET /product/blennadenitis159377?id=674 HTTP/1.1" 500 - "-" "Mozilla/5.0 AppleWebKit/537.36 (KHTML, like Gecko; compatible; bingbot/2.0; +http://www.bing.com/bingbot.htm) Chrome/116.0.1938.76 Safari/537.36"
